{"id":1069,"date":"2016-09-29T22:43:47","date_gmt":"2016-09-29T20:43:47","guid":{"rendered":"http:\/\/www.gemeinde-untermarchtal.de\/?page_id=1069"},"modified":"2018-07-21T21:06:57","modified_gmt":"2018-07-21T19:06:57","slug":"neubau-donauviadukt-januar-2012","status":"publish","type":"page","link":"https:\/\/www.gemeinde-untermarchtal.de\/index.php\/neubau-donauviadukt-januar-2012\/","title":{"rendered":"Neubau Donauviadukt - Januar 2012"},"content":{"rendered":"<h2>Die Geschichte des Br\u00fcckenbaus in Untermarchtal<\/h2>\r\n<h4>Historischer R\u00fcckblick<\/h4>\r\n<p>Untermarchtal als steter Donau-\u00dcbergang mit Br\u00fcckenbau in der Talenge \u00fcber den Fluss. Zur\u00fcckgehend bis in die Zeit der R\u00f6merherrschaft vor \u00fcber 2000 Jahren war die Besiedlung von der Donau an der Stelle des Dorfes Untermarchtal abh\u00e4ngig und pr\u00e4gend. Aus dieser Zeit vor der nachweislichen Besiedlung und erstmaligen urkundlichen Best\u00e4tigung von Untermarchtal im Jahre 1267 war etwa an der Stelle der heutigen Ortsdonaubr\u00fccke eine sogenannte &#8222;Furt&#8220; zum Zwecke der\u00a0\u00dcberquerung des Flusses vorhanden. Geringe, sichtbare Reste dieser Furt sind noch feststellbar. In der Zeit des Mittelalters begann die Zeit vom Bau der Donaubr\u00fccken im Dorf Untermarchtal. Diese Holzbr\u00fccken widerstanden dann oft den gewaltigen und verheerenden Hochw\u00e4sser nur kurze Zeit. Sie wurden dann wieder und wieder neu erstellt. Von Holznotbr\u00fccken wurde nachweislich ab 1843 berichtet. Interessant auch, dass ab dem Jahre 1851 die Erhebung von Br\u00fcckenzoll nach dem Aussterben der Ortsadelsfamilie von Speth der Br\u00fcckenzoll nicht mehr erhoben wurde. 1855 und 1857 mussten jedesmal Notbr\u00fccken oder Behelfsbr\u00fccken wegen vernichtendem Hochwasser von der Gemeinde erbaut werden. Erst im Jahre 1898 wurde eine stabile Stahlfachbr\u00fccke unter der Planung von Oberamtsbaumeister Josef Buck aus Ehingen gebaut. Ortsb\u00fcrgermeister war damals Josef Vogelsang. Leider erfuhr diese stabile Br\u00fccke durch die Sprengung deutscher Pioniere am Ende des 2. Weltkrieg ein kl\u00e4gliches Ende.<\/p>\r\n\r\n\r\n<div id=\"attachment_1094\" style=\"width: 770px\" class=\"wp-caption alignnone\"><img loading=\"lazy\" decoding=\"async\" aria-describedby=\"caption-attachment-1094\" class=\"wp-image-1094 size-full\" src=\"https:\/\/www.gemeinde-untermarchtal.de\/bilder\/Donauviadukt_Neubau_Januar_2012_Aqua1.jpg\" alt=\"donauviadukt_neubau_januar_2012_aqua1\" width=\"760\" height=\"561\" \/><p id=\"caption-attachment-1094\" class=\"wp-caption-text\">Helmut Winter 1947 - Untermarchtal vom Denket-Felsen - ohne Donauviadukt<\/p><\/div>\r\n\r\n<div id=\"attachment_1095\" style=\"width: 770px\" class=\"wp-caption alignnone\"><img loading=\"lazy\" decoding=\"async\" aria-describedby=\"caption-attachment-1095\" class=\"wp-image-1095 size-full\" src=\"https:\/\/www.gemeinde-untermarchtal.de\/bilder\/Donauviadukt_Neubau_Januar_2012_Aqua2.jpg\" alt=\"donauviadukt_neubau_januar_2012_aqua2\" width=\"760\" height=\"496\" \/><p id=\"caption-attachment-1095\" class=\"wp-caption-text\">Helmut Winter 1950 - Untermarchtal - Ansicht aus Westen - ohne Donauviadukt<\/p><\/div>\r\n\r\n<h4>Jetzt 70 Jahre Br\u00fcckenbaugeschichte<\/h4>\r\n<p>Dass Untermarchtal schlechthin das &#8222;Br\u00fcckerbaudorf an der Donau&#8220; war und ist, wird jetzt 70 Jahre nachgewiesen. Die erw\u00e4hnte und gesprengte Donaubr\u00fccke vom Jahre 1945 wurde in den Sommermonaten jenes Jahres durch eine &#8222;Holznotbr\u00fccke&#8220; durch die franz\u00f6sische Besatzungsmacht und deutschen Fachkr\u00e4ften erstellt. Diese Br\u00fccke hatte 14 Holzjochst\u00e4nder im Flussbett, war nur mit einer einspurigen Fahrbahn ausgestattet und Widerstand mehrmals nach Vollsperrung f\u00fcr den Verkehr\u00a0nur mit Not mehrere Hochw\u00e4sser der Donau. Angeschwemmtes Material r\u00fcttelte oft mit den Wassermassen bedenklich am Bauwerk. Das Jahr 1952 beendete dann diesen Notzustand. Von Mai bis Oktober 1952 wurde diese Holzbr\u00fccke durch eine neue Stahltr\u00e4gerbr\u00fccke ersetzt. Nach der Verkehrs\u00fcbergabe dieser neuen, zweispurigen Br\u00fccke mit 16 Tonnen Tragf\u00e4higkeit wurde die paralell verlaufende Holznotbr\u00fccke abgerissen. Ein f\u00fcr den jetzt gewachsenen Verkehr erl\u00f6sender Zustand der durch das Dorf f\u00fchrenden Bundesstra\u00dfe 311. Gleichfalls wurde der Bau des Donautalviadukts am 4. Februar 1952 &#8222;nach der Schneeschmelze&#8220; wie es im Bautagebuch hie\u00df, begonnen. Nach 22 monatiger Bauzeit und einer 3 monatiger Bauzeitunterbrechung von Dezember 1952 bis Ende Februar 1953 wegen starker Wintereinfl\u00fcsse, K\u00e4lte und Hochwasser, wurde das 375 Meter lange neue Donautalviadukt am 20. November 1953 eingeweiht und dem Verkehr der B 311 \u00fcbergeben. Damals durfte die neue Br\u00fccke den Titel &#8222;l\u00e4ngste Spannbetonbr\u00fccke Europas&#8220; tragen. Der Stra\u00dfenverkehr durch Untermarchtal bekam dadurch eine riesen Entlastung. Den Planern und Erbauern dieser gro\u00dfen Br\u00fccke sei noch heute nachtr\u00e4glicher Dank gesagt. B\u00fcrgermeister von Untermarchtal war Helmut Winter.<\/p>\r\n\r\n<div id=\"attachment_1097\" style=\"width: 770px\" class=\"wp-caption alignnone\"><img loading=\"lazy\" decoding=\"async\" aria-describedby=\"caption-attachment-1097\" class=\"wp-image-1097 size-full\" src=\"https:\/\/www.gemeinde-untermarchtal.de\/bilder\/Donauviadukt_Neubau_Januar_2012_Rot.jpg\" alt=\"donauviadukt_neubau_januar_2012_rot\" width=\"760\" height=\"507\" \/><p id=\"caption-attachment-1097\" class=\"wp-caption-text\">Das alte Donauviadukt mit rotem LKW oben und rotem Schienenbus unten.<\/p><\/div>\r\n\r\n&nbsp;\r\n\r\n<div id=\"attachment_1096\" style=\"width: 770px\" class=\"wp-caption alignnone\"><img loading=\"lazy\" decoding=\"async\" aria-describedby=\"caption-attachment-1096\" class=\"wp-image-1096 size-full\" src=\"https:\/\/www.gemeinde-untermarchtal.de\/bilder\/Donauviadukt_Neubau_Januar_2012_Plan.jpg\" alt=\"donauviadukt_neubau_januar_2012_plan\" width=\"760\" height=\"241\" \/><p id=\"caption-attachment-1096\" class=\"wp-caption-text\">Der \u00dcbersichtsplan des neuen Bauwerks - Neues Donauviadukt<\/p><\/div>\r\n\r\n<h4>Das Viadukt von 1953 und jetziger Neubau bis zum Jahr 2011<\/h4>\r\n<p>Die Auflistung der zerst\u00f6rten, nicht mehr dem wachsenden Stra\u00dfenverkehr gewichenen Br\u00fccken in Untermarchtal<\/p>\r\n\r\n<ul>\r\n<li>1945: Sprengung der Br\u00fccke von 1898. Gleichzeitig Bau einer Holznotbr\u00fccke.<\/li>\r\n<li>1952: Neubau der Ortsdonaubr\u00fccke und anschlie\u00dfend Abriss der Behelfsbr\u00fccke aus Holz.\r\n<li>1952\/53: Neubau des Donautal-Viadukts mit Baubeginn am 4. Februar 1952 &#8222;nach der Schneeschmelze&#8220; im Zuge der B 311.<\/li>\r\n<li>2007\/08: Abriss der Ortsdonaubr\u00fccke von 1952 und dann an gleicher Stelle Neubau einer neuen Betonbr\u00fccke auf zwei Flusspfeiler.<\/li>\r\n<li>ab 2011: Am 15. November Spatenstich f\u00fcr den Neubau eines neuen Donautal-Viadukts unmittelbar neben dem bestehenden Viadukt stromaufw\u00e4rts.<\/li>\r\n<\/ul>\r\n\r\n<p>Nach Auskunft des Regierungspr\u00e4sidiums T\u00fcbingen mit Dienstsitz Ehingen Abteilung Stra\u00dfenbau von Hartmut Geiger und Wilhelm Striebel sind die Arbeiten an der &#8222;Winterbaustelle&#8220; vor Weihnachten 2011 angelaufen. Winterhochwasser st\u00f6rte teilweise den Fortgang der Arbeiten. Vorwiegend waren im Januar 2012 die Spezialfirma f\u00fcr Grundbau, Keller aus Renchen\/Baden mit einem riesigen Raupenger\u00e4t besch\u00e4ftigt. Mit Elektro-Hydraulikantrieb werden R\u00fcttelstopfpf\u00e4hle mit Schotter und Kies bis zu 9 Meter in den Untergrund im Donautal und in die Steilb\u00f6schungen sowie am Dammfu\u00df eingebracht. Dieses Gel\u00e4nde wird dann beim Br\u00fcckenbau als Widerlager Richtung Riedlingen verwendet. Diese wichtige Baugrundverbesserung wird also mit sogenannten &#8222;Schotterr\u00fcttels\u00e4ulen&#8220; ausgestattet. Die Baufachleute finden dann mit ihren Maschinen im Untergrund Lehmschichten, Kies und Fels vor. Fester Fundamentsgrund mit Bodenverbindung ist das Wichtigste beim Br\u00fcckenneubau im Donautal. Gleiche Ma\u00dfnahmen sind dann ebenfalls im Untergrund des Widerlager Richtung Ehingen notwendig. Als n\u00e4chste Arbeit steht der Bau einer Stellwand an. Diese wird mit Beton besonders an den Stellen des Br\u00fcckenwiderlagers r\u00fcckverankert. Auf der &#8222;Ehinger Seite&#8220; des Viadukts bei den Widerlagern ist ein &#8222;Taktkeller&#8220; vorgesehen. Jetzt in den Wintermonaten sind alle Arbeiten witterungsabh\u00e4ngig. Mitte Januar 2012 waren die Arbeiten auch in den N\u00e4chten m\u00f6glich. Die Arbeiter waren mit dem Raupenger\u00e4t zum Bohren der R\u00fcttelstopfpf\u00e4hle im Talgrund t\u00e4tig. An beidseitigen Stra\u00dfenanschl\u00fcssen des Br\u00fcckenneubaus ist die Firma Kirchhoff mit schweren Raupenbagger, Radlager und weiterm Stra\u00dfenbauger\u00e4t vor Ort.<\/p>\r\n\r\n<p>F\u00fcr den eigentlichen Br\u00fcckenbau wird ab Fr\u00fchjahr 2012 das Bauunternehmen Schmid aus Baltringen Kreis Biberach zust\u00e4ndig sein. Der Br\u00fccken\u00fcberbau wird im &#8222;Taktschiebeverfahren&#8220; hergestellt. Die neue Br\u00fccke wird mit 365 Meter L\u00e4nge fast gleich lang wie die bestehende Br\u00fccke, hat eine Fahrbahnbreite von 8.60 Meter und eine Bauwerksgesamtbreite von 11.70 Meter. Herstellungsweise ist Spannbeton, die Br\u00fccke steht auf 4 Pfeilern und wird sich nach aller Art der Umweltpr\u00fcfung so gut wie das bestehenden Bauwerk in die sensible Landschaft des Donautals einf\u00fcgen. Die neue Br\u00fccke wird in der Achsenmitte von der jetzigen Br\u00fccke etwa 15 Meter entfernt sein. Das alte Viadukt wird nach dem Neubau abgerissen. Nur die Widerlager bleiben aus Gr\u00fcnden des Natur- und Vogelschutzes erhalten.<\/p>\r\n\r\n<p><strong>Bauzeit und einige Zahlen aus der &#8222;Verkehrsstatistik&#8220; des Viadukts:<\/strong>\r\nDie Bauzeit wird von Baufachleuten auf mindestens zwei Jahren gerechnet. Einschlie\u00dflich der Stra\u00dfenbauma\u00dfnahmen f\u00fcr den Anschluss an die B 311 entstehen Baukosten von rund 12 Millionen Euro. Die neue zweispurige Br\u00fccke soll in den kommenden Jahrzehnten mindestens 260 Millionen Fahrzeuge aushalten. Bis jetzt rollten \u00fcber die bestehende Br\u00fccke etwa 125 Millionen Fahrzeuge. Momentan fahren t\u00e4glich rund 11 000 Autos und LKWs \u00fcber die Br\u00fccke.<\/p>\r\n\r\n<p><strong>60 Jahre Bundesland Baden-W\u00fcrttemberg:<\/strong>\r\nAus diesem Anlass soll nach Auskunft von Hartmut Geiger vom Regierungspr\u00e4sidium in den Sommermonaten 2012 an der Br\u00fcckenbaustelle ein Jubil\u00e4ums-Event mit einem Workshop stattfinden. Es soll das Br\u00fcckenbauwerk erkl\u00e4rt werden. Der Termin daf\u00fcr steht noch nicht fest.<\/p>\r\n","protected":false},"excerpt":{"rendered":"<p>Die Geschichte des Br\u00fcckenbaus in Untermarchtal Historischer R\u00fcckblick Untermarchtal als steter Donau-\u00dcbergang mit Br\u00fcckenbau in der Talenge \u00fcber den Fluss. Zur\u00fcckgehend bis in die Zeit der R\u00f6merherrschaft vor \u00fcber 2000 Jahren war die Besiedlung von der Donau an der Stelle des Dorfes Untermarchtal abh\u00e4ngig und pr\u00e4gend. Aus dieser Zeit vor der nachweislichen Besiedlung und erstmaligen [&hellip;]<\/p>\n","protected":false},"author":1,"featured_media":0,"parent":0,"menu_order":0,"comment_status":"closed","ping_status":"closed","template":"page-templates\/_template_aktuelle_beitraege.php","meta":{"_acf_changed":false,"footnotes":""},"class_list":["post-1069","page","type-page","status-publish","hentry"],"acf":[],"yoast_head":"<!-- This site is optimized with the Yoast SEO plugin v26.7 - https:\/\/yoast.com\/wordpress\/plugins\/seo\/ -->\n<title>Neubau Donauviadukt - Januar 2012 - Gemeinde Untermarchtal<\/title>\n<meta name=\"robots\" content=\"index, follow, max-snippet:-1, max-image-preview:large, max-video-preview:-1\" \/>\n<link rel=\"canonical\" href=\"https:\/\/www.gemeinde-untermarchtal.de\/index.php\/neubau-donauviadukt-januar-2012\/\" \/>\n<meta property=\"og:locale\" content=\"de_DE\" \/>\n<meta property=\"og:type\" content=\"article\" \/>\n<meta property=\"og:title\" content=\"Neubau Donauviadukt - Januar 2012 - Gemeinde Untermarchtal\" \/>\n<meta property=\"og:description\" content=\"Die Geschichte des Br\u00fcckenbaus in Untermarchtal Historischer R\u00fcckblick Untermarchtal als steter Donau-\u00dcbergang mit Br\u00fcckenbau in der Talenge \u00fcber den Fluss. Zur\u00fcckgehend bis in die Zeit der R\u00f6merherrschaft vor \u00fcber 2000 Jahren war die Besiedlung von der Donau an der Stelle des Dorfes Untermarchtal abh\u00e4ngig und pr\u00e4gend. Aus dieser Zeit vor der nachweislichen Besiedlung und erstmaligen [&hellip;]\" \/>\n<meta property=\"og:url\" content=\"https:\/\/www.gemeinde-untermarchtal.de\/index.php\/neubau-donauviadukt-januar-2012\/\" \/>\n<meta property=\"og:site_name\" content=\"Gemeinde Untermarchtal\" \/>\n<meta property=\"article:modified_time\" content=\"2018-07-21T19:06:57+00:00\" \/>\n<meta property=\"og:image\" content=\"https:\/\/www.gemeinde-untermarchtal.de\/bilder\/Donauviadukt_Neubau_Januar_2012_Aqua1.jpg\" \/>\n<meta name=\"twitter:card\" content=\"summary_large_image\" \/>\n<meta name=\"twitter:label1\" content=\"Gesch\u00e4tzte Lesezeit\" \/>\n\t<meta name=\"twitter:data1\" content=\"6\u00a0Minuten\" \/>\n<script type=\"application\/ld+json\" class=\"yoast-schema-graph\">{\"@context\":\"https:\/\/schema.org\",\"@graph\":[{\"@type\":\"WebPage\",\"@id\":\"https:\/\/www.gemeinde-untermarchtal.de\/index.php\/neubau-donauviadukt-januar-2012\/\",\"url\":\"https:\/\/www.gemeinde-untermarchtal.de\/index.php\/neubau-donauviadukt-januar-2012\/\",\"name\":\"Neubau Donauviadukt - Januar 2012 - Gemeinde Untermarchtal\",\"isPartOf\":{\"@id\":\"https:\/\/www.gemeinde-untermarchtal.de\/#website\"},\"primaryImageOfPage\":{\"@id\":\"https:\/\/www.gemeinde-untermarchtal.de\/index.php\/neubau-donauviadukt-januar-2012\/#primaryimage\"},\"image\":{\"@id\":\"https:\/\/www.gemeinde-untermarchtal.de\/index.php\/neubau-donauviadukt-januar-2012\/#primaryimage\"},\"thumbnailUrl\":\"https:\/\/www.gemeinde-untermarchtal.de\/bilder\/Donauviadukt_Neubau_Januar_2012_Aqua1.jpg\",\"datePublished\":\"2016-09-29T20:43:47+00:00\",\"dateModified\":\"2018-07-21T19:06:57+00:00\",\"breadcrumb\":{\"@id\":\"https:\/\/www.gemeinde-untermarchtal.de\/index.php\/neubau-donauviadukt-januar-2012\/#breadcrumb\"},\"inLanguage\":\"de\",\"potentialAction\":[{\"@type\":\"ReadAction\",\"target\":[\"https:\/\/www.gemeinde-untermarchtal.de\/index.php\/neubau-donauviadukt-januar-2012\/\"]}]},{\"@type\":\"ImageObject\",\"inLanguage\":\"de\",\"@id\":\"https:\/\/www.gemeinde-untermarchtal.de\/index.php\/neubau-donauviadukt-januar-2012\/#primaryimage\",\"url\":\"https:\/\/www.gemeinde-untermarchtal.de\/bilder\/Donauviadukt_Neubau_Januar_2012_Aqua1.jpg\",\"contentUrl\":\"https:\/\/www.gemeinde-untermarchtal.de\/bilder\/Donauviadukt_Neubau_Januar_2012_Aqua1.jpg\",\"width\":760,\"height\":561},{\"@type\":\"BreadcrumbList\",\"@id\":\"https:\/\/www.gemeinde-untermarchtal.de\/index.php\/neubau-donauviadukt-januar-2012\/#breadcrumb\",\"itemListElement\":[{\"@type\":\"ListItem\",\"position\":1,\"name\":\"Startseite\",\"item\":\"https:\/\/www.gemeinde-untermarchtal.de\/\"},{\"@type\":\"ListItem\",\"position\":2,\"name\":\"Neubau Donauviadukt - Januar 2012\"}]},{\"@type\":\"WebSite\",\"@id\":\"https:\/\/www.gemeinde-untermarchtal.de\/#website\",\"url\":\"https:\/\/www.gemeinde-untermarchtal.de\/\",\"name\":\"Gemeinde Untermarchtal\",\"description\":\"Gemeinde Untermarchtal\",\"potentialAction\":[{\"@type\":\"SearchAction\",\"target\":{\"@type\":\"EntryPoint\",\"urlTemplate\":\"https:\/\/www.gemeinde-untermarchtal.de\/?s={search_term_string}\"},\"query-input\":{\"@type\":\"PropertyValueSpecification\",\"valueRequired\":true,\"valueName\":\"search_term_string\"}}],\"inLanguage\":\"de\"}]}<\/script>\n<!-- \/ Yoast SEO plugin. -->","yoast_head_json":{"title":"Neubau Donauviadukt - Januar 2012 - Gemeinde Untermarchtal","robots":{"index":"index","follow":"follow","max-snippet":"max-snippet:-1","max-image-preview":"max-image-preview:large","max-video-preview":"max-video-preview:-1"},"canonical":"https:\/\/www.gemeinde-untermarchtal.de\/index.php\/neubau-donauviadukt-januar-2012\/","og_locale":"de_DE","og_type":"article","og_title":"Neubau Donauviadukt - Januar 2012 - Gemeinde Untermarchtal","og_description":"Die Geschichte des Br\u00fcckenbaus in Untermarchtal Historischer R\u00fcckblick Untermarchtal als steter Donau-\u00dcbergang mit Br\u00fcckenbau in der Talenge \u00fcber den Fluss. Zur\u00fcckgehend bis in die Zeit der R\u00f6merherrschaft vor \u00fcber 2000 Jahren war die Besiedlung von der Donau an der Stelle des Dorfes Untermarchtal abh\u00e4ngig und pr\u00e4gend. Aus dieser Zeit vor der nachweislichen Besiedlung und erstmaligen [&hellip;]","og_url":"https:\/\/www.gemeinde-untermarchtal.de\/index.php\/neubau-donauviadukt-januar-2012\/","og_site_name":"Gemeinde Untermarchtal","article_modified_time":"2018-07-21T19:06:57+00:00","og_image":[{"url":"https:\/\/www.gemeinde-untermarchtal.de\/bilder\/Donauviadukt_Neubau_Januar_2012_Aqua1.jpg","type":"","width":"","height":""}],"twitter_card":"summary_large_image","twitter_misc":{"Gesch\u00e4tzte Lesezeit":"6\u00a0Minuten"},"schema":{"@context":"https:\/\/schema.org","@graph":[{"@type":"WebPage","@id":"https:\/\/www.gemeinde-untermarchtal.de\/index.php\/neubau-donauviadukt-januar-2012\/","url":"https:\/\/www.gemeinde-untermarchtal.de\/index.php\/neubau-donauviadukt-januar-2012\/","name":"Neubau Donauviadukt - Januar 2012 - Gemeinde Untermarchtal","isPartOf":{"@id":"https:\/\/www.gemeinde-untermarchtal.de\/#website"},"primaryImageOfPage":{"@id":"https:\/\/www.gemeinde-untermarchtal.de\/index.php\/neubau-donauviadukt-januar-2012\/#primaryimage"},"image":{"@id":"https:\/\/www.gemeinde-untermarchtal.de\/index.php\/neubau-donauviadukt-januar-2012\/#primaryimage"},"thumbnailUrl":"https:\/\/www.gemeinde-untermarchtal.de\/bilder\/Donauviadukt_Neubau_Januar_2012_Aqua1.jpg","datePublished":"2016-09-29T20:43:47+00:00","dateModified":"2018-07-21T19:06:57+00:00","breadcrumb":{"@id":"https:\/\/www.gemeinde-untermarchtal.de\/index.php\/neubau-donauviadukt-januar-2012\/#breadcrumb"},"inLanguage":"de","potentialAction":[{"@type":"ReadAction","target":["https:\/\/www.gemeinde-untermarchtal.de\/index.php\/neubau-donauviadukt-januar-2012\/"]}]},{"@type":"ImageObject","inLanguage":"de","@id":"https:\/\/www.gemeinde-untermarchtal.de\/index.php\/neubau-donauviadukt-januar-2012\/#primaryimage","url":"https:\/\/www.gemeinde-untermarchtal.de\/bilder\/Donauviadukt_Neubau_Januar_2012_Aqua1.jpg","contentUrl":"https:\/\/www.gemeinde-untermarchtal.de\/bilder\/Donauviadukt_Neubau_Januar_2012_Aqua1.jpg","width":760,"height":561},{"@type":"BreadcrumbList","@id":"https:\/\/www.gemeinde-untermarchtal.de\/index.php\/neubau-donauviadukt-januar-2012\/#breadcrumb","itemListElement":[{"@type":"ListItem","position":1,"name":"Startseite","item":"https:\/\/www.gemeinde-untermarchtal.de\/"},{"@type":"ListItem","position":2,"name":"Neubau Donauviadukt - Januar 2012"}]},{"@type":"WebSite","@id":"https:\/\/www.gemeinde-untermarchtal.de\/#website","url":"https:\/\/www.gemeinde-untermarchtal.de\/","name":"Gemeinde Untermarchtal","description":"Gemeinde Untermarchtal","potentialAction":[{"@type":"SearchAction","target":{"@type":"EntryPoint","urlTemplate":"https:\/\/www.gemeinde-untermarchtal.de\/?s={search_term_string}"},"query-input":{"@type":"PropertyValueSpecification","valueRequired":true,"valueName":"search_term_string"}}],"inLanguage":"de"}]}},"_links":{"self":[{"href":"https:\/\/www.gemeinde-untermarchtal.de\/index.php\/wp-json\/wp\/v2\/pages\/1069","targetHints":{"allow":["GET"]}}],"collection":[{"href":"https:\/\/www.gemeinde-untermarchtal.de\/index.php\/wp-json\/wp\/v2\/pages"}],"about":[{"href":"https:\/\/www.gemeinde-untermarchtal.de\/index.php\/wp-json\/wp\/v2\/types\/page"}],"author":[{"embeddable":true,"href":"https:\/\/www.gemeinde-untermarchtal.de\/index.php\/wp-json\/wp\/v2\/users\/1"}],"replies":[{"embeddable":true,"href":"https:\/\/www.gemeinde-untermarchtal.de\/index.php\/wp-json\/wp\/v2\/comments?post=1069"}],"version-history":[{"count":23,"href":"https:\/\/www.gemeinde-untermarchtal.de\/index.php\/wp-json\/wp\/v2\/pages\/1069\/revisions"}],"predecessor-version":[{"id":2779,"href":"https:\/\/www.gemeinde-untermarchtal.de\/index.php\/wp-json\/wp\/v2\/pages\/1069\/revisions\/2779"}],"wp:attachment":[{"href":"https:\/\/www.gemeinde-untermarchtal.de\/index.php\/wp-json\/wp\/v2\/media?parent=1069"}],"curies":[{"name":"wp","href":"https:\/\/api.w.org\/{rel}","templated":true}]}}