{"id":1129,"date":"2016-10-03T22:34:50","date_gmt":"2016-10-03T20:34:50","guid":{"rendered":"http:\/\/www.gemeinde-untermarchtal.de\/?page_id=1129"},"modified":"2018-07-21T09:12:17","modified_gmt":"2018-07-21T07:12:17","slug":"neubau-donauviadukt-april-2012","status":"publish","type":"page","link":"https:\/\/www.gemeinde-untermarchtal.de\/index.php\/neubau-donauviadukt-april-2012\/","title":{"rendered":"Neubau Donauviadukt - April 2012"},"content":{"rendered":"<p>Die anhaltend g\u00fcnstige Witterung lie\u00df im Laufe des Monat M\u00e4rz 2012 die jetzt anstehenden Arbeiten problemlos erledigen. Dies betrifft besonders die zu erledigenden Bauarbeiten f\u00fcr die k\u00fcnftige Stra\u00dfenzuf\u00fchrung der B 311 zum neuen Br\u00fcckenbauwerk durch die Firma Kirchhoff, Niederlassung Ehingen, als auch die Baugr\u00fcndungsbohrungen f\u00fcr die Widerlager und die Gr\u00fcndung der 4 Pfeiler im Talgrund der Donau. Mit einem riesigen Bohrger\u00e4t arbeitet die Firma GR-Spezialtiefbau, Aalen und Ehingen, sich bis zu 8 Meter Tiefe und einem Bohrerdurchmesser bis 1.50 Meter in den Taluntergrund. Vorgefunden werden dort Humus und Kiesablagerungen bis zum Kalkfels des ehemaligen Jura. In die Bohrl\u00f6cher je Pfeiler von 6 bis 8 an der Zahl, wird Beton in einen Stahlbewehrungskorb eingelassen und verf\u00fcllt. Diese Verf\u00fcllung mu\u00df die Tragf\u00e4higkeit der k\u00fcnftigen Br\u00fcckenpfeiler gew\u00e4hrleisten. Eine interessante und auch notwendige Bauma\u00dfnahme ist jetzt in den letzten M\u00e4rztagen die Sprengarbeiten in der n\u00e4he des k\u00fcnftigen &#8222;Ehinger Widerlager&#8220; durch die Firma Hildegard Merkle aus Uttenweiler. Da\u00df bei diesen Sprengarbeiten eine Dame, n\u00e4hmlich die Firmenchefin Hildegard Merkle selbst als Sprengmeisterin mit ihrem Sohn Michael und einem Mitarbeiter die Sprengungen vorbereitet und durchf\u00fchrt, ist wohl nicht allt\u00e4glich. Dort bei der k\u00fcnftigen Zufahrt unmittelbar vor dem Br\u00fcckenbauwerk auf einer L\u00e4nge von ca. 50 Meter L\u00e4nge und etwa 6 Meter Tiefe mu\u00df der kompakte Jurakalkfels fachm\u00e4nnisch weggesprengt werden. In diesem Streckenabschnitt werden beim Br\u00fcckenbau der Firma Schmid, Baltringen, die Betonfertigteile f\u00fcr den Br\u00fccken\u00fcberbau, der im sogenannten &#8222;Taktschiebeverfahren&#8220; geschieht, vorgenommen. Deshalb die Tiefe und das damit verbundene H\u00f6henniveau in diesem Baustellenabschnitt. Die dort anfallenden riesigen Mengen an Steinmaterial wird laufend auf mehrere LKW verladen und auf die andere Seite zum k\u00fcnftigen &#8222;Riedlinger Widerlager&#8220; gefahren und dort mit R\u00fcttelwalzen eingebaut. Die derzeitige Verkehrsbew\u00e4ltigung der B 311 auf dem Donauviadukt wird einspurig und mit je einer Ampelanlage auf beiden Seiten der Br\u00fccke durchgef\u00fchrt. Notwendig ist dies besonders wegen je einer Baustellenein- und Zufahrt auf jeder Br\u00fcckenseite. Auf und an der Br\u00fcckenbaustelle sind derzeit bis zu 40 Facharbeiter samt dem Personal von den Fuhrunternehmern besch\u00e4ftigt. Etwa Anfang Mai 2012 werden die eigentlichen Br\u00fcckenbauarbeitendurch die Firma Schmid, Baltringen, beginnen.<\/p>\r\n\r\n<p>Informationsquellen zum obigen Text von der Firma Schmid, Baltringen, Herr Dietmar Gerner, vom Regier. Pr\u00e4s. T\u00fcbingen Dienststelle Ehingen Herr Wilhelm Striebel und der Firma H. und M. Merkle, Uttenweiler.<\/p>\r\n\r\n<div id=\"attachment_1134\" style=\"width: 770px\" class=\"wp-caption alignnone\"><img loading=\"lazy\" decoding=\"async\" aria-describedby=\"caption-attachment-1134\" class=\"wp-image-1134 size-full\" src=\"https:\/\/www.gemeinde-untermarchtal.de\/bilder\/Donauviadukt_Neubau_April_2012_bohrgeraet.jpg\" width=\"760\" height=\"570\" \/><p id=\"caption-attachment-1134\" class=\"wp-caption-text\">Vom Einsatz des 18 Meter hohen roten Bohrger\u00e4t im Talgrund der Fa. GR-Spezialtiefbau Aalen und Ehingen<\/p><\/div>\r\n\r\n<div id=\"attachment_1139\" style=\"width: 770px\" class=\"wp-caption alignnone\"><img loading=\"lazy\" decoding=\"async\" aria-describedby=\"caption-attachment-1139\" class=\"wp-image-1139 size-full\" src=\"https:\/\/www.gemeinde-untermarchtal.de\/bilder\/Donauviadukt_Neubau_April_2012_Wiederlager.jpg\" alt=\"donauviadukt_neubau_april_2012_wiederlager\" width=\"760\" height=\"570\" \/><p id=\"caption-attachment-1139\" class=\"wp-caption-text\">Maschinen-Arbeiten am &#8222;Riedlinger Widerlager&#8220; mit R\u00fcttelwalzen<\/p><\/div>\r\n\r\n<div id=\"attachment_1136\" style=\"width: 770px\" class=\"wp-caption alignnone\"><img loading=\"lazy\" decoding=\"async\" aria-describedby=\"caption-attachment-1136\" class=\"wp-image-1136 size-full\" src=\"http:\/\/bilder.gemeinde-untermarchtal.de\/\/Donauviadukt_Neubau_April_2012_Spezialtiefbau.jpg\" alt=\"donauviadukt_neubau_april_2012_spezialtiefbau\" width=\"760\" height=\"570\" \/><p id=\"caption-attachment-1136\" class=\"wp-caption-text\">Gesamtansicht altes Viadukt von Nordwesten her mit dem roten Bohrger\u00e4t (li) im Talgrund der Fa. GRSpezialtiefbau,  Aalen und Ehingen<\/p><\/div>\r\n\r\n<div id=\"attachment_1135\" style=\"width: 770px\" class=\"wp-caption alignnone\"><img loading=\"lazy\" decoding=\"async\" aria-describedby=\"caption-attachment-1135\" class=\"wp-image-1135 size-full\" src=\"https:\/\/www.gemeinde-untermarchtal.de\/bilder\/Donauviadukt_Neubau_April_2012_Schaufelbagger.jpg\" alt=\"donauviadukt_neubau_april_2012_schaufelbagger\" width=\"760\" height=\"570\" \/><p id=\"caption-attachment-1135\" class=\"wp-caption-text\">Stra\u00dfenbauarbeiten am &#8222;Ehinger Widerlager&#8220; einen gro\u00dfen Schaufelbagger (li) der Fa. Kirchhoff, Ehingen<\/p><\/div>\r\n\r\n<div id=\"attachment_1137\" style=\"width: 580px\" class=\"wp-caption alignnone\"><img loading=\"lazy\" decoding=\"async\" aria-describedby=\"caption-attachment-1137\" class=\"wp-image-1137 size-full\" src=\"https:\/\/www.gemeinde-untermarchtal.de\/bilder\/Donauviadukt_Neubau_April_2012_Sprengmeisterin.jpg\" alt=\"donauviadukt_neubau_april_2012_sprengmeisterin\" width=\"570\" height=\"760\" \/><p id=\"caption-attachment-1137\" class=\"wp-caption-text\">Vorbereitung der Sprengl\u00f6cher durch Frau Hildegard Merkle (li) Sprengmeisterin mit Mitarbeiter an der Sprengungsstelle<\/p><\/div>\r\n\r\n<div id=\"attachment_1138\" style=\"width: 770px\" class=\"wp-caption alignnone\"><img loading=\"lazy\" decoding=\"async\" aria-describedby=\"caption-attachment-1138\" class=\"wp-image-1138 size-full\" src=\"https:\/\/www.gemeinde-untermarchtal.de\/bilder\/Donauviadukt_Neubau_April_2012_Sprengstellen.jpg\" alt=\"donauviadukt_neubau_april_2012_sprengstellen\" width=\"760\" height=\"570\" \/><p id=\"caption-attachment-1138\" class=\"wp-caption-text\">Sprengstellen-Schutzabdeckung mit dem Schutznetz und 3 Mitarbeiter der Fa. Merkle, Uttenweiler<\/p><\/div>","protected":false},"excerpt":{"rendered":"<p>Die anhaltend g\u00fcnstige Witterung lie\u00df im Laufe des Monat M\u00e4rz 2012 die jetzt anstehenden Arbeiten problemlos erledigen. Dies betrifft besonders die zu erledigenden Bauarbeiten f\u00fcr die k\u00fcnftige Stra\u00dfenzuf\u00fchrung der B 311 zum neuen Br\u00fcckenbauwerk durch die Firma Kirchhoff, Niederlassung Ehingen, als auch die Baugr\u00fcndungsbohrungen f\u00fcr die Widerlager und die Gr\u00fcndung der 4 Pfeiler im Talgrund [&hellip;]<\/p>\n","protected":false},"author":1,"featured_media":0,"parent":0,"menu_order":0,"comment_status":"closed","ping_status":"closed","template":"page-templates\/_template_aktuelle_beitraege.php","meta":{"_acf_changed":false,"footnotes":""},"class_list":["post-1129","page","type-page","status-publish","hentry"],"acf":[],"yoast_head":"<!-- This site is optimized with the Yoast SEO plugin v26.7 - https:\/\/yoast.com\/wordpress\/plugins\/seo\/ -->\n<title>Neubau Donauviadukt - April 2012 - Gemeinde Untermarchtal<\/title>\n<meta name=\"robots\" content=\"index, follow, max-snippet:-1, max-image-preview:large, max-video-preview:-1\" \/>\n<link rel=\"canonical\" href=\"https:\/\/www.gemeinde-untermarchtal.de\/index.php\/neubau-donauviadukt-april-2012\/\" \/>\n<meta property=\"og:locale\" content=\"de_DE\" \/>\n<meta property=\"og:type\" content=\"article\" \/>\n<meta property=\"og:title\" content=\"Neubau Donauviadukt - April 2012 - Gemeinde Untermarchtal\" \/>\n<meta property=\"og:description\" content=\"Die anhaltend g\u00fcnstige Witterung lie\u00df im Laufe des Monat M\u00e4rz 2012 die jetzt anstehenden Arbeiten problemlos erledigen. Dies betrifft besonders die zu erledigenden Bauarbeiten f\u00fcr die k\u00fcnftige Stra\u00dfenzuf\u00fchrung der B 311 zum neuen Br\u00fcckenbauwerk durch die Firma Kirchhoff, Niederlassung Ehingen, als auch die Baugr\u00fcndungsbohrungen f\u00fcr die Widerlager und die Gr\u00fcndung der 4 Pfeiler im Talgrund [&hellip;]\" \/>\n<meta property=\"og:url\" content=\"https:\/\/www.gemeinde-untermarchtal.de\/index.php\/neubau-donauviadukt-april-2012\/\" \/>\n<meta property=\"og:site_name\" content=\"Gemeinde Untermarchtal\" \/>\n<meta property=\"article:modified_time\" content=\"2018-07-21T07:12:17+00:00\" \/>\n<meta property=\"og:image\" content=\"https:\/\/www.gemeinde-untermarchtal.de\/bilder\/Donauviadukt_Neubau_April_2012_bohrgeraet.jpg\" \/>\n<meta name=\"twitter:card\" content=\"summary_large_image\" \/>\n<meta name=\"twitter:label1\" content=\"Gesch\u00e4tzte Lesezeit\" \/>\n\t<meta name=\"twitter:data1\" content=\"3\u00a0Minuten\" \/>\n<script type=\"application\/ld+json\" class=\"yoast-schema-graph\">{\"@context\":\"https:\/\/schema.org\",\"@graph\":[{\"@type\":\"WebPage\",\"@id\":\"https:\/\/www.gemeinde-untermarchtal.de\/index.php\/neubau-donauviadukt-april-2012\/\",\"url\":\"https:\/\/www.gemeinde-untermarchtal.de\/index.php\/neubau-donauviadukt-april-2012\/\",\"name\":\"Neubau Donauviadukt - April 2012 - Gemeinde Untermarchtal\",\"isPartOf\":{\"@id\":\"https:\/\/www.gemeinde-untermarchtal.de\/#website\"},\"primaryImageOfPage\":{\"@id\":\"https:\/\/www.gemeinde-untermarchtal.de\/index.php\/neubau-donauviadukt-april-2012\/#primaryimage\"},\"image\":{\"@id\":\"https:\/\/www.gemeinde-untermarchtal.de\/index.php\/neubau-donauviadukt-april-2012\/#primaryimage\"},\"thumbnailUrl\":\"https:\/\/www.gemeinde-untermarchtal.de\/bilder\/Donauviadukt_Neubau_April_2012_bohrgeraet.jpg\",\"datePublished\":\"2016-10-03T20:34:50+00:00\",\"dateModified\":\"2018-07-21T07:12:17+00:00\",\"breadcrumb\":{\"@id\":\"https:\/\/www.gemeinde-untermarchtal.de\/index.php\/neubau-donauviadukt-april-2012\/#breadcrumb\"},\"inLanguage\":\"de\",\"potentialAction\":[{\"@type\":\"ReadAction\",\"target\":[\"https:\/\/www.gemeinde-untermarchtal.de\/index.php\/neubau-donauviadukt-april-2012\/\"]}]},{\"@type\":\"ImageObject\",\"inLanguage\":\"de\",\"@id\":\"https:\/\/www.gemeinde-untermarchtal.de\/index.php\/neubau-donauviadukt-april-2012\/#primaryimage\",\"url\":\"https:\/\/www.gemeinde-untermarchtal.de\/bilder\/Donauviadukt_Neubau_April_2012_bohrgeraet.jpg\",\"contentUrl\":\"https:\/\/www.gemeinde-untermarchtal.de\/bilder\/Donauviadukt_Neubau_April_2012_bohrgeraet.jpg\",\"width\":760,\"height\":570},{\"@type\":\"BreadcrumbList\",\"@id\":\"https:\/\/www.gemeinde-untermarchtal.de\/index.php\/neubau-donauviadukt-april-2012\/#breadcrumb\",\"itemListElement\":[{\"@type\":\"ListItem\",\"position\":1,\"name\":\"Startseite\",\"item\":\"https:\/\/www.gemeinde-untermarchtal.de\/\"},{\"@type\":\"ListItem\",\"position\":2,\"name\":\"Neubau Donauviadukt - April 2012\"}]},{\"@type\":\"WebSite\",\"@id\":\"https:\/\/www.gemeinde-untermarchtal.de\/#website\",\"url\":\"https:\/\/www.gemeinde-untermarchtal.de\/\",\"name\":\"Gemeinde Untermarchtal\",\"description\":\"Gemeinde Untermarchtal\",\"potentialAction\":[{\"@type\":\"SearchAction\",\"target\":{\"@type\":\"EntryPoint\",\"urlTemplate\":\"https:\/\/www.gemeinde-untermarchtal.de\/?s={search_term_string}\"},\"query-input\":{\"@type\":\"PropertyValueSpecification\",\"valueRequired\":true,\"valueName\":\"search_term_string\"}}],\"inLanguage\":\"de\"}]}<\/script>\n<!-- \/ Yoast SEO plugin. -->","yoast_head_json":{"title":"Neubau Donauviadukt - April 2012 - Gemeinde Untermarchtal","robots":{"index":"index","follow":"follow","max-snippet":"max-snippet:-1","max-image-preview":"max-image-preview:large","max-video-preview":"max-video-preview:-1"},"canonical":"https:\/\/www.gemeinde-untermarchtal.de\/index.php\/neubau-donauviadukt-april-2012\/","og_locale":"de_DE","og_type":"article","og_title":"Neubau Donauviadukt - April 2012 - Gemeinde Untermarchtal","og_description":"Die anhaltend g\u00fcnstige Witterung lie\u00df im Laufe des Monat M\u00e4rz 2012 die jetzt anstehenden Arbeiten problemlos erledigen. Dies betrifft besonders die zu erledigenden Bauarbeiten f\u00fcr die k\u00fcnftige Stra\u00dfenzuf\u00fchrung der B 311 zum neuen Br\u00fcckenbauwerk durch die Firma Kirchhoff, Niederlassung Ehingen, als auch die Baugr\u00fcndungsbohrungen f\u00fcr die Widerlager und die Gr\u00fcndung der 4 Pfeiler im Talgrund [&hellip;]","og_url":"https:\/\/www.gemeinde-untermarchtal.de\/index.php\/neubau-donauviadukt-april-2012\/","og_site_name":"Gemeinde Untermarchtal","article_modified_time":"2018-07-21T07:12:17+00:00","og_image":[{"url":"https:\/\/www.gemeinde-untermarchtal.de\/bilder\/Donauviadukt_Neubau_April_2012_bohrgeraet.jpg","type":"","width":"","height":""}],"twitter_card":"summary_large_image","twitter_misc":{"Gesch\u00e4tzte Lesezeit":"3\u00a0Minuten"},"schema":{"@context":"https:\/\/schema.org","@graph":[{"@type":"WebPage","@id":"https:\/\/www.gemeinde-untermarchtal.de\/index.php\/neubau-donauviadukt-april-2012\/","url":"https:\/\/www.gemeinde-untermarchtal.de\/index.php\/neubau-donauviadukt-april-2012\/","name":"Neubau Donauviadukt - April 2012 - Gemeinde Untermarchtal","isPartOf":{"@id":"https:\/\/www.gemeinde-untermarchtal.de\/#website"},"primaryImageOfPage":{"@id":"https:\/\/www.gemeinde-untermarchtal.de\/index.php\/neubau-donauviadukt-april-2012\/#primaryimage"},"image":{"@id":"https:\/\/www.gemeinde-untermarchtal.de\/index.php\/neubau-donauviadukt-april-2012\/#primaryimage"},"thumbnailUrl":"https:\/\/www.gemeinde-untermarchtal.de\/bilder\/Donauviadukt_Neubau_April_2012_bohrgeraet.jpg","datePublished":"2016-10-03T20:34:50+00:00","dateModified":"2018-07-21T07:12:17+00:00","breadcrumb":{"@id":"https:\/\/www.gemeinde-untermarchtal.de\/index.php\/neubau-donauviadukt-april-2012\/#breadcrumb"},"inLanguage":"de","potentialAction":[{"@type":"ReadAction","target":["https:\/\/www.gemeinde-untermarchtal.de\/index.php\/neubau-donauviadukt-april-2012\/"]}]},{"@type":"ImageObject","inLanguage":"de","@id":"https:\/\/www.gemeinde-untermarchtal.de\/index.php\/neubau-donauviadukt-april-2012\/#primaryimage","url":"https:\/\/www.gemeinde-untermarchtal.de\/bilder\/Donauviadukt_Neubau_April_2012_bohrgeraet.jpg","contentUrl":"https:\/\/www.gemeinde-untermarchtal.de\/bilder\/Donauviadukt_Neubau_April_2012_bohrgeraet.jpg","width":760,"height":570},{"@type":"BreadcrumbList","@id":"https:\/\/www.gemeinde-untermarchtal.de\/index.php\/neubau-donauviadukt-april-2012\/#breadcrumb","itemListElement":[{"@type":"ListItem","position":1,"name":"Startseite","item":"https:\/\/www.gemeinde-untermarchtal.de\/"},{"@type":"ListItem","position":2,"name":"Neubau Donauviadukt - April 2012"}]},{"@type":"WebSite","@id":"https:\/\/www.gemeinde-untermarchtal.de\/#website","url":"https:\/\/www.gemeinde-untermarchtal.de\/","name":"Gemeinde Untermarchtal","description":"Gemeinde Untermarchtal","potentialAction":[{"@type":"SearchAction","target":{"@type":"EntryPoint","urlTemplate":"https:\/\/www.gemeinde-untermarchtal.de\/?s={search_term_string}"},"query-input":{"@type":"PropertyValueSpecification","valueRequired":true,"valueName":"search_term_string"}}],"inLanguage":"de"}]}},"_links":{"self":[{"href":"https:\/\/www.gemeinde-untermarchtal.de\/index.php\/wp-json\/wp\/v2\/pages\/1129","targetHints":{"allow":["GET"]}}],"collection":[{"href":"https:\/\/www.gemeinde-untermarchtal.de\/index.php\/wp-json\/wp\/v2\/pages"}],"about":[{"href":"https:\/\/www.gemeinde-untermarchtal.de\/index.php\/wp-json\/wp\/v2\/types\/page"}],"author":[{"embeddable":true,"href":"https:\/\/www.gemeinde-untermarchtal.de\/index.php\/wp-json\/wp\/v2\/users\/1"}],"replies":[{"embeddable":true,"href":"https:\/\/www.gemeinde-untermarchtal.de\/index.php\/wp-json\/wp\/v2\/comments?post=1129"}],"version-history":[{"count":15,"href":"https:\/\/www.gemeinde-untermarchtal.de\/index.php\/wp-json\/wp\/v2\/pages\/1129\/revisions"}],"predecessor-version":[{"id":2735,"href":"https:\/\/www.gemeinde-untermarchtal.de\/index.php\/wp-json\/wp\/v2\/pages\/1129\/revisions\/2735"}],"wp:attachment":[{"href":"https:\/\/www.gemeinde-untermarchtal.de\/index.php\/wp-json\/wp\/v2\/media?parent=1129"}],"curies":[{"name":"wp","href":"https:\/\/api.w.org\/{rel}","templated":true}]}}