{"id":1181,"date":"2016-10-06T22:23:14","date_gmt":"2016-10-06T20:23:14","guid":{"rendered":"http:\/\/www.gemeinde-untermarchtal.de\/?page_id=1181"},"modified":"2018-07-21T09:31:49","modified_gmt":"2018-07-21T07:31:49","slug":"neubau-donauviadukt-juni-2012","status":"publish","type":"page","link":"https:\/\/www.gemeinde-untermarchtal.de\/index.php\/neubau-donauviadukt-juni-2012\/","title":{"rendered":"Neubau Donauviadukt - Juni 2012"},"content":{"rendered":"<p>Tiefenbohrungen am Widerlager, erster Hilfspfeiler fertig, Schalungsarbeiten und Eisenbieger am Werk. Dazu noch eine Familiengeschichte.<\/p>\r\n\r\n<div id=\"attachment_1228\" style=\"width: 770px\" class=\"wp-caption alignnone\"><img loading=\"lazy\" decoding=\"async\" aria-describedby=\"caption-attachment-1228\" class=\"wp-image-1228 size-full\" src=\"https:\/\/www.gemeinde-untermarchtal.de\/bilder\/Donauviadukt_Neubau_Juni_2012_Taktkeller.jpg\" alt=\"donauviadukt_neubau_juni_2012_taktkeller\" width=\"760\" height=\"570\" \/><p id=\"caption-attachment-1228\" class=\"wp-caption-text\">Das Foto zeigt den derzeit im Bau befindlichen &#8222;Taktkeller&#8220; beim &#8222;Ehinger Widerlager&#8220; mit dem Personal der &#8222;Eisenbinder und Eisenflechter&#8220; bei der Arbeit.<\/p><\/div>\r\n\r\n<div id=\"attachment_1225\" style=\"width: 770px\" class=\"wp-caption alignnone\"><img loading=\"lazy\" decoding=\"async\" aria-describedby=\"caption-attachment-1225\" class=\"wp-image-1225 size-full\" src=\"https:\/\/www.gemeinde-untermarchtal.de\/bilder\/Donauviadukt_Neubau_Juni_2012_Hilfpfeiler.jpg\" alt=\"donauviadukt_neubau_juni_2012_hilfpfeiler\" width=\"760\" height=\"570\" \/><p id=\"caption-attachment-1225\" class=\"wp-caption-text\">Der fast fertige Hilfspfeiler nahe dem Bahngleis wird direkt auf dem Donauradwanderweg erstellt.<\/p><\/div>\r\n\r\n<h3>Zur Baustelle<\/h3>\r\n<p>Auf einer Baustelle wie der Neubau des Donauviadukt bei Untermarchtal, ist immer was los. Rund 50 Personen arbeiten zur Zeit dort mit modernstem Maschineneinsatz. Dazu geh\u00f6rt das Tiefenbohrger\u00e4t der Firma G+R, Spezialtiefbau mit der Bohrpfahlgr\u00fcndung an den beiden Widerlager und bei den insgesamt 8 Pfeilergr\u00fcndungen, davon 4 Hilfspfeiler die den Vorschub zum Taktverfahrenbau der Br\u00fccke gew\u00e4hrleisten. Ein Hilfspfeiler nahe am Bahngleis ist fast fertig und daneben wird der regul\u00e4re Br\u00fcckenpfeiler &#8222;4&#8220; zur Zeit f\u00fcr die Stahlbetonfertigung eingeschalt. Von der Bodenbasis bis Unterkante Br\u00fccken\u00fcberbau wird er rund 20 Meter hoch. F\u00fcr die Pfeilerferigung, beide Widerlagerbl\u00f6cke, die Pfeilerpfahlgr\u00fcndungen, den Taktkeller sowie den vor Monaten gefertigten und zur Sicherheit des derzeitigen, flie\u00dfenden Verkehr auf der B 311 gebauten &#8222;Berliner Verbau&#8220; wird eine riesige Menge von Bewehrungsstahl in das Br\u00fcckenbauwerk eingebracht. Die vor\u00fcbergehenden Stahlspundw\u00e4nde f\u00fcr die Pfeiler, die derzeit eingerammt werden, noch nicht mitgez\u00e4hlt. Dabei ist die Firma Spezialtiefbau G+R, Aalen und Ehingen am Werk. Am und im Taktkeller sind mehrere Eisenbinder und Zimmerleute besch\u00e4ftigt. Sie stammen meist aus Kroatien und sind bei einem Sub-Unternehmer der eigentlichen Br\u00fcckenbaufirma Schmid aus Baltringen besch\u00e4ftigt. Der Taktkeller wird in der Woche um den 20. Juni betoniert.Die Schubvorrichtung f\u00fcr die einzelnen 18 Br\u00fcck\u00fcberbautakte wird dann montiert. Das Widerlager Richtung Riedlingen macht sehr viel Arbeit. Hier mu\u00df besonders tief, etwa 20 Meter gebohrt werden In die dortige hohe Dammsch\u00fcttung werden die 1.50 Meter im Durchmesser starken 6 Stahlbewehrungsk\u00f6rbe einbetoniert und dann das eigentliche Widerlager erstellt. Wie Wilhelm Striebel von der Br\u00fcckenbauabteilung des Regierungspr\u00e4sidium T\u00fcbingen in Ehingen sagte, wird ebenfalls um den 20. Juni die 30 Meter lange Eisenkonstruktion des sogenannten &#8222;Vorbauschnabel&#8220; f\u00fcr das &#8222;Taktverfahren&#8220; zum Bau des Br\u00fccken\u00fcberbau auf die Baustelle gebracht. Insgesamt gesehen, so Wilhelm Striebel von der leitenden Dienststelle der Br\u00fcckenbau\u00fcberwachung, sind die Arbeiten im Zeitplan.<\/p>\r\n\r\n<div id=\"attachment_1229\" style=\"width: 770px\" class=\"wp-caption alignnone\"><img loading=\"lazy\" decoding=\"async\" aria-describedby=\"caption-attachment-1229\" class=\"wp-image-1229 size-full\" src=\"https:\/\/www.gemeinde-untermarchtal.de\/bilder\/Donauviadukt_Neubau_Juni_2012_Wiederlagerblock.jpg\" alt=\"donauviadukt_neubau_juni_2012_wiederlagerblock\" width=\"760\" height=\"570\" \/><p id=\"caption-attachment-1229\" class=\"wp-caption-text\">Das Foto zeigt die Einschalung des &#8222;Ehinger Widerlager-Block\"&#8220; - Anfang Juni 2012<\/p><\/div>\r\n\r\n<h3>Zum Personal<\/h3>\r\n<p>Hier eine kleine aber besondere Familiengeschichte vom Br\u00fcckenbau die eine Erw\u00e4hnung verdient. Genau vor 60 Jahren, anno 1952, war der aus dem nahen Ort Lauterach stammende Maurer-Polier Karl M\u00f6nch am damaligen Viadukt-Neubau besch\u00e4ftigt. Auch seine Arbeitskameraden Hans Ege und Anton Fiesel waren aus Lauterach. Alle 3 waren bei der Br\u00fccklenbaufirma Eduard Z\u00fcblin AG aus Stuttgart besch\u00e4ftigt. Eine kleine in Gauinger Travertin gehauene Gedenktafel am &#8222;Riedlinger Widerlager&#8220; bezeugt mit Namen eine 12 Bauabeiter z\u00e4hlende Arbeitergruppe, davon die 3 Lauteracher M\u00f6nch, Ege und Fiesel, mit Br\u00fcckenbau-Oberpolier und Bau-Ing. h.c., Hermann Eblen aus Stuttgart. Aber jetzt zur eigentlichen Personal-und Familiengeschichte vom Maurer Karl M\u00f6nch. Jetzt im Br\u00fcckenbaujahr 2012 wurde auf der Baustelle festgestellt, da\u00df der Sohn von Karl M\u00f6nch, Reinhold M\u00f6nch aus Untermarchtal als Baumaschinenf\u00fchrer bei der Fa. G+R seine Arbeit macht. Eine seltene, nicht allt\u00e4gliche Jubil\u00e4ums-Feststellung der Familie Reinhold M\u00f6nch mit seiner Mutter Frieda M\u00f6nch geb. Ege in Untermarchtal wohnend und aus Lauterach stammend und Ehefrau von dem bereits 1981 verstorbenen Karl M\u00f6nch. Dieses Jahr w\u00e4re er 90 Jahr alt. Sohn Reinhold ist bereits 18 Jahre im Speziatiefbau-Unternehmen G+R und war zuvor 10 Jahre bei der gleichfalls im Spezialtiefbau t\u00e4tigen Firma Georg Halder aus Dettingen\/Ehingen im Arbeitseinsatz. Das Br\u00fcckenbauwerk &#8222;Untermarchtaler Donauviadukt-Neubau&#8220; bringt jetzt die Namen von Vater Karl und Sohn Reinhold wieder auf eine Schiene und dies wurde mit sichtlicher Freude aufgenommen.<\/p>\r\n\r\n<div id=\"attachment_1226\" style=\"width: 310px\" class=\"wp-caption alignnone\"><img loading=\"lazy\" decoding=\"async\" aria-describedby=\"caption-attachment-1226\" class=\"wp-image-1226\" src=\"https:\/\/www.gemeinde-untermarchtal.de\/bilder\/Donauviadukt_Neubau_Juni_2012_Karl_Moench.jpg\" alt=\"donauviadukt_neubau_juni_2012_karl_moench\" width=\"300\" height=\"225\" \/><p id=\"caption-attachment-1226\" class=\"wp-caption-text\">Das Foto zeigt den aus dem nahen Ort Lauterach stammende Maurer-Polier Karl M\u00f6nch, der am damaligen Viadukt-Neubau besch\u00e4ftigt war.<\/p><\/div>\r\n\r\n<div id=\"attachment_1227\" style=\"width: 770px\" class=\"wp-caption alignnone\"><img loading=\"lazy\" decoding=\"async\" aria-describedby=\"caption-attachment-1227\" class=\"wp-image-1227 size-full\" src=\"https:\/\/www.gemeinde-untermarchtal.de\/bilder\/Donauviadukt_Neubau_Juni_2012_Reinhold_Moench.jpg\" alt=\"donauviadukt_neubau_juni_2012_reinhold_moench\" width=\"760\" height=\"570\" \/><p id=\"caption-attachment-1227\" class=\"wp-caption-text\">Der Sohn von Karl M\u00f6nch, Reinhold M\u00f6nch aus Untermarchtal als Baumaschinenf\u00fchrer bei der Fa. G+R<\/p><\/div>","protected":false},"excerpt":{"rendered":"<p>Tiefenbohrungen am Widerlager, erster Hilfspfeiler fertig, Schalungsarbeiten und Eisenbieger am Werk. Dazu noch eine Familiengeschichte. Zur Baustelle Auf einer Baustelle wie der Neubau des Donauviadukt bei Untermarchtal, ist immer was los. Rund 50 Personen arbeiten zur Zeit dort mit modernstem Maschineneinsatz. Dazu geh\u00f6rt das Tiefenbohrger\u00e4t der Firma G+R, Spezialtiefbau mit der Bohrpfahlgr\u00fcndung an den beiden [&hellip;]<\/p>\n","protected":false},"author":1,"featured_media":0,"parent":0,"menu_order":0,"comment_status":"closed","ping_status":"closed","template":"page-templates\/_template_aktuelle_beitraege.php","meta":{"_acf_changed":false,"footnotes":""},"class_list":["post-1181","page","type-page","status-publish","hentry"],"acf":[],"yoast_head":"<!-- This site is optimized with the Yoast SEO plugin v26.7 - https:\/\/yoast.com\/wordpress\/plugins\/seo\/ -->\n<title>Neubau Donauviadukt - Juni 2012 - Gemeinde Untermarchtal<\/title>\n<meta name=\"robots\" content=\"index, follow, max-snippet:-1, max-image-preview:large, max-video-preview:-1\" \/>\n<link rel=\"canonical\" href=\"https:\/\/www.gemeinde-untermarchtal.de\/index.php\/neubau-donauviadukt-juni-2012\/\" \/>\n<meta property=\"og:locale\" content=\"de_DE\" \/>\n<meta property=\"og:type\" content=\"article\" \/>\n<meta property=\"og:title\" content=\"Neubau Donauviadukt - Juni 2012 - Gemeinde Untermarchtal\" \/>\n<meta property=\"og:description\" content=\"Tiefenbohrungen am Widerlager, erster Hilfspfeiler fertig, Schalungsarbeiten und Eisenbieger am Werk. Dazu noch eine Familiengeschichte. Zur Baustelle Auf einer Baustelle wie der Neubau des Donauviadukt bei Untermarchtal, ist immer was los. Rund 50 Personen arbeiten zur Zeit dort mit modernstem Maschineneinsatz. Dazu geh\u00f6rt das Tiefenbohrger\u00e4t der Firma G+R, Spezialtiefbau mit der Bohrpfahlgr\u00fcndung an den beiden [&hellip;]\" \/>\n<meta property=\"og:url\" content=\"https:\/\/www.gemeinde-untermarchtal.de\/index.php\/neubau-donauviadukt-juni-2012\/\" \/>\n<meta property=\"og:site_name\" content=\"Gemeinde Untermarchtal\" \/>\n<meta property=\"article:modified_time\" content=\"2018-07-21T07:31:49+00:00\" \/>\n<meta property=\"og:image\" content=\"https:\/\/www.gemeinde-untermarchtal.de\/bilder\/Donauviadukt_Neubau_Juni_2012_Taktkeller.jpg\" \/>\n<meta name=\"twitter:card\" content=\"summary_large_image\" \/>\n<meta name=\"twitter:label1\" content=\"Gesch\u00e4tzte Lesezeit\" \/>\n\t<meta name=\"twitter:data1\" content=\"3\u00a0Minuten\" \/>\n<script type=\"application\/ld+json\" class=\"yoast-schema-graph\">{\"@context\":\"https:\/\/schema.org\",\"@graph\":[{\"@type\":\"WebPage\",\"@id\":\"https:\/\/www.gemeinde-untermarchtal.de\/index.php\/neubau-donauviadukt-juni-2012\/\",\"url\":\"https:\/\/www.gemeinde-untermarchtal.de\/index.php\/neubau-donauviadukt-juni-2012\/\",\"name\":\"Neubau Donauviadukt - Juni 2012 - Gemeinde Untermarchtal\",\"isPartOf\":{\"@id\":\"https:\/\/www.gemeinde-untermarchtal.de\/#website\"},\"primaryImageOfPage\":{\"@id\":\"https:\/\/www.gemeinde-untermarchtal.de\/index.php\/neubau-donauviadukt-juni-2012\/#primaryimage\"},\"image\":{\"@id\":\"https:\/\/www.gemeinde-untermarchtal.de\/index.php\/neubau-donauviadukt-juni-2012\/#primaryimage\"},\"thumbnailUrl\":\"https:\/\/www.gemeinde-untermarchtal.de\/bilder\/Donauviadukt_Neubau_Juni_2012_Taktkeller.jpg\",\"datePublished\":\"2016-10-06T20:23:14+00:00\",\"dateModified\":\"2018-07-21T07:31:49+00:00\",\"breadcrumb\":{\"@id\":\"https:\/\/www.gemeinde-untermarchtal.de\/index.php\/neubau-donauviadukt-juni-2012\/#breadcrumb\"},\"inLanguage\":\"de\",\"potentialAction\":[{\"@type\":\"ReadAction\",\"target\":[\"https:\/\/www.gemeinde-untermarchtal.de\/index.php\/neubau-donauviadukt-juni-2012\/\"]}]},{\"@type\":\"ImageObject\",\"inLanguage\":\"de\",\"@id\":\"https:\/\/www.gemeinde-untermarchtal.de\/index.php\/neubau-donauviadukt-juni-2012\/#primaryimage\",\"url\":\"https:\/\/www.gemeinde-untermarchtal.de\/bilder\/Donauviadukt_Neubau_Juni_2012_Taktkeller.jpg\",\"contentUrl\":\"https:\/\/www.gemeinde-untermarchtal.de\/bilder\/Donauviadukt_Neubau_Juni_2012_Taktkeller.jpg\",\"width\":760,\"height\":570},{\"@type\":\"BreadcrumbList\",\"@id\":\"https:\/\/www.gemeinde-untermarchtal.de\/index.php\/neubau-donauviadukt-juni-2012\/#breadcrumb\",\"itemListElement\":[{\"@type\":\"ListItem\",\"position\":1,\"name\":\"Startseite\",\"item\":\"https:\/\/www.gemeinde-untermarchtal.de\/\"},{\"@type\":\"ListItem\",\"position\":2,\"name\":\"Neubau Donauviadukt - Juni 2012\"}]},{\"@type\":\"WebSite\",\"@id\":\"https:\/\/www.gemeinde-untermarchtal.de\/#website\",\"url\":\"https:\/\/www.gemeinde-untermarchtal.de\/\",\"name\":\"Gemeinde Untermarchtal\",\"description\":\"Gemeinde Untermarchtal\",\"potentialAction\":[{\"@type\":\"SearchAction\",\"target\":{\"@type\":\"EntryPoint\",\"urlTemplate\":\"https:\/\/www.gemeinde-untermarchtal.de\/?s={search_term_string}\"},\"query-input\":{\"@type\":\"PropertyValueSpecification\",\"valueRequired\":true,\"valueName\":\"search_term_string\"}}],\"inLanguage\":\"de\"}]}<\/script>\n<!-- \/ Yoast SEO plugin. -->","yoast_head_json":{"title":"Neubau Donauviadukt - Juni 2012 - Gemeinde Untermarchtal","robots":{"index":"index","follow":"follow","max-snippet":"max-snippet:-1","max-image-preview":"max-image-preview:large","max-video-preview":"max-video-preview:-1"},"canonical":"https:\/\/www.gemeinde-untermarchtal.de\/index.php\/neubau-donauviadukt-juni-2012\/","og_locale":"de_DE","og_type":"article","og_title":"Neubau Donauviadukt - Juni 2012 - Gemeinde Untermarchtal","og_description":"Tiefenbohrungen am Widerlager, erster Hilfspfeiler fertig, Schalungsarbeiten und Eisenbieger am Werk. Dazu noch eine Familiengeschichte. Zur Baustelle Auf einer Baustelle wie der Neubau des Donauviadukt bei Untermarchtal, ist immer was los. Rund 50 Personen arbeiten zur Zeit dort mit modernstem Maschineneinsatz. Dazu geh\u00f6rt das Tiefenbohrger\u00e4t der Firma G+R, Spezialtiefbau mit der Bohrpfahlgr\u00fcndung an den beiden [&hellip;]","og_url":"https:\/\/www.gemeinde-untermarchtal.de\/index.php\/neubau-donauviadukt-juni-2012\/","og_site_name":"Gemeinde Untermarchtal","article_modified_time":"2018-07-21T07:31:49+00:00","og_image":[{"url":"https:\/\/www.gemeinde-untermarchtal.de\/bilder\/Donauviadukt_Neubau_Juni_2012_Taktkeller.jpg","type":"","width":"","height":""}],"twitter_card":"summary_large_image","twitter_misc":{"Gesch\u00e4tzte Lesezeit":"3\u00a0Minuten"},"schema":{"@context":"https:\/\/schema.org","@graph":[{"@type":"WebPage","@id":"https:\/\/www.gemeinde-untermarchtal.de\/index.php\/neubau-donauviadukt-juni-2012\/","url":"https:\/\/www.gemeinde-untermarchtal.de\/index.php\/neubau-donauviadukt-juni-2012\/","name":"Neubau Donauviadukt - Juni 2012 - Gemeinde Untermarchtal","isPartOf":{"@id":"https:\/\/www.gemeinde-untermarchtal.de\/#website"},"primaryImageOfPage":{"@id":"https:\/\/www.gemeinde-untermarchtal.de\/index.php\/neubau-donauviadukt-juni-2012\/#primaryimage"},"image":{"@id":"https:\/\/www.gemeinde-untermarchtal.de\/index.php\/neubau-donauviadukt-juni-2012\/#primaryimage"},"thumbnailUrl":"https:\/\/www.gemeinde-untermarchtal.de\/bilder\/Donauviadukt_Neubau_Juni_2012_Taktkeller.jpg","datePublished":"2016-10-06T20:23:14+00:00","dateModified":"2018-07-21T07:31:49+00:00","breadcrumb":{"@id":"https:\/\/www.gemeinde-untermarchtal.de\/index.php\/neubau-donauviadukt-juni-2012\/#breadcrumb"},"inLanguage":"de","potentialAction":[{"@type":"ReadAction","target":["https:\/\/www.gemeinde-untermarchtal.de\/index.php\/neubau-donauviadukt-juni-2012\/"]}]},{"@type":"ImageObject","inLanguage":"de","@id":"https:\/\/www.gemeinde-untermarchtal.de\/index.php\/neubau-donauviadukt-juni-2012\/#primaryimage","url":"https:\/\/www.gemeinde-untermarchtal.de\/bilder\/Donauviadukt_Neubau_Juni_2012_Taktkeller.jpg","contentUrl":"https:\/\/www.gemeinde-untermarchtal.de\/bilder\/Donauviadukt_Neubau_Juni_2012_Taktkeller.jpg","width":760,"height":570},{"@type":"BreadcrumbList","@id":"https:\/\/www.gemeinde-untermarchtal.de\/index.php\/neubau-donauviadukt-juni-2012\/#breadcrumb","itemListElement":[{"@type":"ListItem","position":1,"name":"Startseite","item":"https:\/\/www.gemeinde-untermarchtal.de\/"},{"@type":"ListItem","position":2,"name":"Neubau Donauviadukt - Juni 2012"}]},{"@type":"WebSite","@id":"https:\/\/www.gemeinde-untermarchtal.de\/#website","url":"https:\/\/www.gemeinde-untermarchtal.de\/","name":"Gemeinde Untermarchtal","description":"Gemeinde Untermarchtal","potentialAction":[{"@type":"SearchAction","target":{"@type":"EntryPoint","urlTemplate":"https:\/\/www.gemeinde-untermarchtal.de\/?s={search_term_string}"},"query-input":{"@type":"PropertyValueSpecification","valueRequired":true,"valueName":"search_term_string"}}],"inLanguage":"de"}]}},"_links":{"self":[{"href":"https:\/\/www.gemeinde-untermarchtal.de\/index.php\/wp-json\/wp\/v2\/pages\/1181","targetHints":{"allow":["GET"]}}],"collection":[{"href":"https:\/\/www.gemeinde-untermarchtal.de\/index.php\/wp-json\/wp\/v2\/pages"}],"about":[{"href":"https:\/\/www.gemeinde-untermarchtal.de\/index.php\/wp-json\/wp\/v2\/types\/page"}],"author":[{"embeddable":true,"href":"https:\/\/www.gemeinde-untermarchtal.de\/index.php\/wp-json\/wp\/v2\/users\/1"}],"replies":[{"embeddable":true,"href":"https:\/\/www.gemeinde-untermarchtal.de\/index.php\/wp-json\/wp\/v2\/comments?post=1181"}],"version-history":[{"count":11,"href":"https:\/\/www.gemeinde-untermarchtal.de\/index.php\/wp-json\/wp\/v2\/pages\/1181\/revisions"}],"predecessor-version":[{"id":2745,"href":"https:\/\/www.gemeinde-untermarchtal.de\/index.php\/wp-json\/wp\/v2\/pages\/1181\/revisions\/2745"}],"wp:attachment":[{"href":"https:\/\/www.gemeinde-untermarchtal.de\/index.php\/wp-json\/wp\/v2\/media?parent=1181"}],"curies":[{"name":"wp","href":"https:\/\/api.w.org\/{rel}","templated":true}]}}