{"id":1568,"date":"2016-10-21T22:19:19","date_gmt":"2016-10-21T20:19:19","guid":{"rendered":"http:\/\/www.gemeinde-untermarchtal.de\/?page_id=1568"},"modified":"2018-07-21T08:23:39","modified_gmt":"2018-07-21T06:23:39","slug":"80-jahre-kriegerdenkmal-1932-2012","status":"publish","type":"page","link":"https:\/\/www.gemeinde-untermarchtal.de\/index.php\/80-jahre-kriegerdenkmal-1932-2012\/","title":{"rendered":"80 Jahre Kriegerdenkmal 1932 - 2012"},"content":{"rendered":"<h3>Das Untermarchtaler Kriegerdenkmal wurde genau vor 80 Jahren geweiht und \u00fcbergeben<\/h3>\r\n<p>Heutige Zeitgenossen k\u00f6nnen sich in die Zeit vor 80 Jahren zur\u00fcckversetzen um die damalige Denkund Handelweise annehmen. Die Heldenehrung in dieser Zeit r\u00fcckblickend auf den 1. Weltkrieg und seine Folgen die bis in die heutigen Tagen hineinragen, setzten in dieser Zeit, wo bereits die Politik des 3. Reiches einwirkte, in den bestehende Kriegervereinen fast allerorts, fort. In diesen Kriegerbund-Vereinen war die Helden- und Gefallenenehrung volkst\u00fcmlich und redlich gemeint. So war es auch vor genau 80 Jahren, am 10. Juli 1932 auf dem Untermarchtaler Gemeindefriedhof mit der Weihe und \u00dcbergabe des neuen Kriegerdenkmal und der Anwesentheit aller Vereinsmitglieder des Kriegerbundes mit Fahne. Das Ehrenmal wurde von der Gemeinde gestiftet. B\u00fcrgermeister war Georg Leichtle und in seiner Person war er auch Vorstand des \u00f6rtlichen Kriegerbund der eine Vereinsfahne aus dem Jahr 1875 sein Eigentum nannte. Die kirchliche Weihe nahm Ortspfarrer und Dekan Felix Stiegele vor. Er verstarb 1951 und viele kennen sich noch heute an ihn erinnern. Stiegele legte nach dem feierlichen Gottesdienst bei der Weihehandlung jene Worte der hl. Schrift zugrunde wo es hei\u00dft, \u201eAuch Steine k\u00f6nnen reden\u201c. Dankbarkeit, Liebe und Glauben sollen das ewige Gl\u00fcck festigen und verst\u00e4rken.<\/p>\r\n\r\n<div id=\"attachment_1569\" style=\"width: 580px\" class=\"wp-caption alignnone\"><img loading=\"lazy\" decoding=\"async\" aria-describedby=\"caption-attachment-1569\" class=\"wp-image-1569 size-full\" src=\"https:\/\/www.gemeinde-untermarchtal.de\/bilder\/Kriegerdenkmal_80_Jahre_Denkmal.jpg\" alt=\"kriegerdenkmal_80_jahre_denkmal\" width=\"570\" height=\"760\" \/><p id=\"caption-attachment-1569\" class=\"wp-caption-text\">Das Foto zeigt das Kriegerdenkmal aus Sicht von der Pfarrkirche St. Andreas<\/p><\/div>\r\n\r\n<div id=\"attachment_1571\" style=\"width: 580px\" class=\"wp-caption alignnone\"><img loading=\"lazy\" decoding=\"async\" aria-describedby=\"caption-attachment-1571\" class=\"wp-image-1571 size-full\" src=\"https:\/\/www.gemeinde-untermarchtal.de\/bilder\/Kriegerdenkmal_80_Jahre_Erzengel.jpg\" alt=\"kriegerdenkmal_80_jahre_erzengel\" width=\"570\" height=\"760\" \/><p id=\"caption-attachment-1571\" class=\"wp-caption-text\">Der Erzengel St. Michael - Schutzheiliger der Soldaten<\/p><\/div>\r\n\r\n<p>Steinbildhauermeister Johann Baptist Merkt aus Munderkingen, der das Ehrenmal entwarf und ausf\u00fchrte, erkl\u00e4rte sein Schaffenswerk. Das Steinmaterial stammte aus dem Fr\u00e4nkischen und ist Marmor von Treuchtlingen. Die Figur des Erzengel Michael, Patron der Deutschen und Schutzheiliger der Soldaten, trohnt erhaben auf dem Denkmal. Sankt Michael ist ausgestattet mit flammenden Schwert und Schild. Darauf steht in lateinischen Buchstaben \u201eQuis ut Deus\u201c und hei\u00dft \u00fcbersetzt aus dem hebr\u00e4ischen \u201eMichael\u201c und daraus \u00fcbersetzt auf deutsch \u201eWer ist wie Gott?\u201c. Michael will als Sieger des Guten \u00fcber das B\u00f6se dies verk\u00fcnden. Das Steinmaterial hatte \u00fcbrigens der schon 1930 verstorbene B\u00fcrgermeister Albert Gro\u00dfmann mit B\u00fcrgermeister Leichtle besorgt. Merkt \u00fcbergab das Denkmal in die Obhut und Pflege an die Gemeinde mit den Worten: \u201eWir werden sie wiedersehen\u201c. 19 Namen der Gefallenen sind darauf vermerkt. B\u00fcrgermeister Leichtle und Oberlehrer Fischer legten damals Kr\u00e4nze nieder. 3 S\u00f6hne von Fischer sind im 1. Weltkrieg gefallen. Munderkingens Musikkapelle spielte \u201eIch hat einen Kameraden\u201c und der Gesangverein Untermarchtal sang das Lied \u201eMorgenrot\u201c. Als G\u00e4ste waren anwesend Ehrenvorstand Fundel, vom Kriegerverein Munderkingen Kaufmann Braun, Forstmeister Straub aus Mochental, Stadtrat Stitzelberger aus Munderkingen und sp\u00e4ter B\u00fcrgermeister von 1935-1941 in Untermarchtal sowie Veteran Fuchs aus Obermarchtal und Feldzugteilnehmer 1870\/71. Das damalige Presseorgan \u201eDer Donaubote\u201c in Munderkingen mit dem Redakteur und Druckerei-Eigent\u00fcmer Hermann Traub, berichtete insgesamt viermal vor und und nach der \u00dcbergabe des Untermarchtaler Kriegerdenkmal und dies zu damaliger Zeit sehr selten mit Fotos vom Ehrenmal. Die heutige im Jahre 2012 bestehende Kriegerged\u00e4chtnis-St\u00e4tte in Untermarchtal wurde zu Ehren der im 2. Weltkrieg 33 Gefallen und 9 Vermi\u00dften Soldaten aus Untermarchtal und G\u00fctelhofen im Jahre 1958 sinnvoll erweitert und wieder eingeweiht. J\u00e4hrlich findet beim Ehrenmal am Volkstrauertag eine Gedenkfeier statt.<\/p>\r\n\r\n<div id=\"attachment_1570\" style=\"width: 770px\" class=\"wp-caption alignnone\"><img loading=\"lazy\" decoding=\"async\" aria-describedby=\"caption-attachment-1570\" class=\"wp-image-1570 size-full\" src=\"https:\/\/www.gemeinde-untermarchtal.de\/bilder\/Kriegerdenkmal_80_Jahre_Einweihung.jpg\" alt=\"kriegerdenkmal_80_jahre_einweihung\" width=\"760\" height=\"570\" \/><p id=\"caption-attachment-1570\" class=\"wp-caption-text\">Das Foto zeigt das Jahr der Einweihung des Denkmals<\/p><\/div>","protected":false},"excerpt":{"rendered":"<p>Das Untermarchtaler Kriegerdenkmal wurde genau vor 80 Jahren geweiht und \u00fcbergeben Heutige Zeitgenossen k\u00f6nnen sich in die Zeit vor 80 Jahren zur\u00fcckversetzen um die damalige Denkund Handelweise annehmen. Die Heldenehrung in dieser Zeit r\u00fcckblickend auf den 1. Weltkrieg und seine Folgen die bis in die heutigen Tagen hineinragen, setzten in dieser Zeit, wo bereits die [&hellip;]<\/p>\n","protected":false},"author":1,"featured_media":0,"parent":0,"menu_order":0,"comment_status":"closed","ping_status":"closed","template":"page-templates\/_template_historische_beitraege.php","meta":{"_acf_changed":false,"footnotes":""},"class_list":["post-1568","page","type-page","status-publish","hentry"],"acf":[],"yoast_head":"<!-- This site is optimized with the Yoast SEO plugin v26.7 - https:\/\/yoast.com\/wordpress\/plugins\/seo\/ -->\n<title>80 Jahre Kriegerdenkmal 1932 - 2012 - Gemeinde Untermarchtal<\/title>\n<meta name=\"robots\" content=\"index, follow, max-snippet:-1, max-image-preview:large, max-video-preview:-1\" \/>\n<link rel=\"canonical\" href=\"https:\/\/www.gemeinde-untermarchtal.de\/index.php\/80-jahre-kriegerdenkmal-1932-2012\/\" \/>\n<meta property=\"og:locale\" content=\"de_DE\" \/>\n<meta property=\"og:type\" content=\"article\" \/>\n<meta property=\"og:title\" content=\"80 Jahre Kriegerdenkmal 1932 - 2012 - Gemeinde Untermarchtal\" \/>\n<meta property=\"og:description\" content=\"Das Untermarchtaler Kriegerdenkmal wurde genau vor 80 Jahren geweiht und \u00fcbergeben Heutige Zeitgenossen k\u00f6nnen sich in die Zeit vor 80 Jahren zur\u00fcckversetzen um die damalige Denkund Handelweise annehmen. Die Heldenehrung in dieser Zeit r\u00fcckblickend auf den 1. Weltkrieg und seine Folgen die bis in die heutigen Tagen hineinragen, setzten in dieser Zeit, wo bereits die [&hellip;]\" \/>\n<meta property=\"og:url\" content=\"https:\/\/www.gemeinde-untermarchtal.de\/index.php\/80-jahre-kriegerdenkmal-1932-2012\/\" \/>\n<meta property=\"og:site_name\" content=\"Gemeinde Untermarchtal\" \/>\n<meta property=\"article:modified_time\" content=\"2018-07-21T06:23:39+00:00\" \/>\n<meta property=\"og:image\" content=\"https:\/\/www.gemeinde-untermarchtal.de\/bilder\/Kriegerdenkmal_80_Jahre_Denkmal.jpg\" \/>\n<meta name=\"twitter:card\" content=\"summary_large_image\" \/>\n<meta name=\"twitter:label1\" content=\"Gesch\u00e4tzte Lesezeit\" \/>\n\t<meta name=\"twitter:data1\" content=\"3\u00a0Minuten\" \/>\n<script type=\"application\/ld+json\" class=\"yoast-schema-graph\">{\"@context\":\"https:\/\/schema.org\",\"@graph\":[{\"@type\":\"WebPage\",\"@id\":\"https:\/\/www.gemeinde-untermarchtal.de\/index.php\/80-jahre-kriegerdenkmal-1932-2012\/\",\"url\":\"https:\/\/www.gemeinde-untermarchtal.de\/index.php\/80-jahre-kriegerdenkmal-1932-2012\/\",\"name\":\"80 Jahre Kriegerdenkmal 1932 - 2012 - Gemeinde Untermarchtal\",\"isPartOf\":{\"@id\":\"https:\/\/www.gemeinde-untermarchtal.de\/#website\"},\"primaryImageOfPage\":{\"@id\":\"https:\/\/www.gemeinde-untermarchtal.de\/index.php\/80-jahre-kriegerdenkmal-1932-2012\/#primaryimage\"},\"image\":{\"@id\":\"https:\/\/www.gemeinde-untermarchtal.de\/index.php\/80-jahre-kriegerdenkmal-1932-2012\/#primaryimage\"},\"thumbnailUrl\":\"https:\/\/www.gemeinde-untermarchtal.de\/bilder\/Kriegerdenkmal_80_Jahre_Denkmal.jpg\",\"datePublished\":\"2016-10-21T20:19:19+00:00\",\"dateModified\":\"2018-07-21T06:23:39+00:00\",\"breadcrumb\":{\"@id\":\"https:\/\/www.gemeinde-untermarchtal.de\/index.php\/80-jahre-kriegerdenkmal-1932-2012\/#breadcrumb\"},\"inLanguage\":\"de\",\"potentialAction\":[{\"@type\":\"ReadAction\",\"target\":[\"https:\/\/www.gemeinde-untermarchtal.de\/index.php\/80-jahre-kriegerdenkmal-1932-2012\/\"]}]},{\"@type\":\"ImageObject\",\"inLanguage\":\"de\",\"@id\":\"https:\/\/www.gemeinde-untermarchtal.de\/index.php\/80-jahre-kriegerdenkmal-1932-2012\/#primaryimage\",\"url\":\"https:\/\/www.gemeinde-untermarchtal.de\/bilder\/Kriegerdenkmal_80_Jahre_Denkmal.jpg\",\"contentUrl\":\"https:\/\/www.gemeinde-untermarchtal.de\/bilder\/Kriegerdenkmal_80_Jahre_Denkmal.jpg\",\"width\":570,\"height\":760},{\"@type\":\"BreadcrumbList\",\"@id\":\"https:\/\/www.gemeinde-untermarchtal.de\/index.php\/80-jahre-kriegerdenkmal-1932-2012\/#breadcrumb\",\"itemListElement\":[{\"@type\":\"ListItem\",\"position\":1,\"name\":\"Startseite\",\"item\":\"https:\/\/www.gemeinde-untermarchtal.de\/\"},{\"@type\":\"ListItem\",\"position\":2,\"name\":\"80 Jahre Kriegerdenkmal 1932 - 2012\"}]},{\"@type\":\"WebSite\",\"@id\":\"https:\/\/www.gemeinde-untermarchtal.de\/#website\",\"url\":\"https:\/\/www.gemeinde-untermarchtal.de\/\",\"name\":\"Gemeinde Untermarchtal\",\"description\":\"Gemeinde Untermarchtal\",\"potentialAction\":[{\"@type\":\"SearchAction\",\"target\":{\"@type\":\"EntryPoint\",\"urlTemplate\":\"https:\/\/www.gemeinde-untermarchtal.de\/?s={search_term_string}\"},\"query-input\":{\"@type\":\"PropertyValueSpecification\",\"valueRequired\":true,\"valueName\":\"search_term_string\"}}],\"inLanguage\":\"de\"}]}<\/script>\n<!-- \/ Yoast SEO plugin. -->","yoast_head_json":{"title":"80 Jahre Kriegerdenkmal 1932 - 2012 - Gemeinde Untermarchtal","robots":{"index":"index","follow":"follow","max-snippet":"max-snippet:-1","max-image-preview":"max-image-preview:large","max-video-preview":"max-video-preview:-1"},"canonical":"https:\/\/www.gemeinde-untermarchtal.de\/index.php\/80-jahre-kriegerdenkmal-1932-2012\/","og_locale":"de_DE","og_type":"article","og_title":"80 Jahre Kriegerdenkmal 1932 - 2012 - Gemeinde Untermarchtal","og_description":"Das Untermarchtaler Kriegerdenkmal wurde genau vor 80 Jahren geweiht und \u00fcbergeben Heutige Zeitgenossen k\u00f6nnen sich in die Zeit vor 80 Jahren zur\u00fcckversetzen um die damalige Denkund Handelweise annehmen. Die Heldenehrung in dieser Zeit r\u00fcckblickend auf den 1. Weltkrieg und seine Folgen die bis in die heutigen Tagen hineinragen, setzten in dieser Zeit, wo bereits die [&hellip;]","og_url":"https:\/\/www.gemeinde-untermarchtal.de\/index.php\/80-jahre-kriegerdenkmal-1932-2012\/","og_site_name":"Gemeinde Untermarchtal","article_modified_time":"2018-07-21T06:23:39+00:00","og_image":[{"url":"https:\/\/www.gemeinde-untermarchtal.de\/bilder\/Kriegerdenkmal_80_Jahre_Denkmal.jpg","type":"","width":"","height":""}],"twitter_card":"summary_large_image","twitter_misc":{"Gesch\u00e4tzte Lesezeit":"3\u00a0Minuten"},"schema":{"@context":"https:\/\/schema.org","@graph":[{"@type":"WebPage","@id":"https:\/\/www.gemeinde-untermarchtal.de\/index.php\/80-jahre-kriegerdenkmal-1932-2012\/","url":"https:\/\/www.gemeinde-untermarchtal.de\/index.php\/80-jahre-kriegerdenkmal-1932-2012\/","name":"80 Jahre Kriegerdenkmal 1932 - 2012 - Gemeinde Untermarchtal","isPartOf":{"@id":"https:\/\/www.gemeinde-untermarchtal.de\/#website"},"primaryImageOfPage":{"@id":"https:\/\/www.gemeinde-untermarchtal.de\/index.php\/80-jahre-kriegerdenkmal-1932-2012\/#primaryimage"},"image":{"@id":"https:\/\/www.gemeinde-untermarchtal.de\/index.php\/80-jahre-kriegerdenkmal-1932-2012\/#primaryimage"},"thumbnailUrl":"https:\/\/www.gemeinde-untermarchtal.de\/bilder\/Kriegerdenkmal_80_Jahre_Denkmal.jpg","datePublished":"2016-10-21T20:19:19+00:00","dateModified":"2018-07-21T06:23:39+00:00","breadcrumb":{"@id":"https:\/\/www.gemeinde-untermarchtal.de\/index.php\/80-jahre-kriegerdenkmal-1932-2012\/#breadcrumb"},"inLanguage":"de","potentialAction":[{"@type":"ReadAction","target":["https:\/\/www.gemeinde-untermarchtal.de\/index.php\/80-jahre-kriegerdenkmal-1932-2012\/"]}]},{"@type":"ImageObject","inLanguage":"de","@id":"https:\/\/www.gemeinde-untermarchtal.de\/index.php\/80-jahre-kriegerdenkmal-1932-2012\/#primaryimage","url":"https:\/\/www.gemeinde-untermarchtal.de\/bilder\/Kriegerdenkmal_80_Jahre_Denkmal.jpg","contentUrl":"https:\/\/www.gemeinde-untermarchtal.de\/bilder\/Kriegerdenkmal_80_Jahre_Denkmal.jpg","width":570,"height":760},{"@type":"BreadcrumbList","@id":"https:\/\/www.gemeinde-untermarchtal.de\/index.php\/80-jahre-kriegerdenkmal-1932-2012\/#breadcrumb","itemListElement":[{"@type":"ListItem","position":1,"name":"Startseite","item":"https:\/\/www.gemeinde-untermarchtal.de\/"},{"@type":"ListItem","position":2,"name":"80 Jahre Kriegerdenkmal 1932 - 2012"}]},{"@type":"WebSite","@id":"https:\/\/www.gemeinde-untermarchtal.de\/#website","url":"https:\/\/www.gemeinde-untermarchtal.de\/","name":"Gemeinde Untermarchtal","description":"Gemeinde Untermarchtal","potentialAction":[{"@type":"SearchAction","target":{"@type":"EntryPoint","urlTemplate":"https:\/\/www.gemeinde-untermarchtal.de\/?s={search_term_string}"},"query-input":{"@type":"PropertyValueSpecification","valueRequired":true,"valueName":"search_term_string"}}],"inLanguage":"de"}]}},"_links":{"self":[{"href":"https:\/\/www.gemeinde-untermarchtal.de\/index.php\/wp-json\/wp\/v2\/pages\/1568","targetHints":{"allow":["GET"]}}],"collection":[{"href":"https:\/\/www.gemeinde-untermarchtal.de\/index.php\/wp-json\/wp\/v2\/pages"}],"about":[{"href":"https:\/\/www.gemeinde-untermarchtal.de\/index.php\/wp-json\/wp\/v2\/types\/page"}],"author":[{"embeddable":true,"href":"https:\/\/www.gemeinde-untermarchtal.de\/index.php\/wp-json\/wp\/v2\/users\/1"}],"replies":[{"embeddable":true,"href":"https:\/\/www.gemeinde-untermarchtal.de\/index.php\/wp-json\/wp\/v2\/comments?post=1568"}],"version-history":[{"count":9,"href":"https:\/\/www.gemeinde-untermarchtal.de\/index.php\/wp-json\/wp\/v2\/pages\/1568\/revisions"}],"predecessor-version":[{"id":2721,"href":"https:\/\/www.gemeinde-untermarchtal.de\/index.php\/wp-json\/wp\/v2\/pages\/1568\/revisions\/2721"}],"wp:attachment":[{"href":"https:\/\/www.gemeinde-untermarchtal.de\/index.php\/wp-json\/wp\/v2\/media?parent=1568"}],"curies":[{"name":"wp","href":"https:\/\/api.w.org\/{rel}","templated":true}]}}