{"id":1646,"date":"2016-10-27T23:12:46","date_gmt":"2016-10-27T21:12:46","guid":{"rendered":"http:\/\/www.gemeinde-untermarchtal.de\/?page_id=1646"},"modified":"2016-10-28T20:52:50","modified_gmt":"2016-10-28T18:52:50","slug":"jubilaeum-140-jahre-friedenslinden","status":"publish","type":"page","link":"https:\/\/www.gemeinde-untermarchtal.de\/index.php\/jubilaeum-140-jahre-friedenslinden\/","title":{"rendered":"Jubil\u00e4um - 140 Jahre Friedenslinden"},"content":{"rendered":"<h3>140 Jahre Pflanzung der Friedenslinden in Untermarchtal<\/h3>\r\n<p>Vor 140 Jahren, am 19. M\u00e4rz 1871, wurden die 3 Friedenslinden bei Untermarchtal gepflanzt. In der Chronik der Pfarrei Untermarchtal wird die Pflanzung der 3 Friedenslinden vor 140 Jahren vom damaligen Pfarrherr Franz Josef Schwithelm geschildert. Die 3 Friedenslinden sind in den 140 Jahren zu stattlichen B\u00e4umen an der Landstra\u00dfe nach Munderkingen herangewachsen, spenden im Sommer den &#8222;Donauradwanderer&#8220; bei einer kleinen Rast viel Schatten und sind seit mehreren Jahren als Naturdenkmale gekennzeichnet. Die B\u00e4ume mu\u00dften sich schon mehrmals nach fachm\u00e4nnischer Beurteilung, verschiedenster Rettungsma\u00dfnahmen unterziehen.<\/p>\r\n\r\n<div id=\"attachment_1648\" style=\"width: 770px\" class=\"wp-caption alignnone\"><img loading=\"lazy\" decoding=\"async\" aria-describedby=\"caption-attachment-1648\" class=\"wp-image-1648 size-full\" src=\"http:\/\/bilder.gemeinde-untermarchtal.de\/\/140_Jahre_Friedenslinden_Sommer.jpg\" alt=\"140_jahre_friedenslinden_sommer\" width=\"760\" height=\"570\" \/><p id=\"caption-attachment-1648\" class=\"wp-caption-text\">Die 3 Friedenslinden im Sommer<\/p><\/div>\r\n<h3>Die Historie der 3 Friedenslinden<\/h3>\r\n<p>Die kriegerischen Auseinandersetzungen zwischen Frankreich und Deutschland in den Jahren 1870\/71 hatten am 28. Januar 1871 die \u00dcbergabe von Paris an die Deutschen zur Folge. Eine damalige Schmach f\u00fcr Frankreich. Der Friedensabschlu\u00df zwischen Frankreich und Deutschland wurde am 28. Februar 1871 in Paris besiegelt. Zuvor wurde K\u00f6nig Wilhelm I von Preussen, am 18. Januar 1871 in Versailles zum Deutschen Kaiser Wilhelm I ausgerufen. Die Siegeslaune Deutschlands wurde am 27. Februar 1871 mit einem 1-st\u00fcndigen Glockenl\u00e4uten bekundet. Aus Veranlassung der \u00dcbergabe von Paris an die Deutschen, so steht es in der Chronik, wurde hier am 1. Februar 1871 mit einer Schlittenfahrt der Schulkinder nach Kirchbierlingen gefeiert. Es nahmen der Ortsgeistliche Pfarrer Franz Josef Schwithelm, Lehrer August Butscher, Schulthei\u00df Johann Bierer, der Gemeinderat sowie die Eltern aus Untermarchtal und G\u00fctelhofen teil. Am 5. M\u00e4rz 1871 war Pfarrer Schwithelm, ein geb\u00fcrtigter Ulmer, aus Veranlassung der Feier zum Friedensabschluss mit dem Zug nach Ulm gereist. Auf der Wilhelmsburg und auf dem M\u00fcnsterplatz wurden Feuerwerke abgebrannt. Am selben Tag hatte auch die Stadt Munderkingen ein &#8222;Friedensfest&#8220; mit Feuerwerk, Fackelzug und Musik veranstaltet.<\/p>\r\n\r\n<div id=\"attachment_1647\" style=\"width: 770px\" class=\"wp-caption alignnone\"><img loading=\"lazy\" decoding=\"async\" aria-describedby=\"caption-attachment-1647\" class=\"wp-image-1647 size-full\" src=\"http:\/\/bilder.gemeinde-untermarchtal.de\/\/140_Jahre_Friedenslinden_Herbst.jpg\" alt=\"140_jahre_friedenslinden_herbst\" width=\"760\" height=\"570\" \/><p id=\"caption-attachment-1647\" class=\"wp-caption-text\">Die 3 Friedenslinden im Herbst<\/p><\/div>\r\n<h3>19. M\u00e4rz 1871, Pflanzung der 3 Untermarchtaler Friedenslinden<\/h3>\r\n<p>An &#8222;meinem Namenstag&#8220; so der Chronikschreiber, vermerkt er an diesem Tag selbst, wurde zur denkw\u00fcrdigen Erinnerung an den Krieg von 1870\/71 und den Frieden von Paris, 3 Friedenslinden beim dem Kreuze des Hirschwirt Knittel an der Stra\u00dfe nach Munderkingen gesetzt. Weiter im Originaltext: M\u00f6gen die 3 Linden den k\u00fcnftigen Geschlechtern Frieden verk\u00fcnden und wie Kaiser und Reich erstanden, die blutigen Kriege von 1870\/71 sinnvoll f\u00fcr Deutschland und Frankreich sind. Zuvor bewegte sich zum Ort der Pflanzung nach dem Gottesdienst ein Festzug in folgender Ordnung: Musik aus Munderkingen, die Tr\u00e4ger der Deutschen Fahnen gef\u00fchrt vom Veteran Josef Ziegler, Weber und Ege aus Algershofen. Beide standen vor 56 Jahren bei den Befreiungskriegen 1815\/16 gegen Napoleon als Soldaten vor Paris. Sebastian Br\u00f6ckel, Stra\u00dfenw\u00e4rter. Er war 2 Stunden zuvor als beurlaubter Soldat an der Festung &#8222;Belfort&#8220; in Frankreich vom Felde heimgekommen in Uniform. (Anmerkung der Red.: Sp\u00e4ter wurde er und noch einige Soldaten von hier &#8222;als die Helden von Belfort&#8220; erw\u00e4hnt und gefeiert.) Hinter diesen gingen die Sch\u00fcler mit Fahnen, die Sch\u00fclerinnen mit Blumenkr\u00e4nzen. Hinter der zweiten Fahne gingen die Frauen der im Felde gestandenen Soldaten. Nach der dritten Fahne kam der Gemeinderat, die J\u00fcnglinge und M\u00e4nner, darauf die Frauen und M\u00e4dchen. Auf Anordnung der Oberschulbeh\u00f6rde hielt Lehrer Butscher auf dem Festplatz die Festrede mit den geschichtlichen Ereignissen von der Kriegserkl\u00e4rung am 16. Juni 1870 bis zum Friedensschluss am 28. Februar 1871. Nach der Weihe der 3 Linden legten der Ortsgeistliche und die Veteranen Ziegler und Ege eine Schaufel Boden an die Linden und es wurde ein Hoch auf den Deutschen Kaiser und die Tapferkeit der Soldaten angestimmt. Im Gasthaus Adler (heute Haus St. Josef des Klosters) feierte die ganze Gemeinde diesen Tag. Am 24. M\u00e4rz 1871 fuhr ein Milit\u00e4rzug mit einer W\u00fcrttembergischen Companie von ca. 170 Mann durch Untermarchtal von der Festung Belfort kommend. Der Zug hielt an und es entstieg der Untermarchtaler Soldat und Schmied Carl Ege. Mit Blumen wurden die Soldaten von den Schulkindern beschenkt. In der Garnisonstadt Ulm wurden die siegreichen Truppen geehrt und gefeiert. Chronikschreiber Pfarrer Schwithelm und seine Amtskollegen von Neuburg, Kirchen, Hausen, Unterwachingen und Munderkingen waren dabei in Ulm. Ein Trauergottesdienst f\u00fcr die Gefallenen mit Predigt, Amt mit dem &#8222;Gro\u00dfen Te Deum&#8220;, wurde in der Pfarrkirche am 16. Juli 1871 gehalten. Das war 1 Jahr nach der Kriegserkl\u00e4rung. An den Gottesdienst anschlie\u00dfend gingen die Soldaten, die \u00f6rtlichen Collegien, Schulkinder und das Volk in gleicher Ordnung durch den beflaggten und bekr\u00e4nzten Ort zu den 3 Linden. Der Ortsgeistliche brachte dort ein Hoch auf dern Kaiser und das W\u00fcrttembergische K\u00f6nigspaar Carl und K\u00f6nigin Olga, die in diesen Tagen ihr 25-j\u00e4hriges Ehejubil\u00e4um feierten.<\/p>\r\n\r\n<div id=\"attachment_1649\" style=\"width: 770px\" class=\"wp-caption alignnone\"><img loading=\"lazy\" decoding=\"async\" aria-describedby=\"caption-attachment-1649\" class=\"wp-image-1649 size-full\" src=\"http:\/\/bilder.gemeinde-untermarchtal.de\/\/140_Jahre_Friedenslinden_Winter.jpg\" alt=\"140_jahre_friedenslinden_winter\" width=\"760\" height=\"570\" \/><p id=\"caption-attachment-1649\" class=\"wp-caption-text\">Die 3 Friedenslinden im Winter<\/p><\/div>","protected":false},"excerpt":{"rendered":"<p>140 Jahre Pflanzung der Friedenslinden in Untermarchtal Vor 140 Jahren, am 19. M\u00e4rz 1871, wurden die 3 Friedenslinden bei Untermarchtal gepflanzt. In der Chronik der Pfarrei Untermarchtal wird die Pflanzung der 3 Friedenslinden vor 140 Jahren vom damaligen Pfarrherr Franz Josef Schwithelm geschildert. Die 3 Friedenslinden sind in den 140 Jahren zu stattlichen B\u00e4umen an [&hellip;]<\/p>\n","protected":false},"author":1,"featured_media":0,"parent":0,"menu_order":0,"comment_status":"closed","ping_status":"closed","template":"page-templates\/_template_historische_beitraege.php","meta":{"_acf_changed":false,"footnotes":""},"class_list":["post-1646","page","type-page","status-publish","hentry"],"acf":[],"yoast_head":"<!-- This site is optimized with the Yoast SEO plugin v26.7 - https:\/\/yoast.com\/wordpress\/plugins\/seo\/ -->\n<title>Jubil\u00e4um - 140 Jahre Friedenslinden - Gemeinde Untermarchtal<\/title>\n<meta name=\"robots\" content=\"index, follow, max-snippet:-1, max-image-preview:large, max-video-preview:-1\" \/>\n<link rel=\"canonical\" href=\"https:\/\/www.gemeinde-untermarchtal.de\/index.php\/jubilaeum-140-jahre-friedenslinden\/\" \/>\n<meta property=\"og:locale\" content=\"de_DE\" \/>\n<meta property=\"og:type\" content=\"article\" \/>\n<meta property=\"og:title\" content=\"Jubil\u00e4um - 140 Jahre Friedenslinden - Gemeinde Untermarchtal\" \/>\n<meta property=\"og:description\" content=\"140 Jahre Pflanzung der Friedenslinden in Untermarchtal Vor 140 Jahren, am 19. M\u00e4rz 1871, wurden die 3 Friedenslinden bei Untermarchtal gepflanzt. In der Chronik der Pfarrei Untermarchtal wird die Pflanzung der 3 Friedenslinden vor 140 Jahren vom damaligen Pfarrherr Franz Josef Schwithelm geschildert. Die 3 Friedenslinden sind in den 140 Jahren zu stattlichen B\u00e4umen an [&hellip;]\" \/>\n<meta property=\"og:url\" content=\"https:\/\/www.gemeinde-untermarchtal.de\/index.php\/jubilaeum-140-jahre-friedenslinden\/\" \/>\n<meta property=\"og:site_name\" content=\"Gemeinde Untermarchtal\" \/>\n<meta property=\"article:modified_time\" content=\"2016-10-28T18:52:50+00:00\" \/>\n<meta property=\"og:image\" content=\"http:\/\/bilder.gemeinde-untermarchtal.de\/\/140_Jahre_Friedenslinden_Sommer.jpg\" \/>\n<meta name=\"twitter:card\" content=\"summary_large_image\" \/>\n<meta name=\"twitter:label1\" content=\"Gesch\u00e4tzte Lesezeit\" \/>\n\t<meta name=\"twitter:data1\" content=\"4\u00a0Minuten\" \/>\n<script type=\"application\/ld+json\" class=\"yoast-schema-graph\">{\"@context\":\"https:\/\/schema.org\",\"@graph\":[{\"@type\":\"WebPage\",\"@id\":\"https:\/\/www.gemeinde-untermarchtal.de\/index.php\/jubilaeum-140-jahre-friedenslinden\/\",\"url\":\"https:\/\/www.gemeinde-untermarchtal.de\/index.php\/jubilaeum-140-jahre-friedenslinden\/\",\"name\":\"Jubil\u00e4um - 140 Jahre Friedenslinden - Gemeinde Untermarchtal\",\"isPartOf\":{\"@id\":\"https:\/\/www.gemeinde-untermarchtal.de\/#website\"},\"primaryImageOfPage\":{\"@id\":\"https:\/\/www.gemeinde-untermarchtal.de\/index.php\/jubilaeum-140-jahre-friedenslinden\/#primaryimage\"},\"image\":{\"@id\":\"https:\/\/www.gemeinde-untermarchtal.de\/index.php\/jubilaeum-140-jahre-friedenslinden\/#primaryimage\"},\"thumbnailUrl\":\"http:\/\/bilder.gemeinde-untermarchtal.de\/\/140_Jahre_Friedenslinden_Sommer.jpg\",\"datePublished\":\"2016-10-27T21:12:46+00:00\",\"dateModified\":\"2016-10-28T18:52:50+00:00\",\"breadcrumb\":{\"@id\":\"https:\/\/www.gemeinde-untermarchtal.de\/index.php\/jubilaeum-140-jahre-friedenslinden\/#breadcrumb\"},\"inLanguage\":\"de\",\"potentialAction\":[{\"@type\":\"ReadAction\",\"target\":[\"https:\/\/www.gemeinde-untermarchtal.de\/index.php\/jubilaeum-140-jahre-friedenslinden\/\"]}]},{\"@type\":\"ImageObject\",\"inLanguage\":\"de\",\"@id\":\"https:\/\/www.gemeinde-untermarchtal.de\/index.php\/jubilaeum-140-jahre-friedenslinden\/#primaryimage\",\"url\":\"http:\/\/bilder.gemeinde-untermarchtal.de\/\/140_Jahre_Friedenslinden_Sommer.jpg\",\"contentUrl\":\"http:\/\/bilder.gemeinde-untermarchtal.de\/\/140_Jahre_Friedenslinden_Sommer.jpg\"},{\"@type\":\"BreadcrumbList\",\"@id\":\"https:\/\/www.gemeinde-untermarchtal.de\/index.php\/jubilaeum-140-jahre-friedenslinden\/#breadcrumb\",\"itemListElement\":[{\"@type\":\"ListItem\",\"position\":1,\"name\":\"Startseite\",\"item\":\"https:\/\/www.gemeinde-untermarchtal.de\/\"},{\"@type\":\"ListItem\",\"position\":2,\"name\":\"Jubil\u00e4um - 140 Jahre Friedenslinden\"}]},{\"@type\":\"WebSite\",\"@id\":\"https:\/\/www.gemeinde-untermarchtal.de\/#website\",\"url\":\"https:\/\/www.gemeinde-untermarchtal.de\/\",\"name\":\"Gemeinde Untermarchtal\",\"description\":\"Gemeinde Untermarchtal\",\"potentialAction\":[{\"@type\":\"SearchAction\",\"target\":{\"@type\":\"EntryPoint\",\"urlTemplate\":\"https:\/\/www.gemeinde-untermarchtal.de\/?s={search_term_string}\"},\"query-input\":{\"@type\":\"PropertyValueSpecification\",\"valueRequired\":true,\"valueName\":\"search_term_string\"}}],\"inLanguage\":\"de\"}]}<\/script>\n<!-- \/ Yoast SEO plugin. -->","yoast_head_json":{"title":"Jubil\u00e4um - 140 Jahre Friedenslinden - Gemeinde Untermarchtal","robots":{"index":"index","follow":"follow","max-snippet":"max-snippet:-1","max-image-preview":"max-image-preview:large","max-video-preview":"max-video-preview:-1"},"canonical":"https:\/\/www.gemeinde-untermarchtal.de\/index.php\/jubilaeum-140-jahre-friedenslinden\/","og_locale":"de_DE","og_type":"article","og_title":"Jubil\u00e4um - 140 Jahre Friedenslinden - Gemeinde Untermarchtal","og_description":"140 Jahre Pflanzung der Friedenslinden in Untermarchtal Vor 140 Jahren, am 19. M\u00e4rz 1871, wurden die 3 Friedenslinden bei Untermarchtal gepflanzt. In der Chronik der Pfarrei Untermarchtal wird die Pflanzung der 3 Friedenslinden vor 140 Jahren vom damaligen Pfarrherr Franz Josef Schwithelm geschildert. Die 3 Friedenslinden sind in den 140 Jahren zu stattlichen B\u00e4umen an [&hellip;]","og_url":"https:\/\/www.gemeinde-untermarchtal.de\/index.php\/jubilaeum-140-jahre-friedenslinden\/","og_site_name":"Gemeinde Untermarchtal","article_modified_time":"2016-10-28T18:52:50+00:00","og_image":[{"url":"http:\/\/bilder.gemeinde-untermarchtal.de\/\/140_Jahre_Friedenslinden_Sommer.jpg","type":"","width":"","height":""}],"twitter_card":"summary_large_image","twitter_misc":{"Gesch\u00e4tzte Lesezeit":"4\u00a0Minuten"},"schema":{"@context":"https:\/\/schema.org","@graph":[{"@type":"WebPage","@id":"https:\/\/www.gemeinde-untermarchtal.de\/index.php\/jubilaeum-140-jahre-friedenslinden\/","url":"https:\/\/www.gemeinde-untermarchtal.de\/index.php\/jubilaeum-140-jahre-friedenslinden\/","name":"Jubil\u00e4um - 140 Jahre Friedenslinden - Gemeinde Untermarchtal","isPartOf":{"@id":"https:\/\/www.gemeinde-untermarchtal.de\/#website"},"primaryImageOfPage":{"@id":"https:\/\/www.gemeinde-untermarchtal.de\/index.php\/jubilaeum-140-jahre-friedenslinden\/#primaryimage"},"image":{"@id":"https:\/\/www.gemeinde-untermarchtal.de\/index.php\/jubilaeum-140-jahre-friedenslinden\/#primaryimage"},"thumbnailUrl":"http:\/\/bilder.gemeinde-untermarchtal.de\/\/140_Jahre_Friedenslinden_Sommer.jpg","datePublished":"2016-10-27T21:12:46+00:00","dateModified":"2016-10-28T18:52:50+00:00","breadcrumb":{"@id":"https:\/\/www.gemeinde-untermarchtal.de\/index.php\/jubilaeum-140-jahre-friedenslinden\/#breadcrumb"},"inLanguage":"de","potentialAction":[{"@type":"ReadAction","target":["https:\/\/www.gemeinde-untermarchtal.de\/index.php\/jubilaeum-140-jahre-friedenslinden\/"]}]},{"@type":"ImageObject","inLanguage":"de","@id":"https:\/\/www.gemeinde-untermarchtal.de\/index.php\/jubilaeum-140-jahre-friedenslinden\/#primaryimage","url":"http:\/\/bilder.gemeinde-untermarchtal.de\/\/140_Jahre_Friedenslinden_Sommer.jpg","contentUrl":"http:\/\/bilder.gemeinde-untermarchtal.de\/\/140_Jahre_Friedenslinden_Sommer.jpg"},{"@type":"BreadcrumbList","@id":"https:\/\/www.gemeinde-untermarchtal.de\/index.php\/jubilaeum-140-jahre-friedenslinden\/#breadcrumb","itemListElement":[{"@type":"ListItem","position":1,"name":"Startseite","item":"https:\/\/www.gemeinde-untermarchtal.de\/"},{"@type":"ListItem","position":2,"name":"Jubil\u00e4um - 140 Jahre Friedenslinden"}]},{"@type":"WebSite","@id":"https:\/\/www.gemeinde-untermarchtal.de\/#website","url":"https:\/\/www.gemeinde-untermarchtal.de\/","name":"Gemeinde Untermarchtal","description":"Gemeinde Untermarchtal","potentialAction":[{"@type":"SearchAction","target":{"@type":"EntryPoint","urlTemplate":"https:\/\/www.gemeinde-untermarchtal.de\/?s={search_term_string}"},"query-input":{"@type":"PropertyValueSpecification","valueRequired":true,"valueName":"search_term_string"}}],"inLanguage":"de"}]}},"_links":{"self":[{"href":"https:\/\/www.gemeinde-untermarchtal.de\/index.php\/wp-json\/wp\/v2\/pages\/1646","targetHints":{"allow":["GET"]}}],"collection":[{"href":"https:\/\/www.gemeinde-untermarchtal.de\/index.php\/wp-json\/wp\/v2\/pages"}],"about":[{"href":"https:\/\/www.gemeinde-untermarchtal.de\/index.php\/wp-json\/wp\/v2\/types\/page"}],"author":[{"embeddable":true,"href":"https:\/\/www.gemeinde-untermarchtal.de\/index.php\/wp-json\/wp\/v2\/users\/1"}],"replies":[{"embeddable":true,"href":"https:\/\/www.gemeinde-untermarchtal.de\/index.php\/wp-json\/wp\/v2\/comments?post=1646"}],"version-history":[{"count":3,"href":"https:\/\/www.gemeinde-untermarchtal.de\/index.php\/wp-json\/wp\/v2\/pages\/1646\/revisions"}],"predecessor-version":[{"id":1658,"href":"https:\/\/www.gemeinde-untermarchtal.de\/index.php\/wp-json\/wp\/v2\/pages\/1646\/revisions\/1658"}],"wp:attachment":[{"href":"https:\/\/www.gemeinde-untermarchtal.de\/index.php\/wp-json\/wp\/v2\/media?parent=1646"}],"curies":[{"name":"wp","href":"https:\/\/api.w.org\/{rel}","templated":true}]}}