{"id":1716,"date":"2016-11-05T23:30:11","date_gmt":"2016-11-05T22:30:11","guid":{"rendered":"http:\/\/www.gemeinde-untermarchtal.de\/?page_id=1716"},"modified":"2018-07-21T08:32:07","modified_gmt":"2018-07-21T06:32:07","slug":"brueckenzoll-in-untermarchtal","status":"publish","type":"page","link":"https:\/\/www.gemeinde-untermarchtal.de\/index.php\/brueckenzoll-in-untermarchtal\/","title":{"rendered":"Br\u00fcckenzoll in Untermarchtal"},"content":{"rendered":"<h3>Wir bl\u00e4ttern in der Geschichte Untermarchtals zur\u00fcck - Vor 160 Jahren Aufhebung des Br\u00fcckenzoll in Untermarchtal<\/h3>\r\n<p>In der Sonntagsausgabe vom 1. M\u00e4rz 1936 &#8222;In der Heimat&#8220; des Donauboten mit Marchtaler Nachrichten vermerkt die Schriftleitung und Verlag von Hermann Traub in Munderkingen folgende Nachricht: Jahr 1851: Der Br\u00fcckenzoll in Untermarchtal wird abgel\u00f6st. Bisher mu\u00dfte jedes Rad 1 Kreuzer und jedes Pferd 1 Kreuzer bezahlen. Die Kuh gleichfalls 1 Kreuzer, Kalb und Schwein 1\/2 Kreuzer. Obermarchtal und der Klosterort Kirchbierlingen waren abgabefrei. Die Br\u00fcckenbaulast: Das Abfindungskapital betr\u00e4gt 5480 Gulden und ist nun der Br\u00fccke zur Unterhaltung und zum Neubau dem Staat \u00fcbergeben von der Gutsherrschaft (Grundherrschaft derer von-Speth). Die Gemeinde hatte fr\u00fcher beim Neubau und Reperatur der Br\u00fccke Hand- und Spanfron zu leisten. Bei der Abl\u00f6sung ging die Gemeinde frei aus.<\/p>\r\n\r\n<div id=\"attachment_1717\" style=\"width: 580px\" class=\"wp-caption alignnone\"><img loading=\"lazy\" decoding=\"async\" aria-describedby=\"caption-attachment-1717\" class=\"wp-image-1717 size-full\" src=\"https:\/\/www.gemeinde-untermarchtal.de\/bilder\/Brueckenzoll_1.jpg\" alt=\"brueckenzoll_1\" width=\"570\" height=\"760\" \/><p id=\"caption-attachment-1717\" class=\"wp-caption-text\">Untermarchtaler Donaubr\u00fccke 1951 als Notbr\u00fccke aus Holz mit 14 Wasserstandjochen. Damals vollkommen \u00fcberlastet und dem Verkehr nicht mehr gewachsen. Zudem mit dem nahen Bahn\u00fcbergang als Nadel\u00f6hr und den gesamten Durchgangsverkehr der B 311 durch den Ort.<\/p><\/div>\r\n\r\n<p>Dazu eine redaktionelle Anmerkung: Der ehemalige Klosterort Kirchbierlingen geh\u00f6rte bis zum Reichsdeputationshauptbeschlu\u00df 1803 und der S\u00e4kularisation 1806 zum Klosterterritorium Marchtal (Obermarchtal). Diese Einwohner mit ihren Fahrzeugen und Tieren mu\u00dften laut den Vertr\u00e4gen zwischen der Vorder\u00f6sterreichischen Regierung dem Kloster Marchtal und der Schw\u00e4bischen Reichritterschaft ohne Br\u00fcckenzoll \u00fcber die Br\u00fccke gehen k\u00f6nnen. Dem Br\u00fcckenzoll-Einnehmer, der Spethschen Untermarchtaler Grundherrschaft war dies nat\u00fcrlich immer ein Dorn im Auge, fiel dadurch doch viel Br\u00fcckenzoll aus. Das Einvernehmen zwischen Ritterguts-Grundherrschaft der von Speth und dem Kloster Marchtal mit deren \u00c4bten war nachweislich \u00f6fters gest\u00f6rt. Auch das Aussterben der Freiherren von Speth in der m\u00e4nnlichen Linie mit dem Tod des letzten Untermarchtaler Freiherren Friedrich-von-Speth im Jahre 1850 hatte diesen Wandlungsprozess beschleunigt. Dazu geh\u00f6rte auch die Aufl\u00f6sung des Kloster Marchtal im Jahr 1803 und die \u00dcbernahme durch die F\u00fcrsten von Thurn und Taxis. Das Untermarchtaler Spethsche Rittergut wurde im Jahre 1853 an Pfarrer Anselm Hermann Schuster f\u00fcr 110 000 Gulden verkauft.<\/p>\r\n\r\n<div id=\"attachment_1718\" style=\"width: 770px\" class=\"wp-caption alignnone\"><img loading=\"lazy\" decoding=\"async\" aria-describedby=\"caption-attachment-1718\" class=\"wp-image-1718 size-full\" src=\"https:\/\/www.gemeinde-untermarchtal.de\/bilder\/Brueckenzoll_2.jpg\" alt=\"brueckenzoll_2\" width=\"760\" height=\"570\" \/><p id=\"caption-attachment-1718\" class=\"wp-caption-text\">Im Jahre 2011. Hier kann der Stra\u00dfenverkehr der Landstra\u00dfe \u00fcber die neue Donaubr\u00fccke flie\u00dfend bew\u00e4ltigt werden. Ebenso hat der Bahn\u00fcbergang mit der neuen Sicherungstecknik einen beschleunigten Nutzungseffekt.<\/p><\/div>\r\n\r\n<img loading=\"lazy\" decoding=\"async\" class=\"wp-image-1719 size-full\" src=\"https:\/\/www.gemeinde-untermarchtal.de\/bilder\/Brueckenzoll_3.jpg\" alt=\"brueckenzoll_3\" width=\"760\" height=\"570\" \/>","protected":false},"excerpt":{"rendered":"<p>Wir bl\u00e4ttern in der Geschichte Untermarchtals zur\u00fcck - Vor 160 Jahren Aufhebung des Br\u00fcckenzoll in Untermarchtal In der Sonntagsausgabe vom 1. M\u00e4rz 1936 &#8222;In der Heimat&#8220; des Donauboten mit Marchtaler Nachrichten vermerkt die Schriftleitung und Verlag von Hermann Traub in Munderkingen folgende Nachricht: Jahr 1851: Der Br\u00fcckenzoll in Untermarchtal wird abgel\u00f6st. Bisher mu\u00dfte jedes Rad [&hellip;]<\/p>\n","protected":false},"author":1,"featured_media":0,"parent":0,"menu_order":0,"comment_status":"closed","ping_status":"closed","template":"page-templates\/_template_historische_beitraege.php","meta":{"_acf_changed":false,"footnotes":""},"class_list":["post-1716","page","type-page","status-publish","hentry"],"acf":[],"yoast_head":"<!-- This site is optimized with the Yoast SEO plugin v26.7 - https:\/\/yoast.com\/wordpress\/plugins\/seo\/ -->\n<title>Br\u00fcckenzoll in Untermarchtal - Gemeinde Untermarchtal<\/title>\n<meta name=\"robots\" content=\"index, follow, max-snippet:-1, max-image-preview:large, max-video-preview:-1\" \/>\n<link rel=\"canonical\" href=\"https:\/\/www.gemeinde-untermarchtal.de\/index.php\/brueckenzoll-in-untermarchtal\/\" \/>\n<meta property=\"og:locale\" content=\"de_DE\" \/>\n<meta property=\"og:type\" content=\"article\" \/>\n<meta property=\"og:title\" content=\"Br\u00fcckenzoll in Untermarchtal - Gemeinde Untermarchtal\" \/>\n<meta property=\"og:description\" content=\"Wir bl\u00e4ttern in der Geschichte Untermarchtals zur\u00fcck - Vor 160 Jahren Aufhebung des Br\u00fcckenzoll in Untermarchtal In der Sonntagsausgabe vom 1. M\u00e4rz 1936 &#8222;In der Heimat&#8220; des Donauboten mit Marchtaler Nachrichten vermerkt die Schriftleitung und Verlag von Hermann Traub in Munderkingen folgende Nachricht: Jahr 1851: Der Br\u00fcckenzoll in Untermarchtal wird abgel\u00f6st. Bisher mu\u00dfte jedes Rad [&hellip;]\" \/>\n<meta property=\"og:url\" content=\"https:\/\/www.gemeinde-untermarchtal.de\/index.php\/brueckenzoll-in-untermarchtal\/\" \/>\n<meta property=\"og:site_name\" content=\"Gemeinde Untermarchtal\" \/>\n<meta property=\"article:modified_time\" content=\"2018-07-21T06:32:07+00:00\" \/>\n<meta property=\"og:image\" content=\"https:\/\/www.gemeinde-untermarchtal.de\/bilder\/Brueckenzoll_1.jpg\" \/>\n<meta name=\"twitter:card\" content=\"summary_large_image\" \/>\n<meta name=\"twitter:label1\" content=\"Gesch\u00e4tzte Lesezeit\" \/>\n\t<meta name=\"twitter:data1\" content=\"2\u00a0Minuten\" \/>\n<script type=\"application\/ld+json\" class=\"yoast-schema-graph\">{\"@context\":\"https:\/\/schema.org\",\"@graph\":[{\"@type\":\"WebPage\",\"@id\":\"https:\/\/www.gemeinde-untermarchtal.de\/index.php\/brueckenzoll-in-untermarchtal\/\",\"url\":\"https:\/\/www.gemeinde-untermarchtal.de\/index.php\/brueckenzoll-in-untermarchtal\/\",\"name\":\"Br\u00fcckenzoll in Untermarchtal - Gemeinde Untermarchtal\",\"isPartOf\":{\"@id\":\"https:\/\/www.gemeinde-untermarchtal.de\/#website\"},\"primaryImageOfPage\":{\"@id\":\"https:\/\/www.gemeinde-untermarchtal.de\/index.php\/brueckenzoll-in-untermarchtal\/#primaryimage\"},\"image\":{\"@id\":\"https:\/\/www.gemeinde-untermarchtal.de\/index.php\/brueckenzoll-in-untermarchtal\/#primaryimage\"},\"thumbnailUrl\":\"https:\/\/www.gemeinde-untermarchtal.de\/bilder\/Brueckenzoll_1.jpg\",\"datePublished\":\"2016-11-05T22:30:11+00:00\",\"dateModified\":\"2018-07-21T06:32:07+00:00\",\"breadcrumb\":{\"@id\":\"https:\/\/www.gemeinde-untermarchtal.de\/index.php\/brueckenzoll-in-untermarchtal\/#breadcrumb\"},\"inLanguage\":\"de\",\"potentialAction\":[{\"@type\":\"ReadAction\",\"target\":[\"https:\/\/www.gemeinde-untermarchtal.de\/index.php\/brueckenzoll-in-untermarchtal\/\"]}]},{\"@type\":\"ImageObject\",\"inLanguage\":\"de\",\"@id\":\"https:\/\/www.gemeinde-untermarchtal.de\/index.php\/brueckenzoll-in-untermarchtal\/#primaryimage\",\"url\":\"https:\/\/www.gemeinde-untermarchtal.de\/bilder\/Brueckenzoll_1.jpg\",\"contentUrl\":\"https:\/\/www.gemeinde-untermarchtal.de\/bilder\/Brueckenzoll_1.jpg\",\"width\":570,\"height\":760},{\"@type\":\"BreadcrumbList\",\"@id\":\"https:\/\/www.gemeinde-untermarchtal.de\/index.php\/brueckenzoll-in-untermarchtal\/#breadcrumb\",\"itemListElement\":[{\"@type\":\"ListItem\",\"position\":1,\"name\":\"Startseite\",\"item\":\"https:\/\/www.gemeinde-untermarchtal.de\/\"},{\"@type\":\"ListItem\",\"position\":2,\"name\":\"Br\u00fcckenzoll in Untermarchtal\"}]},{\"@type\":\"WebSite\",\"@id\":\"https:\/\/www.gemeinde-untermarchtal.de\/#website\",\"url\":\"https:\/\/www.gemeinde-untermarchtal.de\/\",\"name\":\"Gemeinde Untermarchtal\",\"description\":\"Gemeinde Untermarchtal\",\"potentialAction\":[{\"@type\":\"SearchAction\",\"target\":{\"@type\":\"EntryPoint\",\"urlTemplate\":\"https:\/\/www.gemeinde-untermarchtal.de\/?s={search_term_string}\"},\"query-input\":{\"@type\":\"PropertyValueSpecification\",\"valueRequired\":true,\"valueName\":\"search_term_string\"}}],\"inLanguage\":\"de\"}]}<\/script>\n<!-- \/ Yoast SEO plugin. -->","yoast_head_json":{"title":"Br\u00fcckenzoll in Untermarchtal - Gemeinde Untermarchtal","robots":{"index":"index","follow":"follow","max-snippet":"max-snippet:-1","max-image-preview":"max-image-preview:large","max-video-preview":"max-video-preview:-1"},"canonical":"https:\/\/www.gemeinde-untermarchtal.de\/index.php\/brueckenzoll-in-untermarchtal\/","og_locale":"de_DE","og_type":"article","og_title":"Br\u00fcckenzoll in Untermarchtal - Gemeinde Untermarchtal","og_description":"Wir bl\u00e4ttern in der Geschichte Untermarchtals zur\u00fcck - Vor 160 Jahren Aufhebung des Br\u00fcckenzoll in Untermarchtal In der Sonntagsausgabe vom 1. M\u00e4rz 1936 &#8222;In der Heimat&#8220; des Donauboten mit Marchtaler Nachrichten vermerkt die Schriftleitung und Verlag von Hermann Traub in Munderkingen folgende Nachricht: Jahr 1851: Der Br\u00fcckenzoll in Untermarchtal wird abgel\u00f6st. Bisher mu\u00dfte jedes Rad [&hellip;]","og_url":"https:\/\/www.gemeinde-untermarchtal.de\/index.php\/brueckenzoll-in-untermarchtal\/","og_site_name":"Gemeinde Untermarchtal","article_modified_time":"2018-07-21T06:32:07+00:00","og_image":[{"url":"https:\/\/www.gemeinde-untermarchtal.de\/bilder\/Brueckenzoll_1.jpg","type":"","width":"","height":""}],"twitter_card":"summary_large_image","twitter_misc":{"Gesch\u00e4tzte Lesezeit":"2\u00a0Minuten"},"schema":{"@context":"https:\/\/schema.org","@graph":[{"@type":"WebPage","@id":"https:\/\/www.gemeinde-untermarchtal.de\/index.php\/brueckenzoll-in-untermarchtal\/","url":"https:\/\/www.gemeinde-untermarchtal.de\/index.php\/brueckenzoll-in-untermarchtal\/","name":"Br\u00fcckenzoll in Untermarchtal - Gemeinde Untermarchtal","isPartOf":{"@id":"https:\/\/www.gemeinde-untermarchtal.de\/#website"},"primaryImageOfPage":{"@id":"https:\/\/www.gemeinde-untermarchtal.de\/index.php\/brueckenzoll-in-untermarchtal\/#primaryimage"},"image":{"@id":"https:\/\/www.gemeinde-untermarchtal.de\/index.php\/brueckenzoll-in-untermarchtal\/#primaryimage"},"thumbnailUrl":"https:\/\/www.gemeinde-untermarchtal.de\/bilder\/Brueckenzoll_1.jpg","datePublished":"2016-11-05T22:30:11+00:00","dateModified":"2018-07-21T06:32:07+00:00","breadcrumb":{"@id":"https:\/\/www.gemeinde-untermarchtal.de\/index.php\/brueckenzoll-in-untermarchtal\/#breadcrumb"},"inLanguage":"de","potentialAction":[{"@type":"ReadAction","target":["https:\/\/www.gemeinde-untermarchtal.de\/index.php\/brueckenzoll-in-untermarchtal\/"]}]},{"@type":"ImageObject","inLanguage":"de","@id":"https:\/\/www.gemeinde-untermarchtal.de\/index.php\/brueckenzoll-in-untermarchtal\/#primaryimage","url":"https:\/\/www.gemeinde-untermarchtal.de\/bilder\/Brueckenzoll_1.jpg","contentUrl":"https:\/\/www.gemeinde-untermarchtal.de\/bilder\/Brueckenzoll_1.jpg","width":570,"height":760},{"@type":"BreadcrumbList","@id":"https:\/\/www.gemeinde-untermarchtal.de\/index.php\/brueckenzoll-in-untermarchtal\/#breadcrumb","itemListElement":[{"@type":"ListItem","position":1,"name":"Startseite","item":"https:\/\/www.gemeinde-untermarchtal.de\/"},{"@type":"ListItem","position":2,"name":"Br\u00fcckenzoll in Untermarchtal"}]},{"@type":"WebSite","@id":"https:\/\/www.gemeinde-untermarchtal.de\/#website","url":"https:\/\/www.gemeinde-untermarchtal.de\/","name":"Gemeinde Untermarchtal","description":"Gemeinde Untermarchtal","potentialAction":[{"@type":"SearchAction","target":{"@type":"EntryPoint","urlTemplate":"https:\/\/www.gemeinde-untermarchtal.de\/?s={search_term_string}"},"query-input":{"@type":"PropertyValueSpecification","valueRequired":true,"valueName":"search_term_string"}}],"inLanguage":"de"}]}},"_links":{"self":[{"href":"https:\/\/www.gemeinde-untermarchtal.de\/index.php\/wp-json\/wp\/v2\/pages\/1716","targetHints":{"allow":["GET"]}}],"collection":[{"href":"https:\/\/www.gemeinde-untermarchtal.de\/index.php\/wp-json\/wp\/v2\/pages"}],"about":[{"href":"https:\/\/www.gemeinde-untermarchtal.de\/index.php\/wp-json\/wp\/v2\/types\/page"}],"author":[{"embeddable":true,"href":"https:\/\/www.gemeinde-untermarchtal.de\/index.php\/wp-json\/wp\/v2\/users\/1"}],"replies":[{"embeddable":true,"href":"https:\/\/www.gemeinde-untermarchtal.de\/index.php\/wp-json\/wp\/v2\/comments?post=1716"}],"version-history":[{"count":4,"href":"https:\/\/www.gemeinde-untermarchtal.de\/index.php\/wp-json\/wp\/v2\/pages\/1716\/revisions"}],"predecessor-version":[{"id":2726,"href":"https:\/\/www.gemeinde-untermarchtal.de\/index.php\/wp-json\/wp\/v2\/pages\/1716\/revisions\/2726"}],"wp:attachment":[{"href":"https:\/\/www.gemeinde-untermarchtal.de\/index.php\/wp-json\/wp\/v2\/media?parent=1716"}],"curies":[{"name":"wp","href":"https:\/\/api.w.org\/{rel}","templated":true}]}}