{"id":1896,"date":"2016-11-18T23:48:17","date_gmt":"2016-11-18T22:48:17","guid":{"rendered":"http:\/\/www.gemeinde-untermarchtal.de\/?page_id=1896"},"modified":"2018-07-21T09:50:05","modified_gmt":"2018-07-21T07:50:05","slug":"vor-60-jahren-am-pfingstmontag-wurden-3-neue-kirchenglocken-geweiht","status":"publish","type":"page","link":"https:\/\/www.gemeinde-untermarchtal.de\/index.php\/vor-60-jahren-am-pfingstmontag-wurden-3-neue-kirchenglocken-geweiht\/","title":{"rendered":"Vor 60 Jahren - Am Pfingstmontag wurden 3 neue Kirchenglocken geweiht"},"content":{"rendered":"<p>Vor 60 Jahren, am Pfingstmontag 7. Juni 1954, wurden 3 neue Kirchenglocken geweiht und ihrer Bestimmung in der Pfarrkirche \u00fcbergeben. Die \u00e4lteren Mitb\u00fcrger erinnern sich noch an dieses erhebende Ereignis und denkw\u00fcrdigen Tag.<\/p>\r\n<h3>Die Vorgeschichte<\/h3>\r\n<p>Im Februar 1942 mu\u00dften, wie andernorts ebenfalls, die Kirchenglocken dem Staat abgeliefert werden; ein schmerzlicher Verlust. Seit dieser Zeit bis 1954 war nur noch die kleine Evangeliumsglocke auf dem Kirchturm. Diese Es-Glocke wurde im Jahre 1896 bei der Glockengie\u00dferei Zoll in Biberach\/Ri\u00df hergstellt und war eine pers\u00f6nliche Stiftung der Eheleute Josef und Elisabeth Fa\u00dfnacht vom kirchlichen Filialort G\u00fctelhofen. Der Kirchenstiftungsrat und der Gemeinderat Untermarchtal fassten am 3. Januar 1954 den gemeinsamen Beschlu\u00df, 3 neue Glocken anzuschaffen und gemeinsam zu finanzieren. Ortspfarrer war Erwin Scherrmann und B\u00fcrgermeister Helmut Winter. Nach dem Eingang von 3 Herstellungs- und Kostenvoranschl\u00e4gen wurde die Stuttgarter Glockengie\u00dferei Heinrich Kurtz zum Glockengu\u00df beauftragt. Der Betrag belief sich auf 6075 DM. Der Pflichtanteil der b\u00fcrgerlichen Gemeinde betrug 2000 DM. Der Rest wurde von den Kirchengemeinde und den Gemeindemitglieder aufgebracht bzw gespendet. Der Spendenaufruf verlief erfolgreich, auch deswegen, weil der Pfarrer von Haus zu Haus ging um Spenden zu sammeln.<\/p>\r\n\r\n<div id=\"attachment_1897\" style=\"width: 770px\" class=\"wp-caption alignnone\"><img loading=\"lazy\" decoding=\"async\" aria-describedby=\"caption-attachment-1897\" class=\"wp-image-1897 size-full\" src=\"https:\/\/www.gemeinde-untermarchtal.de\/bilder\/Kirchenglocken_1.jpg\" alt=\"kirchenglocken_1\" width=\"760\" height=\"737\" \/><p id=\"caption-attachment-1897\" class=\"wp-caption-text\">Foto zeigt die 3 neuen Glocken unter dem Chorbogen<\/p><\/div>\r\n<h3>Die 3 Glocken<\/h3>\r\n<p>Der Glockengu\u00df wurde am 20. Mai 1954 in Stuttgart vorgenommen. Dem Ereignis wohnten in der Landeshauptstadt der Kirchenchor, der Kirchenstiftungsrat und Pfarrer Scherrmann bei. Am 4. Juni 1954 wurden die Glocken in Untermarchtal empfangen und zur Weihe unter dem Chorbogen in der Pfarrkirche aufgeh\u00e4ngt. Siehe Foto. Die gro\u00dfe Glocke ist die Christk\u00f6nigsglocke im Ton As und wiegt 549 Kg, die mittlere Glocke ist die Marienglocke im Ton C und wiegt 272 Kg, die kleine Josefsglocke im Ton Es wiegt 158 Kg. In den Tonlagen wurden die 3 Glocken mit der damaligen nahen Kloster-Rosenkranzkirche, wie es hei\u00dft, fein abgestimmt.<\/p>\r\n\r\n<div id=\"attachment_1898\" style=\"width: 770px\" class=\"wp-caption alignnone\"><img loading=\"lazy\" decoding=\"async\" aria-describedby=\"caption-attachment-1898\" class=\"wp-image-1898 size-full\" src=\"https:\/\/www.gemeinde-untermarchtal.de\/bilder\/Kirchenglocken_2-.jpg\" alt=\"kirchenglocken_2\" width=\"760\" height=\"520\" \/><p id=\"caption-attachment-1898\" class=\"wp-caption-text\">Mittlere Glocke: Christk\u00f6nigsglocke\/As-Glocke, 549 Kg, 97 cm Rechte Glocke: Marienglocke\/C-Glocke, 272 Kg, 76,8 cm Linke Glocke: Josefsglocke\/es-Glocke, 158 Kg, 64,1 cm<\/p><\/div>\r\n<h3>Der Weihetag<\/h3>\r\n<p>Pfingstmontag, 7. Juni 1954 mit anschlie\u00dfender Gemeindefeier. Die Glockenweihe wurde mit dem Predigtlied \u201eVeni Creator Spiritus\u201c vom Kirchenchor unter Leitung von Hauptlehrer Franz Sugg er\u00f6ffnet. Die Festpredigt und Weihehandlung nahm Dekan Monsignore Otto Eith aus Ehingen vor. W\u00e4hrend und nach der Weihe erklang das Chorlied \u201eDas ist der Tag\u201c, gemeinsam \u201eDanket dem Herrn\u201c und \u201eGro\u00dfer Gott\u201c sowie der Schlu\u00dfgesang des Chores \u201eLa\u00df uns an Deinem Throne\u201c. Die Gemeindefeier Im \u201eHirsch-Saal\u201c begann der damalige Untermarchtaler Musikkreis mit dem \u201eFestmarsch\u201c, Leitung Leo Essigbeck und der Kirchenchor mit dem Silcher-Lied \u201eAlles was Odem hat\u201c. Die Begr\u00fc\u00dfungsansprachen hielten Pfarrer Erwin Scherrmann und B\u00fcrgermeister Helmut Winter sowie Worte von Dekan Eith und Landrat Gnann, Ehingen, waren zu vernehmen. Es folgte ein Gedichtvortrag \u201eDas Lied von der Glocke\u201c der Sch\u00fcler und der Liederkranz Untermarchtal unter Leitung von Dirigent Leo Essigbeck sang \u201eDie Himmel r\u00fchmen\u201c. Dazwischen die \u201eGlockenouvert\u00fcre\u201c des Musikkreis und der Kirchenchor mit \u201eMaienzeit. Der Liederkranz sang den passenden Chor \u201eHeimatglocken\u201c ehe Pfarrer Scherrmann die Schlu\u00df- und Dankesworte, gerichtet auch an die Spender, sprach und der Muisikkreis den \u201eSchlu\u00dfmarsch\u201c intonierte. Die Glocken sollen Ehre, Frieden und Einigkeit k\u00fcnden. Unter den Festg\u00e4sten Klostersuperior Monsignore Alfons Sauter, Dekan i.R. Franz Schmid, Pater Fructuosus OFM, Pfarrverweser Karl Gro\u00df, Hausen a B, Repetent Josef Ziegler, letztere beide junge Pfarrer stammend aus Untermarchtal und Assistenten bei der Glockenweihe, Regierungsrat Wax, Ehingen, Kreisamtmann Sebastian Fundel stammend aus Untermarchtal, Verwaltungsaktuar Josef Selig und Glockengie\u00dfer-Altmeister Heinrich Kurtz. Insgesamt eine erhebende Feier zu Ehren der neuen Kirchenglocken. Am 8. Juni 1954, der Tag nach der Weihe, wurde die kleine Evangeliumsglocke vom Turm geholt und der Gie\u00dferei Kurtz zur Verrechnung mit den neuen Glocken \u00fcberlassen. Die 3 neuen Glocken wurden dann auf den Kirchturm gezogen.<\/p>","protected":false},"excerpt":{"rendered":"<p>Vor 60 Jahren, am Pfingstmontag 7. Juni 1954, wurden 3 neue Kirchenglocken geweiht und ihrer Bestimmung in der Pfarrkirche \u00fcbergeben. Die \u00e4lteren Mitb\u00fcrger erinnern sich noch an dieses erhebende Ereignis und denkw\u00fcrdigen Tag. Die Vorgeschichte Im Februar 1942 mu\u00dften, wie andernorts ebenfalls, die Kirchenglocken dem Staat abgeliefert werden; ein schmerzlicher Verlust. Seit dieser Zeit bis [&hellip;]<\/p>\n","protected":false},"author":1,"featured_media":0,"parent":0,"menu_order":0,"comment_status":"closed","ping_status":"closed","template":"page-templates\/_template_historische_beitraege.php","meta":{"_acf_changed":false,"footnotes":""},"class_list":["post-1896","page","type-page","status-publish","hentry"],"acf":[],"yoast_head":"<!-- This site is optimized with the Yoast SEO plugin v26.7 - https:\/\/yoast.com\/wordpress\/plugins\/seo\/ -->\n<title>Vor 60 Jahren - Am Pfingstmontag wurden 3 neue Kirchenglocken geweiht - Gemeinde Untermarchtal<\/title>\n<meta name=\"robots\" content=\"index, follow, max-snippet:-1, max-image-preview:large, max-video-preview:-1\" \/>\n<link rel=\"canonical\" href=\"https:\/\/www.gemeinde-untermarchtal.de\/index.php\/vor-60-jahren-am-pfingstmontag-wurden-3-neue-kirchenglocken-geweiht\/\" \/>\n<meta property=\"og:locale\" content=\"de_DE\" \/>\n<meta property=\"og:type\" content=\"article\" \/>\n<meta property=\"og:title\" content=\"Vor 60 Jahren - Am Pfingstmontag wurden 3 neue Kirchenglocken geweiht - Gemeinde Untermarchtal\" \/>\n<meta property=\"og:description\" content=\"Vor 60 Jahren, am Pfingstmontag 7. Juni 1954, wurden 3 neue Kirchenglocken geweiht und ihrer Bestimmung in der Pfarrkirche \u00fcbergeben. Die \u00e4lteren Mitb\u00fcrger erinnern sich noch an dieses erhebende Ereignis und denkw\u00fcrdigen Tag. Die Vorgeschichte Im Februar 1942 mu\u00dften, wie andernorts ebenfalls, die Kirchenglocken dem Staat abgeliefert werden; ein schmerzlicher Verlust. Seit dieser Zeit bis [&hellip;]\" \/>\n<meta property=\"og:url\" content=\"https:\/\/www.gemeinde-untermarchtal.de\/index.php\/vor-60-jahren-am-pfingstmontag-wurden-3-neue-kirchenglocken-geweiht\/\" \/>\n<meta property=\"og:site_name\" content=\"Gemeinde Untermarchtal\" \/>\n<meta property=\"article:modified_time\" content=\"2018-07-21T07:50:05+00:00\" \/>\n<meta property=\"og:image\" content=\"https:\/\/www.gemeinde-untermarchtal.de\/bilder\/Kirchenglocken_1.jpg\" \/>\n<meta name=\"twitter:card\" content=\"summary_large_image\" \/>\n<meta name=\"twitter:label1\" content=\"Gesch\u00e4tzte Lesezeit\" \/>\n\t<meta name=\"twitter:data1\" content=\"3\u00a0Minuten\" \/>\n<script type=\"application\/ld+json\" class=\"yoast-schema-graph\">{\"@context\":\"https:\/\/schema.org\",\"@graph\":[{\"@type\":\"WebPage\",\"@id\":\"https:\/\/www.gemeinde-untermarchtal.de\/index.php\/vor-60-jahren-am-pfingstmontag-wurden-3-neue-kirchenglocken-geweiht\/\",\"url\":\"https:\/\/www.gemeinde-untermarchtal.de\/index.php\/vor-60-jahren-am-pfingstmontag-wurden-3-neue-kirchenglocken-geweiht\/\",\"name\":\"Vor 60 Jahren - Am Pfingstmontag wurden 3 neue Kirchenglocken geweiht - Gemeinde Untermarchtal\",\"isPartOf\":{\"@id\":\"https:\/\/www.gemeinde-untermarchtal.de\/#website\"},\"primaryImageOfPage\":{\"@id\":\"https:\/\/www.gemeinde-untermarchtal.de\/index.php\/vor-60-jahren-am-pfingstmontag-wurden-3-neue-kirchenglocken-geweiht\/#primaryimage\"},\"image\":{\"@id\":\"https:\/\/www.gemeinde-untermarchtal.de\/index.php\/vor-60-jahren-am-pfingstmontag-wurden-3-neue-kirchenglocken-geweiht\/#primaryimage\"},\"thumbnailUrl\":\"https:\/\/www.gemeinde-untermarchtal.de\/bilder\/Kirchenglocken_1.jpg\",\"datePublished\":\"2016-11-18T22:48:17+00:00\",\"dateModified\":\"2018-07-21T07:50:05+00:00\",\"breadcrumb\":{\"@id\":\"https:\/\/www.gemeinde-untermarchtal.de\/index.php\/vor-60-jahren-am-pfingstmontag-wurden-3-neue-kirchenglocken-geweiht\/#breadcrumb\"},\"inLanguage\":\"de\",\"potentialAction\":[{\"@type\":\"ReadAction\",\"target\":[\"https:\/\/www.gemeinde-untermarchtal.de\/index.php\/vor-60-jahren-am-pfingstmontag-wurden-3-neue-kirchenglocken-geweiht\/\"]}]},{\"@type\":\"ImageObject\",\"inLanguage\":\"de\",\"@id\":\"https:\/\/www.gemeinde-untermarchtal.de\/index.php\/vor-60-jahren-am-pfingstmontag-wurden-3-neue-kirchenglocken-geweiht\/#primaryimage\",\"url\":\"https:\/\/www.gemeinde-untermarchtal.de\/bilder\/Kirchenglocken_1.jpg\",\"contentUrl\":\"https:\/\/www.gemeinde-untermarchtal.de\/bilder\/Kirchenglocken_1.jpg\",\"width\":760,\"height\":737},{\"@type\":\"BreadcrumbList\",\"@id\":\"https:\/\/www.gemeinde-untermarchtal.de\/index.php\/vor-60-jahren-am-pfingstmontag-wurden-3-neue-kirchenglocken-geweiht\/#breadcrumb\",\"itemListElement\":[{\"@type\":\"ListItem\",\"position\":1,\"name\":\"Startseite\",\"item\":\"https:\/\/www.gemeinde-untermarchtal.de\/\"},{\"@type\":\"ListItem\",\"position\":2,\"name\":\"Vor 60 Jahren - Am Pfingstmontag wurden 3 neue Kirchenglocken geweiht\"}]},{\"@type\":\"WebSite\",\"@id\":\"https:\/\/www.gemeinde-untermarchtal.de\/#website\",\"url\":\"https:\/\/www.gemeinde-untermarchtal.de\/\",\"name\":\"Gemeinde Untermarchtal\",\"description\":\"Gemeinde Untermarchtal\",\"potentialAction\":[{\"@type\":\"SearchAction\",\"target\":{\"@type\":\"EntryPoint\",\"urlTemplate\":\"https:\/\/www.gemeinde-untermarchtal.de\/?s={search_term_string}\"},\"query-input\":{\"@type\":\"PropertyValueSpecification\",\"valueRequired\":true,\"valueName\":\"search_term_string\"}}],\"inLanguage\":\"de\"}]}<\/script>\n<!-- \/ Yoast SEO plugin. -->","yoast_head_json":{"title":"Vor 60 Jahren - Am Pfingstmontag wurden 3 neue Kirchenglocken geweiht - Gemeinde Untermarchtal","robots":{"index":"index","follow":"follow","max-snippet":"max-snippet:-1","max-image-preview":"max-image-preview:large","max-video-preview":"max-video-preview:-1"},"canonical":"https:\/\/www.gemeinde-untermarchtal.de\/index.php\/vor-60-jahren-am-pfingstmontag-wurden-3-neue-kirchenglocken-geweiht\/","og_locale":"de_DE","og_type":"article","og_title":"Vor 60 Jahren - Am Pfingstmontag wurden 3 neue Kirchenglocken geweiht - Gemeinde Untermarchtal","og_description":"Vor 60 Jahren, am Pfingstmontag 7. Juni 1954, wurden 3 neue Kirchenglocken geweiht und ihrer Bestimmung in der Pfarrkirche \u00fcbergeben. Die \u00e4lteren Mitb\u00fcrger erinnern sich noch an dieses erhebende Ereignis und denkw\u00fcrdigen Tag. Die Vorgeschichte Im Februar 1942 mu\u00dften, wie andernorts ebenfalls, die Kirchenglocken dem Staat abgeliefert werden; ein schmerzlicher Verlust. Seit dieser Zeit bis [&hellip;]","og_url":"https:\/\/www.gemeinde-untermarchtal.de\/index.php\/vor-60-jahren-am-pfingstmontag-wurden-3-neue-kirchenglocken-geweiht\/","og_site_name":"Gemeinde Untermarchtal","article_modified_time":"2018-07-21T07:50:05+00:00","og_image":[{"url":"https:\/\/www.gemeinde-untermarchtal.de\/bilder\/Kirchenglocken_1.jpg","type":"","width":"","height":""}],"twitter_card":"summary_large_image","twitter_misc":{"Gesch\u00e4tzte Lesezeit":"3\u00a0Minuten"},"schema":{"@context":"https:\/\/schema.org","@graph":[{"@type":"WebPage","@id":"https:\/\/www.gemeinde-untermarchtal.de\/index.php\/vor-60-jahren-am-pfingstmontag-wurden-3-neue-kirchenglocken-geweiht\/","url":"https:\/\/www.gemeinde-untermarchtal.de\/index.php\/vor-60-jahren-am-pfingstmontag-wurden-3-neue-kirchenglocken-geweiht\/","name":"Vor 60 Jahren - Am Pfingstmontag wurden 3 neue Kirchenglocken geweiht - Gemeinde Untermarchtal","isPartOf":{"@id":"https:\/\/www.gemeinde-untermarchtal.de\/#website"},"primaryImageOfPage":{"@id":"https:\/\/www.gemeinde-untermarchtal.de\/index.php\/vor-60-jahren-am-pfingstmontag-wurden-3-neue-kirchenglocken-geweiht\/#primaryimage"},"image":{"@id":"https:\/\/www.gemeinde-untermarchtal.de\/index.php\/vor-60-jahren-am-pfingstmontag-wurden-3-neue-kirchenglocken-geweiht\/#primaryimage"},"thumbnailUrl":"https:\/\/www.gemeinde-untermarchtal.de\/bilder\/Kirchenglocken_1.jpg","datePublished":"2016-11-18T22:48:17+00:00","dateModified":"2018-07-21T07:50:05+00:00","breadcrumb":{"@id":"https:\/\/www.gemeinde-untermarchtal.de\/index.php\/vor-60-jahren-am-pfingstmontag-wurden-3-neue-kirchenglocken-geweiht\/#breadcrumb"},"inLanguage":"de","potentialAction":[{"@type":"ReadAction","target":["https:\/\/www.gemeinde-untermarchtal.de\/index.php\/vor-60-jahren-am-pfingstmontag-wurden-3-neue-kirchenglocken-geweiht\/"]}]},{"@type":"ImageObject","inLanguage":"de","@id":"https:\/\/www.gemeinde-untermarchtal.de\/index.php\/vor-60-jahren-am-pfingstmontag-wurden-3-neue-kirchenglocken-geweiht\/#primaryimage","url":"https:\/\/www.gemeinde-untermarchtal.de\/bilder\/Kirchenglocken_1.jpg","contentUrl":"https:\/\/www.gemeinde-untermarchtal.de\/bilder\/Kirchenglocken_1.jpg","width":760,"height":737},{"@type":"BreadcrumbList","@id":"https:\/\/www.gemeinde-untermarchtal.de\/index.php\/vor-60-jahren-am-pfingstmontag-wurden-3-neue-kirchenglocken-geweiht\/#breadcrumb","itemListElement":[{"@type":"ListItem","position":1,"name":"Startseite","item":"https:\/\/www.gemeinde-untermarchtal.de\/"},{"@type":"ListItem","position":2,"name":"Vor 60 Jahren - Am Pfingstmontag wurden 3 neue Kirchenglocken geweiht"}]},{"@type":"WebSite","@id":"https:\/\/www.gemeinde-untermarchtal.de\/#website","url":"https:\/\/www.gemeinde-untermarchtal.de\/","name":"Gemeinde Untermarchtal","description":"Gemeinde Untermarchtal","potentialAction":[{"@type":"SearchAction","target":{"@type":"EntryPoint","urlTemplate":"https:\/\/www.gemeinde-untermarchtal.de\/?s={search_term_string}"},"query-input":{"@type":"PropertyValueSpecification","valueRequired":true,"valueName":"search_term_string"}}],"inLanguage":"de"}]}},"_links":{"self":[{"href":"https:\/\/www.gemeinde-untermarchtal.de\/index.php\/wp-json\/wp\/v2\/pages\/1896","targetHints":{"allow":["GET"]}}],"collection":[{"href":"https:\/\/www.gemeinde-untermarchtal.de\/index.php\/wp-json\/wp\/v2\/pages"}],"about":[{"href":"https:\/\/www.gemeinde-untermarchtal.de\/index.php\/wp-json\/wp\/v2\/types\/page"}],"author":[{"embeddable":true,"href":"https:\/\/www.gemeinde-untermarchtal.de\/index.php\/wp-json\/wp\/v2\/users\/1"}],"replies":[{"embeddable":true,"href":"https:\/\/www.gemeinde-untermarchtal.de\/index.php\/wp-json\/wp\/v2\/comments?post=1896"}],"version-history":[{"count":2,"href":"https:\/\/www.gemeinde-untermarchtal.de\/index.php\/wp-json\/wp\/v2\/pages\/1896\/revisions"}],"predecessor-version":[{"id":2754,"href":"https:\/\/www.gemeinde-untermarchtal.de\/index.php\/wp-json\/wp\/v2\/pages\/1896\/revisions\/2754"}],"wp:attachment":[{"href":"https:\/\/www.gemeinde-untermarchtal.de\/index.php\/wp-json\/wp\/v2\/media?parent=1896"}],"curies":[{"name":"wp","href":"https:\/\/api.w.org\/{rel}","templated":true}]}}