{"id":2243,"date":"2017-06-02T23:23:43","date_gmt":"2017-06-02T21:23:43","guid":{"rendered":"http:\/\/www.gemeinde-untermarchtal.de\/?page_id=2243"},"modified":"2018-07-21T20:37:07","modified_gmt":"2018-07-21T18:37:07","slug":"historische-fahne-wiedergefunden","status":"publish","type":"page","link":"https:\/\/www.gemeinde-untermarchtal.de\/index.php\/historische-fahne-wiedergefunden\/","title":{"rendered":"Historische Fahne wieder gefunden"},"content":{"rendered":"<h3>Historische Fahne vom ehemaligen \u201eKriegerbund Untermarchthal\u201c von 1875 wieder gefunden.<\/h3>\r\n<p>Da war schon ein \u00dcberraschungseffekt dabei; Joachim Heribert Fischer als Lindenwirt-Mitbesitzer, entdeckte bei der B\u00fchnenr\u00e4umung f\u00fcr den Umbau des Geb\u00e4udes eine wirkliche Rarit\u00e4t, n\u00e4mlich die wertvolle, historische und eigentlich fast vergessene Fahne des ehemaligen \u201eKriegerbund Untermarchthal\u201c von 1875. Der Zustand der Fahne ist ihrem Alter entsprechend sehr renovierungsbed\u00fcrftig und diese wird voraussichtlich zur fachlichen Reperatur geben. Diesen Umstand pr\u00fcft derzeitig die Gemeinde Untermarchtal als legitime Rechtsnachfolgerin des l\u00e4ngts aufgel\u00f6sten Kriegerbund. Der Gemeinderat und wohl auch eine gro\u00dfe Anzahl von B\u00fcrger w\u00fcrde eine Renovierung begr\u00fc\u00dfen. Da\u00df so ein historisches Fundst\u00fcck seine Geschichte nach 142 Jahren beweisen m\u00f6chte, liegt auf der Hand und soll jetzt fundiert beschrieben werden. Man versetze sich in die Jahre nach dem Deutsch-Franz\u00f6sischen Krieg von 1870\/71 zur\u00fcck. Es ging damals eine Aufbruchstimmung durch das Land. Das Deutsche Kaiserreich wurde gegr\u00fcndet und mit dem Zugewinn der L\u00e4ndereien von Elsa\u00df-Lothringen erschien Deutschland als Gro\u00dfmacht in Europa. Das bewegte die Menschen im ganzen Land \u2013 auch die Soldaten welche am Siegeszug gegen Frankreich teilgenommen haben. Dies waren aus Untermarchtal 15 Soldaten, deren Namen noch heute im Ehinger Wolfertpark und Kriegerdenkmal am Wolfertturm nachzulesen sind. Neben dem Wolfertturm steht ein Gedenkstein, welcher die Hauptorte und Kriegsschaupl\u00e4tze jenes Krieges aufzeigt. Dies waren: W\u00f6rth im Elsa\u00df August 1870, Sedan Ardennen September 1870, Champigny und Villiers vor Paris November-Dezember 1870, Belfort Burgund Januar 1871. Diese Orte sind auch auf der Fahne vermerkt. Am Ehinger Denkmal sind auch die Kaiser-Proklamation von Versailles \u2013 Ausrufung des Deutschen Kaiser Wilhelm I - am 18. Januar 1871 und der Friedenschluss zwischen Deutschland und Frankreich von Frankfurt am 10. Mai 1871, vermerkt. Ob da aber ein wirklicher oder tr\u00fcgerischer Friede hergestellt wurde, zeigt leider die weitere Geschichte der beiden L\u00e4nder hineinragend in das 20. Jahrhundert, auf.<\/p>\r\n\r\n<div id=\"attachment_2244\" style=\"width: 770px\" class=\"wp-caption alignnone\"><img loading=\"lazy\" decoding=\"async\" aria-describedby=\"caption-attachment-2244\" class=\"wp-image-2244 size-full\" src=\"https:\/\/www.gemeinde-untermarchtal.de\/bilder\/Historische_Fahne_1.jpg\" alt=\"Historische Fahne\" width=\"760\" height=\"570\" \/><p id=\"caption-attachment-2244\" class=\"wp-caption-text\">Foto zeigt die Fahne in schwarz-rot und der Aufschrift \u201eKriegerbund 1875 Untermarchtathal\u201c mit dem k\u00f6niglich-w\u00fcrttembergischen Wappen<\/p><\/div>\r\n\r\n<p>Die Geschichte der Untermarchtaler Kriegerbund-Fahne begann dann am 13. Januar 1875 mit der Vereinsgr\u00fcndung und gleichzeitigen Fahnenweihe durch Pfarrer Franz Josef Schwitthelm. B\u00fcrgermeister war Josef Vogelsang der auch wahrscheinlich 1. Vorstand des Vereins war. Leider fehlen hierzu die Protokollb\u00fccher des Vereins als Nachweis. Der damalige Dorfschullehrer August Butscher, auch ein anerkannter Literat und Schriftsteller in ganz Oberschwaben, hielt im Schlosshof die Festrede zur Fahnenweihe. Dieser Lehrer verfasste zuvor im Jahre 1871 bei der Eisenbahn-Er\u00f6ffnung ein Epos auf die Eisenbahn. Dieser Text wurde im \u201eVolksfreund f\u00fcr Oberschwaben\u201c damals ver\u00f6ffentlicht. Die Fahne wurde von einem Fr\u00e4ulein Horn in Stuttgart zum Preis von 125 Gulden gefertigt. Am Festtag der Fahnenweihe war gro\u00dfer Zulauf von Besucher, denn das alte Schloss aus dem Jahre 1576 wurde zur allgemeinen Besichtigung zur Verf\u00fcgung gestellt. \u00dcberall im Lande entstanden zu dieser Zeit viele Vetranen-, Krieger- und Traditionsvereine. Die Soldaten pflegten die Kameradschaft in den neu gegr\u00fcndeten Vereinen. In der Zeit des Dritten Reiches kam dann noch eine Fahne f\u00fcr die \u201eKriegerkameradschaft\u201c als zus\u00e4tzliche Vereinsbezeuichnung noch hinzu. Nach dem Zweiten Weltkrieg wurde der Verein aufgel\u00f6st und die jetzt gefundene Fahne wurde seit dieser Zeit nicht mehr in der \u00d6ffentlichkeit gezeigt.<\/p>\r\n\r\n<div id=\"attachment_2245\" style=\"width: 770px\" class=\"wp-caption alignnone\"><img loading=\"lazy\" decoding=\"async\" aria-describedby=\"caption-attachment-2245\" class=\"wp-image-2245 size-full\" src=\"https:\/\/www.gemeinde-untermarchtal.de\/bilder\/Historische_Fahne_2.jpg\" alt=\"\" width=\"760\" height=\"570\" \/><p id=\"caption-attachment-2245\" class=\"wp-caption-text\">Foto zeigt die Fahne in den Farben schwarz-wei\u00df-rot mit de in Eichenlaub eingekr\u00e4nzten Spruch \u201eGott war mit uns, ihm sei die Ehre\u201c. Bitte beachten: Dr Ortsname Untermarchtal wurde damals auf der Fahne mit dem g\u00fcltigen \u201eThal\u201c geschrieben!<\/p><\/div>\r\n\r\n<p>Die Beschreibung und das Aussehen der Fahne: Die eine Seite zeigt die Farben schwarz-rot also die k\u00f6niglich-altw\u00fcrttembergische Landesfarbe mit dem K\u00f6nigswappen und die Schrift \u201eKriegerbund 1875 Untermarchthal\u201c. Mittig darin das K\u00f6nigswappen mit gekr\u00f6ntem L\u00f6wen und Hirsch, diese halten das Wappenschild mit den 3 W\u00fcrttemberger Geweihstangen und den 3 Stauferl\u00f6wen. Unten im Bandgeschlinge der Wahlspruch der W\u00fcrttemberger K\u00f6nige \u201eFurchtlos und Treu\u201c. Die andere Fahnenseite ist in den Reichsfarben schwarz-wei\u00df-rot gehalten und in der mitte mit Eichenlaub umfasst der Spruch \u201eGott war mit uns, ihm sei die Ehre\u201c 1870 \u2013 1871. In den Fahnenecken dann die erw\u00e4hnten Kriegsorte Villiers, Champigny, Sedan und W\u00f6rth. Vom weiteren Verfahren der Fahnenreperatur und Verbleib der Fahne berichten wir.<\/p>","protected":false},"excerpt":{"rendered":"<p>Historische Fahne vom ehemaligen \u201eKriegerbund Untermarchthal\u201c von 1875 wieder gefunden. Da war schon ein \u00dcberraschungseffekt dabei; Joachim Heribert Fischer als Lindenwirt-Mitbesitzer, entdeckte bei der B\u00fchnenr\u00e4umung f\u00fcr den Umbau des Geb\u00e4udes eine wirkliche Rarit\u00e4t, n\u00e4mlich die wertvolle, historische und eigentlich fast vergessene Fahne des ehemaligen \u201eKriegerbund Untermarchthal\u201c von 1875. Der Zustand der Fahne ist ihrem Alter [&hellip;]<\/p>\n","protected":false},"author":1,"featured_media":0,"parent":0,"menu_order":0,"comment_status":"closed","ping_status":"closed","template":"page-templates\/_template_historische_beitraege.php","meta":{"_acf_changed":false,"footnotes":""},"class_list":["post-2243","page","type-page","status-publish","hentry"],"acf":[],"yoast_head":"<!-- This site is optimized with the Yoast SEO plugin v26.7 - https:\/\/yoast.com\/wordpress\/plugins\/seo\/ -->\n<title>Historische Fahne wieder gefunden - Gemeinde Untermarchtal<\/title>\n<meta name=\"robots\" content=\"index, follow, max-snippet:-1, max-image-preview:large, max-video-preview:-1\" \/>\n<link rel=\"canonical\" href=\"https:\/\/www.gemeinde-untermarchtal.de\/index.php\/historische-fahne-wiedergefunden\/\" \/>\n<meta property=\"og:locale\" content=\"de_DE\" \/>\n<meta property=\"og:type\" content=\"article\" \/>\n<meta property=\"og:title\" content=\"Historische Fahne wieder gefunden - Gemeinde Untermarchtal\" \/>\n<meta property=\"og:description\" content=\"Historische Fahne vom ehemaligen \u201eKriegerbund Untermarchthal\u201c von 1875 wieder gefunden. Da war schon ein \u00dcberraschungseffekt dabei; Joachim Heribert Fischer als Lindenwirt-Mitbesitzer, entdeckte bei der B\u00fchnenr\u00e4umung f\u00fcr den Umbau des Geb\u00e4udes eine wirkliche Rarit\u00e4t, n\u00e4mlich die wertvolle, historische und eigentlich fast vergessene Fahne des ehemaligen \u201eKriegerbund Untermarchthal\u201c von 1875. Der Zustand der Fahne ist ihrem Alter [&hellip;]\" \/>\n<meta property=\"og:url\" content=\"https:\/\/www.gemeinde-untermarchtal.de\/index.php\/historische-fahne-wiedergefunden\/\" \/>\n<meta property=\"og:site_name\" content=\"Gemeinde Untermarchtal\" \/>\n<meta property=\"article:modified_time\" content=\"2018-07-21T18:37:07+00:00\" \/>\n<meta property=\"og:image\" content=\"https:\/\/www.gemeinde-untermarchtal.de\/bilder\/Historische_Fahne_1.jpg\" \/>\n<meta name=\"twitter:card\" content=\"summary_large_image\" \/>\n<meta name=\"twitter:label1\" content=\"Gesch\u00e4tzte Lesezeit\" \/>\n\t<meta name=\"twitter:data1\" content=\"3\u00a0Minuten\" \/>\n<script type=\"application\/ld+json\" class=\"yoast-schema-graph\">{\"@context\":\"https:\/\/schema.org\",\"@graph\":[{\"@type\":\"WebPage\",\"@id\":\"https:\/\/www.gemeinde-untermarchtal.de\/index.php\/historische-fahne-wiedergefunden\/\",\"url\":\"https:\/\/www.gemeinde-untermarchtal.de\/index.php\/historische-fahne-wiedergefunden\/\",\"name\":\"Historische Fahne wieder gefunden - Gemeinde Untermarchtal\",\"isPartOf\":{\"@id\":\"https:\/\/www.gemeinde-untermarchtal.de\/#website\"},\"primaryImageOfPage\":{\"@id\":\"https:\/\/www.gemeinde-untermarchtal.de\/index.php\/historische-fahne-wiedergefunden\/#primaryimage\"},\"image\":{\"@id\":\"https:\/\/www.gemeinde-untermarchtal.de\/index.php\/historische-fahne-wiedergefunden\/#primaryimage\"},\"thumbnailUrl\":\"https:\/\/www.gemeinde-untermarchtal.de\/bilder\/Historische_Fahne_1.jpg\",\"datePublished\":\"2017-06-02T21:23:43+00:00\",\"dateModified\":\"2018-07-21T18:37:07+00:00\",\"breadcrumb\":{\"@id\":\"https:\/\/www.gemeinde-untermarchtal.de\/index.php\/historische-fahne-wiedergefunden\/#breadcrumb\"},\"inLanguage\":\"de\",\"potentialAction\":[{\"@type\":\"ReadAction\",\"target\":[\"https:\/\/www.gemeinde-untermarchtal.de\/index.php\/historische-fahne-wiedergefunden\/\"]}]},{\"@type\":\"ImageObject\",\"inLanguage\":\"de\",\"@id\":\"https:\/\/www.gemeinde-untermarchtal.de\/index.php\/historische-fahne-wiedergefunden\/#primaryimage\",\"url\":\"https:\/\/www.gemeinde-untermarchtal.de\/bilder\/Historische_Fahne_1.jpg\",\"contentUrl\":\"https:\/\/www.gemeinde-untermarchtal.de\/bilder\/Historische_Fahne_1.jpg\",\"width\":760,\"height\":570},{\"@type\":\"BreadcrumbList\",\"@id\":\"https:\/\/www.gemeinde-untermarchtal.de\/index.php\/historische-fahne-wiedergefunden\/#breadcrumb\",\"itemListElement\":[{\"@type\":\"ListItem\",\"position\":1,\"name\":\"Startseite\",\"item\":\"https:\/\/www.gemeinde-untermarchtal.de\/\"},{\"@type\":\"ListItem\",\"position\":2,\"name\":\"Historische Fahne wieder gefunden\"}]},{\"@type\":\"WebSite\",\"@id\":\"https:\/\/www.gemeinde-untermarchtal.de\/#website\",\"url\":\"https:\/\/www.gemeinde-untermarchtal.de\/\",\"name\":\"Gemeinde Untermarchtal\",\"description\":\"Gemeinde Untermarchtal\",\"potentialAction\":[{\"@type\":\"SearchAction\",\"target\":{\"@type\":\"EntryPoint\",\"urlTemplate\":\"https:\/\/www.gemeinde-untermarchtal.de\/?s={search_term_string}\"},\"query-input\":{\"@type\":\"PropertyValueSpecification\",\"valueRequired\":true,\"valueName\":\"search_term_string\"}}],\"inLanguage\":\"de\"}]}<\/script>\n<!-- \/ Yoast SEO plugin. -->","yoast_head_json":{"title":"Historische Fahne wieder gefunden - Gemeinde Untermarchtal","robots":{"index":"index","follow":"follow","max-snippet":"max-snippet:-1","max-image-preview":"max-image-preview:large","max-video-preview":"max-video-preview:-1"},"canonical":"https:\/\/www.gemeinde-untermarchtal.de\/index.php\/historische-fahne-wiedergefunden\/","og_locale":"de_DE","og_type":"article","og_title":"Historische Fahne wieder gefunden - Gemeinde Untermarchtal","og_description":"Historische Fahne vom ehemaligen \u201eKriegerbund Untermarchthal\u201c von 1875 wieder gefunden. Da war schon ein \u00dcberraschungseffekt dabei; Joachim Heribert Fischer als Lindenwirt-Mitbesitzer, entdeckte bei der B\u00fchnenr\u00e4umung f\u00fcr den Umbau des Geb\u00e4udes eine wirkliche Rarit\u00e4t, n\u00e4mlich die wertvolle, historische und eigentlich fast vergessene Fahne des ehemaligen \u201eKriegerbund Untermarchthal\u201c von 1875. Der Zustand der Fahne ist ihrem Alter [&hellip;]","og_url":"https:\/\/www.gemeinde-untermarchtal.de\/index.php\/historische-fahne-wiedergefunden\/","og_site_name":"Gemeinde Untermarchtal","article_modified_time":"2018-07-21T18:37:07+00:00","og_image":[{"url":"https:\/\/www.gemeinde-untermarchtal.de\/bilder\/Historische_Fahne_1.jpg","type":"","width":"","height":""}],"twitter_card":"summary_large_image","twitter_misc":{"Gesch\u00e4tzte Lesezeit":"3\u00a0Minuten"},"schema":{"@context":"https:\/\/schema.org","@graph":[{"@type":"WebPage","@id":"https:\/\/www.gemeinde-untermarchtal.de\/index.php\/historische-fahne-wiedergefunden\/","url":"https:\/\/www.gemeinde-untermarchtal.de\/index.php\/historische-fahne-wiedergefunden\/","name":"Historische Fahne wieder gefunden - Gemeinde Untermarchtal","isPartOf":{"@id":"https:\/\/www.gemeinde-untermarchtal.de\/#website"},"primaryImageOfPage":{"@id":"https:\/\/www.gemeinde-untermarchtal.de\/index.php\/historische-fahne-wiedergefunden\/#primaryimage"},"image":{"@id":"https:\/\/www.gemeinde-untermarchtal.de\/index.php\/historische-fahne-wiedergefunden\/#primaryimage"},"thumbnailUrl":"https:\/\/www.gemeinde-untermarchtal.de\/bilder\/Historische_Fahne_1.jpg","datePublished":"2017-06-02T21:23:43+00:00","dateModified":"2018-07-21T18:37:07+00:00","breadcrumb":{"@id":"https:\/\/www.gemeinde-untermarchtal.de\/index.php\/historische-fahne-wiedergefunden\/#breadcrumb"},"inLanguage":"de","potentialAction":[{"@type":"ReadAction","target":["https:\/\/www.gemeinde-untermarchtal.de\/index.php\/historische-fahne-wiedergefunden\/"]}]},{"@type":"ImageObject","inLanguage":"de","@id":"https:\/\/www.gemeinde-untermarchtal.de\/index.php\/historische-fahne-wiedergefunden\/#primaryimage","url":"https:\/\/www.gemeinde-untermarchtal.de\/bilder\/Historische_Fahne_1.jpg","contentUrl":"https:\/\/www.gemeinde-untermarchtal.de\/bilder\/Historische_Fahne_1.jpg","width":760,"height":570},{"@type":"BreadcrumbList","@id":"https:\/\/www.gemeinde-untermarchtal.de\/index.php\/historische-fahne-wiedergefunden\/#breadcrumb","itemListElement":[{"@type":"ListItem","position":1,"name":"Startseite","item":"https:\/\/www.gemeinde-untermarchtal.de\/"},{"@type":"ListItem","position":2,"name":"Historische Fahne wieder gefunden"}]},{"@type":"WebSite","@id":"https:\/\/www.gemeinde-untermarchtal.de\/#website","url":"https:\/\/www.gemeinde-untermarchtal.de\/","name":"Gemeinde Untermarchtal","description":"Gemeinde Untermarchtal","potentialAction":[{"@type":"SearchAction","target":{"@type":"EntryPoint","urlTemplate":"https:\/\/www.gemeinde-untermarchtal.de\/?s={search_term_string}"},"query-input":{"@type":"PropertyValueSpecification","valueRequired":true,"valueName":"search_term_string"}}],"inLanguage":"de"}]}},"_links":{"self":[{"href":"https:\/\/www.gemeinde-untermarchtal.de\/index.php\/wp-json\/wp\/v2\/pages\/2243","targetHints":{"allow":["GET"]}}],"collection":[{"href":"https:\/\/www.gemeinde-untermarchtal.de\/index.php\/wp-json\/wp\/v2\/pages"}],"about":[{"href":"https:\/\/www.gemeinde-untermarchtal.de\/index.php\/wp-json\/wp\/v2\/types\/page"}],"author":[{"embeddable":true,"href":"https:\/\/www.gemeinde-untermarchtal.de\/index.php\/wp-json\/wp\/v2\/users\/1"}],"replies":[{"embeddable":true,"href":"https:\/\/www.gemeinde-untermarchtal.de\/index.php\/wp-json\/wp\/v2\/comments?post=2243"}],"version-history":[{"count":11,"href":"https:\/\/www.gemeinde-untermarchtal.de\/index.php\/wp-json\/wp\/v2\/pages\/2243\/revisions"}],"predecessor-version":[{"id":2776,"href":"https:\/\/www.gemeinde-untermarchtal.de\/index.php\/wp-json\/wp\/v2\/pages\/2243\/revisions\/2776"}],"wp:attachment":[{"href":"https:\/\/www.gemeinde-untermarchtal.de\/index.php\/wp-json\/wp\/v2\/media?parent=2243"}],"curies":[{"name":"wp","href":"https:\/\/api.w.org\/{rel}","templated":true}]}}