{"id":2787,"date":"2018-08-12T23:32:30","date_gmt":"2018-08-12T21:32:30","guid":{"rendered":"https:\/\/www.gemeinde-untermarchtal.de\/?page_id=2787"},"modified":"2018-09-01T03:24:33","modified_gmt":"2018-09-01T01:24:33","slug":"historische-kriegerbund-fahne-von-1875-jetzt-restauriert-2","status":"publish","type":"page","link":"https:\/\/www.gemeinde-untermarchtal.de\/index.php\/historische-kriegerbund-fahne-von-1875-jetzt-restauriert-2\/","title":{"rendered":"Historische Kriegerbund-Fahne von 1875 jetzt restauriert"},"content":{"rendered":"<p>Die Gemeinde Untermarchtal hat die lange Zeit verschwundene, historische Fahne des seit dem Kriegsende aufgel\u00f6sten \u201eKriegerbund-Verein von 1875\u201c wieder restaurieren lassen. Im Juni 2017 berichteten wir ausf\u00fchrlich davon. Ebenso auf der Homepageseite der Gemeinde Untermarchtal unter Aktuelles unter \u201eHistorische Beitr\u00e4ge\u201c, Titel: Fahne von 1875 wieder gefunden mit 2 Fotos Die Fahne hat zugleich einen neuen Aufbewahrungsort in einem Schrank in der Gemeindehalle gefunden. Dort wird die Fahne gesichert in einer Glasvitrine aufbewahrt zusammen mit der Vereinsfahne des Liederkranz Untermarchtal aus dem Jahre 1960. Inzwischen ist auch der Liederkranz Untermarchtal aufgel\u00f6st und somit sind 2 Fahnen nicht mehr bestehender Untermarchtaler Vereine geschichtlich-historische Zeugen der Vergangenheit.<\/p>\r\n\r\n&nbsp;\r\n<h3>Vornahme der Kriegerbund-Fahnen-Restaurierung<\/h3>\r\n<p>Die Gemeinde Untermarchtal als Nachfolge-Besitzer der Fahne entschloss sich zur fachm\u00e4nniscghen Restaurierung und damit zur Erhaltung dieses Exemplar im Sinne der Gemeindegeschichte und ihrer Vereine. Die beauftragte Munderkinger Firma Fahnen- und Stickerei Burger, erledigte den Auftrag zur Instandsetzung der Fahne mit dem Betrag von 551 Euro. Die in den w\u00fcrttembergischen Farben schwarz-rote Kriegerbund-Fahne zeigt auf der Vorderseite die Inschrift \u201eKriegerbund Untermarchthal\u201c und das Gr\u00fcndungs- und Fahnenweihejahr 1875. Dann Fahnenmittig das W\u00fcrttembergische K\u00f6nigswappen unten mit dem Wahlspruch \u201eFurchtlos und Treu\u201c. Dieses Wappen galt als Staatswappen auf einem in zwei Felder geteilten Schild mit den Hirschgeweihstangen des Stammwappens von W\u00fcrttemberg links und mit den 3 L\u00f6wen des Herzogtum Schwaben rechts. Auf dem Schild ist ein ritterlicher Helm und dar\u00fcber die Krone. Der Schild wird links von einem gekr\u00f6nten, schwarzen L\u00f6we und rechts von einem goldenen Hirsch dargestellt.<\/p>\r\n\r\n<img loading=\"lazy\" decoding=\"async\" class=\"alignnone size-full wp-image-2793\" src=\"https:\/\/www.gemeinde-untermarchtal.de\/bilder\/IMG_9815.jpg\" alt=\"\" width=\"760\" height=\"570\" \/>\r\n\r\n<p>Die R\u00fcckseite stellt die kaiserliche Fahnenfarbe schwarz-wei\u00df-rot und mittig die Kriegsjahre 1870 (links) und 1871 (rechts) dar. In Eichen und Lorbeerblatt geschm\u00fcckt und unten mit einem blauen Band gebunden in der Mitte die Inschrift \u201eGott war mit uns, ihm sei die Ehre\u201c. In den Fahnenecken die kriegshistorischen Orte li oben Sedan, re oben W\u00f6rth, li unten Villiers und re unten Champignij. Nicht auf der Fahne steht Belfort\/Festung in Burgund wo die \u201eHelden von Belfort\u201c aus Untermarchtal, wie Chronikschreiber Pfarrer Franz-Josef Schwitthelm beschreibt, beteiligt waren. 15 Soldatennamen aus Untermarchtal stehen noch heute am Ehinger Wolfertturm. Sie waren am Deutsch-Franz\u00f6sischem Feldzug 1870\/71 beteiligt.<\/p>\r\n\r\n<img loading=\"lazy\" decoding=\"async\" class=\"alignnone size-full wp-image-2791\" src=\"https:\/\/www.gemeinde-untermarchtal.de\/bilder\/IMG_9808.jpg\" alt=\"\" width=\"760\" height=\"570\" \/>\r\n\r\n<img loading=\"lazy\" decoding=\"async\" class=\"alignnone size-full wp-image-2792\" src=\"https:\/\/www.gemeinde-untermarchtal.de\/bilder\/IMG_9810.jpg\" alt=\"\" width=\"760\" height=\"570\" \/>\r\n\r\n&nbsp;\r\n<h3>Ein R\u00fcckbklick \u00fcber die Vereine in Untermarchtal<\/h3>\r\n<p>Wenn man kurz r\u00fcckblickend die \u201eVereinelandschaft\u201c in Untermarchtal betrachtet, so sind in den letzten Hundert Jahre mehrer Vereine gegr\u00fcndet worden und auch wieder aufgel\u00f6st und verschwunden. Dies sind unmittelbar nach dem Ersten Weltkrieg der Radfahrerverein \u201eConcordia\u201c,\u2013Aufl\u00f6sung 1928-. Es wurde unmittelbar nach dem I. Weltkrieg auch ein Jungfrauen-Verein \u201eInocentia\u201c, gegr\u00fcndet. Dieser Verein machte sich durch Theaterauff\u00fchrungen ect. bekannt und bestand etwa 15 Jahre. Der Radfahrerverein wurde ab 1928 aufgel\u00f6st und als Deutsche Jugend-Kraft \u2013DJK- ins Leben gerufen. Mitte der 1920er Jahre wurde eine Kleinkaliber-Sch\u00fctzenabteilung dem Kriegerbund angeschlossen. In dieser Zeit wurde eine Ortsgruppe des Schw\u00e4bischen Albverein gegr\u00fcndet Beide, die Sch\u00fctzenabteiklung und die Ortsgruppe des Schw\u00e4bischen Albverein wurden Anfang der 1930er Jahre aufgel\u00f6st.. Im Jahre 1930 wurde dann der Gesangverein Untermarchtal \u2013nach Neugr\u00fcndung im Jahre 1950 als Liederkranz Untermarchtal- gegr\u00fcndet und bestand dann 88 Jahre bis 2018. 1933 wurde der \u201eKriegerbund-Verein von 1875\u201c mit dem Namen einer \u201eKriegerkameradschaft\u201c verbunden und wurde mit einer zweiten Fahne in den Farben und Zeichen des Dritten Reiches ausgestattet. Der Sportverein \u201eDeutsche Jugend-Kraft\u201c (DJK) wurde 1935 vom Deutschen Reich verboten und in die \u201eHitlerjugend\u201c eingegliedert.\r\nEine Fu\u00dfball-Tabelle aus dem Jahre 1932 weist die DJK Untermarchtal als ungeschlagenen Meister nach 13 Spielen aus. Es sind Vereine dabei aus Allmendingen, Munderkingen, Obermarchtal, Unterstadion und Kirchen aufgef\u00fchrt. Nach dem Zweiten Weltkrieg 1945 wurde der Kriegerbund bzw Kriegerkameradschaft zun\u00e4chst verboten und dann aufgel\u00f6st. Am 27. Juli 1946 wurde im Gasthaus \u201eLinde\u201c im Raum Ehingen einer von den ersten Sport-Vereinsneugr\u00fcndungen nach dem II. Weltkrieg mit dem \u201eSportverein Untermarchtal\u201c von der franz\u00f6sischen Besatzung zugelassen und gegr\u00fcndet. Der damalige B\u00fcrgermeister Hans Widmann fand 4 begeisterte junge M\u00e4nner zur Gr\u00fcndung des Sportverein. Eine weitere Vereinsgr\u00fcndung nach dem Kriege wurde mit der Katholischen Landjugend (KLJB) vorgenommen. In den 1980er Jahre wurde dieser Verein in \u201eLandjugend Untermarchtal\u201c umbenannt und z\u00e4hlt zum heutigen Vereinebestand. Einen Musikverein zu gr\u00fcnden schlug Anfang der 1950er fehl. Dennoch wurde ein \u201eMusikkreis\u201c ins Leben gerufen, der sich haupts\u00e4chlich einige Jahre mit klassischer Konzertmusik befasste. 1990 wurde die Ortsgruppe des Schw\u00e4bischen Heimatbund (SHB) gegr\u00fcndet. Ebenfalls Anfang 1990er Jahre wurde der Verein \u201eCountry-Freunde Untermarchtal\u201c ins Leben gerufen aber schon im Jahre 2013 wieder aufgel\u00f6st.\u00a0Im Jahre 1992 wurde die Narrenzunft Untermarchtal e.V. gegr\u00fcndet. Somit ist die Vereineentwicklung von \u00fcber 100 Jahre dargestellt. Es wird aber auch in Zukunft mit ver\u00e4ndertem Zeitgeist ein Kommen und Gehen in der Vereinelandschaft geben.<\/p>\r\n\r\n<p>Literatur\/Quellen: Pfarrchronik Untermarchtal, Heimatgeschichte Untermarchtal, Schw\u00e4bische Zeitung Ehingen, Ehinger Tagblatt, Eigenarchiv<\/p>","protected":false},"excerpt":{"rendered":"<p>Die Gemeinde Untermarchtal hat die lange Zeit verschwundene, historische Fahne des seit dem Kriegsende aufgel\u00f6sten \u201eKriegerbund-Verein von 1875\u201c wieder restaurieren lassen. Im Juni 2017 berichteten wir ausf\u00fchrlich davon. Ebenso auf der Homepageseite der Gemeinde Untermarchtal unter Aktuelles unter \u201eHistorische Beitr\u00e4ge\u201c, Titel: Fahne von 1875 wieder gefunden mit 2 Fotos Die Fahne hat zugleich einen neuen [&hellip;]<\/p>\n","protected":false},"author":1,"featured_media":0,"parent":0,"menu_order":0,"comment_status":"closed","ping_status":"closed","template":"page-templates\/_template_historische_beitraege.php","meta":{"_acf_changed":false,"footnotes":""},"class_list":["post-2787","page","type-page","status-publish","hentry"],"acf":[],"yoast_head":"<!-- This site is optimized with the Yoast SEO plugin v26.7 - https:\/\/yoast.com\/wordpress\/plugins\/seo\/ -->\n<title>Historische Kriegerbund-Fahne von 1875 jetzt restauriert - Gemeinde Untermarchtal<\/title>\n<meta name=\"robots\" content=\"index, follow, max-snippet:-1, max-image-preview:large, max-video-preview:-1\" \/>\n<link rel=\"canonical\" href=\"https:\/\/www.gemeinde-untermarchtal.de\/index.php\/historische-kriegerbund-fahne-von-1875-jetzt-restauriert-2\/\" \/>\n<meta property=\"og:locale\" content=\"de_DE\" \/>\n<meta property=\"og:type\" content=\"article\" \/>\n<meta property=\"og:title\" content=\"Historische Kriegerbund-Fahne von 1875 jetzt restauriert - Gemeinde Untermarchtal\" \/>\n<meta property=\"og:description\" content=\"Die Gemeinde Untermarchtal hat die lange Zeit verschwundene, historische Fahne des seit dem Kriegsende aufgel\u00f6sten \u201eKriegerbund-Verein von 1875\u201c wieder restaurieren lassen. Im Juni 2017 berichteten wir ausf\u00fchrlich davon. Ebenso auf der Homepageseite der Gemeinde Untermarchtal unter Aktuelles unter \u201eHistorische Beitr\u00e4ge\u201c, Titel: Fahne von 1875 wieder gefunden mit 2 Fotos Die Fahne hat zugleich einen neuen [&hellip;]\" \/>\n<meta property=\"og:url\" content=\"https:\/\/www.gemeinde-untermarchtal.de\/index.php\/historische-kriegerbund-fahne-von-1875-jetzt-restauriert-2\/\" \/>\n<meta property=\"og:site_name\" content=\"Gemeinde Untermarchtal\" \/>\n<meta property=\"article:modified_time\" content=\"2018-09-01T01:24:33+00:00\" \/>\n<meta property=\"og:image\" content=\"https:\/\/www.gemeinde-untermarchtal.de\/bilder\/IMG_9815.jpg\" \/>\n<meta name=\"twitter:card\" content=\"summary_large_image\" \/>\n<meta name=\"twitter:label1\" content=\"Gesch\u00e4tzte Lesezeit\" \/>\n\t<meta name=\"twitter:data1\" content=\"4\u00a0Minuten\" \/>\n<script type=\"application\/ld+json\" class=\"yoast-schema-graph\">{\"@context\":\"https:\/\/schema.org\",\"@graph\":[{\"@type\":\"WebPage\",\"@id\":\"https:\/\/www.gemeinde-untermarchtal.de\/index.php\/historische-kriegerbund-fahne-von-1875-jetzt-restauriert-2\/\",\"url\":\"https:\/\/www.gemeinde-untermarchtal.de\/index.php\/historische-kriegerbund-fahne-von-1875-jetzt-restauriert-2\/\",\"name\":\"Historische Kriegerbund-Fahne von 1875 jetzt restauriert - Gemeinde Untermarchtal\",\"isPartOf\":{\"@id\":\"https:\/\/www.gemeinde-untermarchtal.de\/#website\"},\"primaryImageOfPage\":{\"@id\":\"https:\/\/www.gemeinde-untermarchtal.de\/index.php\/historische-kriegerbund-fahne-von-1875-jetzt-restauriert-2\/#primaryimage\"},\"image\":{\"@id\":\"https:\/\/www.gemeinde-untermarchtal.de\/index.php\/historische-kriegerbund-fahne-von-1875-jetzt-restauriert-2\/#primaryimage\"},\"thumbnailUrl\":\"https:\/\/www.gemeinde-untermarchtal.de\/bilder\/IMG_9815.jpg\",\"datePublished\":\"2018-08-12T21:32:30+00:00\",\"dateModified\":\"2018-09-01T01:24:33+00:00\",\"breadcrumb\":{\"@id\":\"https:\/\/www.gemeinde-untermarchtal.de\/index.php\/historische-kriegerbund-fahne-von-1875-jetzt-restauriert-2\/#breadcrumb\"},\"inLanguage\":\"de\",\"potentialAction\":[{\"@type\":\"ReadAction\",\"target\":[\"https:\/\/www.gemeinde-untermarchtal.de\/index.php\/historische-kriegerbund-fahne-von-1875-jetzt-restauriert-2\/\"]}]},{\"@type\":\"ImageObject\",\"inLanguage\":\"de\",\"@id\":\"https:\/\/www.gemeinde-untermarchtal.de\/index.php\/historische-kriegerbund-fahne-von-1875-jetzt-restauriert-2\/#primaryimage\",\"url\":\"https:\/\/www.gemeinde-untermarchtal.de\/bilder\/IMG_9815.jpg\",\"contentUrl\":\"https:\/\/www.gemeinde-untermarchtal.de\/bilder\/IMG_9815.jpg\",\"width\":760,\"height\":570},{\"@type\":\"BreadcrumbList\",\"@id\":\"https:\/\/www.gemeinde-untermarchtal.de\/index.php\/historische-kriegerbund-fahne-von-1875-jetzt-restauriert-2\/#breadcrumb\",\"itemListElement\":[{\"@type\":\"ListItem\",\"position\":1,\"name\":\"Startseite\",\"item\":\"https:\/\/www.gemeinde-untermarchtal.de\/\"},{\"@type\":\"ListItem\",\"position\":2,\"name\":\"Historische Kriegerbund-Fahne von 1875 jetzt restauriert\"}]},{\"@type\":\"WebSite\",\"@id\":\"https:\/\/www.gemeinde-untermarchtal.de\/#website\",\"url\":\"https:\/\/www.gemeinde-untermarchtal.de\/\",\"name\":\"Gemeinde Untermarchtal\",\"description\":\"Gemeinde Untermarchtal\",\"potentialAction\":[{\"@type\":\"SearchAction\",\"target\":{\"@type\":\"EntryPoint\",\"urlTemplate\":\"https:\/\/www.gemeinde-untermarchtal.de\/?s={search_term_string}\"},\"query-input\":{\"@type\":\"PropertyValueSpecification\",\"valueRequired\":true,\"valueName\":\"search_term_string\"}}],\"inLanguage\":\"de\"}]}<\/script>\n<!-- \/ Yoast SEO plugin. -->","yoast_head_json":{"title":"Historische Kriegerbund-Fahne von 1875 jetzt restauriert - Gemeinde Untermarchtal","robots":{"index":"index","follow":"follow","max-snippet":"max-snippet:-1","max-image-preview":"max-image-preview:large","max-video-preview":"max-video-preview:-1"},"canonical":"https:\/\/www.gemeinde-untermarchtal.de\/index.php\/historische-kriegerbund-fahne-von-1875-jetzt-restauriert-2\/","og_locale":"de_DE","og_type":"article","og_title":"Historische Kriegerbund-Fahne von 1875 jetzt restauriert - Gemeinde Untermarchtal","og_description":"Die Gemeinde Untermarchtal hat die lange Zeit verschwundene, historische Fahne des seit dem Kriegsende aufgel\u00f6sten \u201eKriegerbund-Verein von 1875\u201c wieder restaurieren lassen. Im Juni 2017 berichteten wir ausf\u00fchrlich davon. Ebenso auf der Homepageseite der Gemeinde Untermarchtal unter Aktuelles unter \u201eHistorische Beitr\u00e4ge\u201c, Titel: Fahne von 1875 wieder gefunden mit 2 Fotos Die Fahne hat zugleich einen neuen [&hellip;]","og_url":"https:\/\/www.gemeinde-untermarchtal.de\/index.php\/historische-kriegerbund-fahne-von-1875-jetzt-restauriert-2\/","og_site_name":"Gemeinde Untermarchtal","article_modified_time":"2018-09-01T01:24:33+00:00","og_image":[{"url":"https:\/\/www.gemeinde-untermarchtal.de\/bilder\/IMG_9815.jpg","type":"","width":"","height":""}],"twitter_card":"summary_large_image","twitter_misc":{"Gesch\u00e4tzte Lesezeit":"4\u00a0Minuten"},"schema":{"@context":"https:\/\/schema.org","@graph":[{"@type":"WebPage","@id":"https:\/\/www.gemeinde-untermarchtal.de\/index.php\/historische-kriegerbund-fahne-von-1875-jetzt-restauriert-2\/","url":"https:\/\/www.gemeinde-untermarchtal.de\/index.php\/historische-kriegerbund-fahne-von-1875-jetzt-restauriert-2\/","name":"Historische Kriegerbund-Fahne von 1875 jetzt restauriert - Gemeinde Untermarchtal","isPartOf":{"@id":"https:\/\/www.gemeinde-untermarchtal.de\/#website"},"primaryImageOfPage":{"@id":"https:\/\/www.gemeinde-untermarchtal.de\/index.php\/historische-kriegerbund-fahne-von-1875-jetzt-restauriert-2\/#primaryimage"},"image":{"@id":"https:\/\/www.gemeinde-untermarchtal.de\/index.php\/historische-kriegerbund-fahne-von-1875-jetzt-restauriert-2\/#primaryimage"},"thumbnailUrl":"https:\/\/www.gemeinde-untermarchtal.de\/bilder\/IMG_9815.jpg","datePublished":"2018-08-12T21:32:30+00:00","dateModified":"2018-09-01T01:24:33+00:00","breadcrumb":{"@id":"https:\/\/www.gemeinde-untermarchtal.de\/index.php\/historische-kriegerbund-fahne-von-1875-jetzt-restauriert-2\/#breadcrumb"},"inLanguage":"de","potentialAction":[{"@type":"ReadAction","target":["https:\/\/www.gemeinde-untermarchtal.de\/index.php\/historische-kriegerbund-fahne-von-1875-jetzt-restauriert-2\/"]}]},{"@type":"ImageObject","inLanguage":"de","@id":"https:\/\/www.gemeinde-untermarchtal.de\/index.php\/historische-kriegerbund-fahne-von-1875-jetzt-restauriert-2\/#primaryimage","url":"https:\/\/www.gemeinde-untermarchtal.de\/bilder\/IMG_9815.jpg","contentUrl":"https:\/\/www.gemeinde-untermarchtal.de\/bilder\/IMG_9815.jpg","width":760,"height":570},{"@type":"BreadcrumbList","@id":"https:\/\/www.gemeinde-untermarchtal.de\/index.php\/historische-kriegerbund-fahne-von-1875-jetzt-restauriert-2\/#breadcrumb","itemListElement":[{"@type":"ListItem","position":1,"name":"Startseite","item":"https:\/\/www.gemeinde-untermarchtal.de\/"},{"@type":"ListItem","position":2,"name":"Historische Kriegerbund-Fahne von 1875 jetzt restauriert"}]},{"@type":"WebSite","@id":"https:\/\/www.gemeinde-untermarchtal.de\/#website","url":"https:\/\/www.gemeinde-untermarchtal.de\/","name":"Gemeinde Untermarchtal","description":"Gemeinde Untermarchtal","potentialAction":[{"@type":"SearchAction","target":{"@type":"EntryPoint","urlTemplate":"https:\/\/www.gemeinde-untermarchtal.de\/?s={search_term_string}"},"query-input":{"@type":"PropertyValueSpecification","valueRequired":true,"valueName":"search_term_string"}}],"inLanguage":"de"}]}},"_links":{"self":[{"href":"https:\/\/www.gemeinde-untermarchtal.de\/index.php\/wp-json\/wp\/v2\/pages\/2787","targetHints":{"allow":["GET"]}}],"collection":[{"href":"https:\/\/www.gemeinde-untermarchtal.de\/index.php\/wp-json\/wp\/v2\/pages"}],"about":[{"href":"https:\/\/www.gemeinde-untermarchtal.de\/index.php\/wp-json\/wp\/v2\/types\/page"}],"author":[{"embeddable":true,"href":"https:\/\/www.gemeinde-untermarchtal.de\/index.php\/wp-json\/wp\/v2\/users\/1"}],"replies":[{"embeddable":true,"href":"https:\/\/www.gemeinde-untermarchtal.de\/index.php\/wp-json\/wp\/v2\/comments?post=2787"}],"version-history":[{"count":7,"href":"https:\/\/www.gemeinde-untermarchtal.de\/index.php\/wp-json\/wp\/v2\/pages\/2787\/revisions"}],"predecessor-version":[{"id":2814,"href":"https:\/\/www.gemeinde-untermarchtal.de\/index.php\/wp-json\/wp\/v2\/pages\/2787\/revisions\/2814"}],"wp:attachment":[{"href":"https:\/\/www.gemeinde-untermarchtal.de\/index.php\/wp-json\/wp\/v2\/media?parent=2787"}],"curies":[{"name":"wp","href":"https:\/\/api.w.org\/{rel}","templated":true}]}}