{"id":4139,"date":"2022-03-28T10:16:20","date_gmt":"2022-03-28T08:16:20","guid":{"rendered":"https:\/\/www.gemeinde-untermarchtal.de\/?page_id=4139"},"modified":"2022-03-28T10:31:09","modified_gmt":"2022-03-28T08:31:09","slug":"geschichtlicher-rueckblick-des-ortes-untermarchtal-seit-der-ersten-urkundlichen-erwaehnung-im-jahre-1267","status":"publish","type":"page","link":"https:\/\/www.gemeinde-untermarchtal.de\/index.php\/geschichtlicher-rueckblick-des-ortes-untermarchtal-seit-der-ersten-urkundlichen-erwaehnung-im-jahre-1267\/","title":{"rendered":"Geschichtlicher R\u00fcckblick des Ortes Untermarchtal seit der ersten urkundlichen Erw\u00e4hnung im Jahre 1267"},"content":{"rendered":"Werte B\u00fcrger und B\u00fcrgerinnen von Untermarchtal. Heute m\u00f6chten wir unseren geschichtlichen R\u00fcckblick der Gemeinde Untermarchtal mit Daten, Geschehnissen und Ereignissen ins Ged\u00e4chtnis zur\u00fcckrufen. Vieles wird damit wieder in unseren Erinnerungen wachgerufen. Sei es das von vielen selbst erlebten Ereignisse der letzten Jahre oder Jahrzehnte oder von unseren \u00e4lteren B\u00fcrger und B\u00fcrgerinnen erz\u00e4hlten oder beschriebenen Vorkommnisse. Man kann vielleicht so sagen: Ja so war es damals, aber es ist schon lange her! Bei aller Betrachtung der vergangenen Daten darf aber so das jetzt und heute Geschehene und die vor uns liegende Zukunft nicht au\u00dfer Acht gelassen werden. Das soll jeder der sich f\u00fcr vergangene Dinge interessiert, beachten.\n\nOder frei nach einem Spruchwort von Wilhelm von Humboldt: Nur wer seine Vergangenheit kennt, kann die Zukunft gestalten!\n\nSo steht das Jahr 1267 als erste urkundliche Erw\u00e4hnung, also vor 755 Jahren, f\u00fcr den Ort Untermarchtal oder \u201eNidren Mathel\u201c.\n\nEinen gro\u00dfen Sprung machen wir jetzt ins Jahr 1871: Pflanzung und Segnung \u201eder 3 Friedenslinden am Weg nach Munderkingen\u201c am 19. M\u00e4rz 1871. Im Jahr 1872, den 18. August erinnert das gro\u00dfe, 5.50 Meter hohe aus Zink Guss und dem Korpus vergoldete Kreuz im Soldatenfriedhof -Gemarkung Untermarchtal \u2013 auf seine Aufstellung und Segnung von Pfarrer Scheffold Obermarchtal. Herstellung von der Firma Pelarguss, Stuttgart als \u201eK\u00f6niglich W\u00fcrttembergischer Hoferzgie\u00dfer\u201c.\n<ul>\n \t<li>1891: In diesem Jahr wurde das \u201eMutterhaus der Barmherzigen Schwester vom Hl. Vinzenz von Paul\u201c von Schw\u00e4bisch Gm\u00fcnd nach Untermarchtal verlegt. Also ist es jetzt 131&nbsp; Jahre seit der \u00dcbersiedlung her.<\/li>\n \t<li>1892: Die erste Poststelle oder Postagentur wurde vor 130 Jahren in Untermarchtal im Klostergeb\u00e4ude eingerichtet. Dies ist jetzt 130 Jahre her.<\/li>\n \t<li>1903: Mit dem Bau der Ortswasserversorgung wurde begonnen, weil der gro\u00dfe Bau des Kloster-Maria Hilf bevorstand. Dies war die Bedingung des Oberamtsbaumeister Josef Buck.<\/li>\n \t<li>1912: Das elektrische Licht wird im Ort installiert. Ein Meilenstein in der Energieversorgung. Seitdem sind 110 Jahre vergangen und ein Verdienst wie auch der Bau der Wasser-versorgung von B\u00fcrgermeister Albert Gro\u00dfmann, der im Jahre 1926 zum Ehrenb\u00fcrger ernannt wird.<\/li>\n \t<li>1922: Der Bau des Kalkwerk Untermarchtal begann. Bauherren waren B\u00fcrgermeister Albert Gro\u00dfmann, Maurermeister Leopold Ege, Munderkingen und Josef Bailer, Holzh\u00e4ndler, Dieterskirch.<\/li>\n \t<li>1923: Ein neues Pfarrhaus, heute Kirchweg, entstand unter Pfarrer Felix Stiegele. Das bisherige Pfarrhaus, heute Freiherr-von-Speth-Stra\u00dfe, bewohnte dann die Familie Ege-Beck.<\/li>\n \t<li>1930: Der Gesangverein Liederkranz Untermarchtal wird gegr\u00fcndet.<\/li>\n \t<li>1932: Auf dem Friedhof wurde das Kriegerdenkmal zu Ehren der Gefallenen des I. Weltkrieg (Gro\u00dfer Krieg) eingeweiht. Segnung Pfarrer und Dekan Stiegele, \u00dcbergabe BM Georg Leichtle.<\/li>\n \t<li>1942: Die Postagentur wurde dem Kloster durch den Nazi entzogen. Der neue Standort ist jetzt das Gasthaus \u201eHirsch\u201c unter der Postagentin Frau Roll.<\/li>\n \t<li>1942: In diesem Jahr hat die Gemeinde Untermarchtal ihre meisten Geburteneintr\u00e4ge seit ihrem Bestehen. Grund: Die vielen Um- und \u00dcbersiedler durch das Durchgangslager, eingerichtet vom Kloster, aus Osteuropa und dem Balkan. Dies ist jetzt 80 Jahre her.<\/li>\n \t<li>1945: Bei Kriegsende wurde die Ortsdonau-Br\u00fccke gesprengt. Eine Holznotbr\u00fccke wurde in den Monaten April \u2013 Juli 1945 gebaut.<\/li>\n \t<li>1946: Der Sportverein Untermarchtal wurde vor 75 Jahren gegr\u00fcndet.<\/li>\n \t<li>1949 und 1950: Josef Ziegler und Karl Gro\u00df von hier werden zu Priester geweiht.<\/li>\n \t<li>1955: Brand des Schul- und Rathauses. Ein neues Schulhaus wird im Wassert\u00e4le gebaut und im Jahre 1956 seiner Bestimmung \u00fcbergeben.<\/li>\n \t<li>1952: Neubau der Ortsdonaubr\u00fccke, Abriss der Notbr\u00fccke und Beginn der Bauarbeiten zum Donau-Viadukt. Fertigstellung und Einweihung der neuen Spannbetonbr\u00fccke am 23. November 1953<\/li>\n \t<li>1972: Am Vinzenzfest wird die neue Klosterkirche St. Vinzenz geweiht. Ein viel beachtetes, modernes Bauwerk. Jetzt ist es 50 Jahre her.<\/li>\n \t<li>1972: Wehrmachtsdekan a.D. Franz Borgias Schmid wird im Soldatenfriedhof zur letzten Ruhe beerdigt.<\/li>\n \t<li>1981: J\u00fcrgen Wolter von hier wird zum Priester geweiht und findet seine T\u00e4tigkeit im Franziskaner-Orden.<\/li>\n \t<li>1981: Erster Jugendtag mit Sternwallfahrt des Klosters Untermarchtal.<\/li>\n \t<li>1982: Beim zweiten Jugendtag, also vor 40 Jahren, ist Schwester Mutter Teresa aus Kalkutta zu Gast.<\/li>\n \t<li>1982: Das neue Baugebiet \u201eSteige und Lerchenfeld\u201c wird erschlossen.<\/li>\n \t<li>1990: Die Ortsgruppe des Schw\u00e4bischen Heimatbund (SHB) wird gegr\u00fcndet und \u00fcbernimmt die Betreuung des Kalkofen-Museum<\/li>\n \t<li>1992: Der Fu\u00dfball Club Marchtal wird im Sportheim gegr\u00fcndet. Also vor 30 Jahren. Ebenso wird die Narrenzunft Untermarchtal als Verein angemeldet.<\/li>\n \t<li>2002: Der Euro als neue W\u00e4hrung wird eingef\u00fchrt und l\u00f6st die \u201eDeutsche Mark\u201c als W\u00e4hrung ab.<\/li>\n \t<li>2011: Baubeginn des neuen Donautal-Viadukt. Fertigstellung und Verkehrs\u00fcbergabe Oktober\n2013.<\/li>\n \t<li>2012: Ein neues Feuerwehr-Auto als LF\/10\/6 wird hier geweiht und in Dienst gestellt. Dies ist gerade 10 Jahre her.<\/li>\n \t<li>2012: Die \u201eDonauschleife\u201c zwischen Untermarchtal-Algershofen und Munderkingen wird zum Marketing-Name f\u00fcr das Touristik-Konzept der VG Munderkingen.<\/li>\n \t<li>2012: Die Gemeinde Untermarchtal beteiligt sich im Rahmen der bundesweiten Klimaschutzinitiative am Projekt mit dem Einsatz von LED-Leuchten.<\/li>\n \t<li>2018: Der Verein Liederkranz Untermarchtal wird aufgel\u00f6st. Der Verein hatte 88 Jahre bestanden.<\/li>\n \t<li>2020: Die Corona-Pandemie legt die \u00d6ffentlichkeit zu gro\u00dfen Teilen lahm. Auch im Jahre 2021.<\/li>\n \t<li>2021: Der Sportverein Untermarchtal feiert sein 75-j\u00e4hriges Bestehen.<\/li>\n \t<li>2022: Russland beginnt einen mit nichts zu verantworteten Angriffskrieg gegen den Nachbarstaat Ukraine<\/li>\n<\/ul>\n<strong>Verfasser: H.J. Illenberger.<\/strong>\n\nDie aufgef\u00fchrten Daten und Ereignisse sind selbstverst\u00e4ndlich nicht vollst\u00e4ndig. Es ist nur eine Auswahl. N\u00e4here Kenntnisse \u00fcber die Geschichte und Historie finden sie hier auf der webseite der Gemeinde Untermarchtal oder seit kurzem \u00fcber den Social-Media-Kanal Youtube, Name Klaus Eggert, erfahren.","protected":false},"excerpt":{"rendered":"<p>Werte B\u00fcrger und B\u00fcrgerinnen von Untermarchtal. Heute m\u00f6chten wir unseren geschichtlichen R\u00fcckblick der Gemeinde Untermarchtal mit Daten, Geschehnissen und Ereignissen ins Ged\u00e4chtnis zur\u00fcckrufen. Vieles wird damit wieder in unseren Erinnerungen wachgerufen. Sei es das von vielen selbst erlebten Ereignisse der letzten Jahre oder Jahrzehnte oder von unseren \u00e4lteren B\u00fcrger und B\u00fcrgerinnen erz\u00e4hlten oder beschriebenen Vorkommnisse. [&hellip;]<\/p>\n","protected":false},"author":1,"featured_media":0,"parent":0,"menu_order":0,"comment_status":"closed","ping_status":"closed","template":"page-templates\/_template_historische_beitraege.php","meta":{"_acf_changed":false,"footnotes":""},"class_list":["post-4139","page","type-page","status-publish","hentry"],"acf":[],"yoast_head":"<!-- This site is optimized with the Yoast SEO plugin v26.7 - https:\/\/yoast.com\/wordpress\/plugins\/seo\/ -->\n<title>Geschichtlicher R\u00fcckblick des Ortes Untermarchtal seit der ersten urkundlichen Erw\u00e4hnung im Jahre 1267 - Gemeinde Untermarchtal<\/title>\n<meta name=\"robots\" content=\"index, follow, max-snippet:-1, max-image-preview:large, max-video-preview:-1\" \/>\n<link rel=\"canonical\" href=\"https:\/\/www.gemeinde-untermarchtal.de\/index.php\/geschichtlicher-rueckblick-des-ortes-untermarchtal-seit-der-ersten-urkundlichen-erwaehnung-im-jahre-1267\/\" \/>\n<meta property=\"og:locale\" content=\"de_DE\" \/>\n<meta property=\"og:type\" content=\"article\" \/>\n<meta property=\"og:title\" content=\"Geschichtlicher R\u00fcckblick des Ortes Untermarchtal seit der ersten urkundlichen Erw\u00e4hnung im Jahre 1267 - Gemeinde Untermarchtal\" \/>\n<meta property=\"og:description\" content=\"Werte B\u00fcrger und B\u00fcrgerinnen von Untermarchtal. Heute m\u00f6chten wir unseren geschichtlichen R\u00fcckblick der Gemeinde Untermarchtal mit Daten, Geschehnissen und Ereignissen ins Ged\u00e4chtnis zur\u00fcckrufen. Vieles wird damit wieder in unseren Erinnerungen wachgerufen. Sei es das von vielen selbst erlebten Ereignisse der letzten Jahre oder Jahrzehnte oder von unseren \u00e4lteren B\u00fcrger und B\u00fcrgerinnen erz\u00e4hlten oder beschriebenen Vorkommnisse. [&hellip;]\" \/>\n<meta property=\"og:url\" content=\"https:\/\/www.gemeinde-untermarchtal.de\/index.php\/geschichtlicher-rueckblick-des-ortes-untermarchtal-seit-der-ersten-urkundlichen-erwaehnung-im-jahre-1267\/\" \/>\n<meta property=\"og:site_name\" content=\"Gemeinde Untermarchtal\" \/>\n<meta property=\"article:modified_time\" content=\"2022-03-28T08:31:09+00:00\" \/>\n<meta name=\"twitter:card\" content=\"summary_large_image\" \/>\n<meta name=\"twitter:label1\" content=\"Gesch\u00e4tzte Lesezeit\" \/>\n\t<meta name=\"twitter:data1\" content=\"5\u00a0Minuten\" \/>\n<script type=\"application\/ld+json\" class=\"yoast-schema-graph\">{\"@context\":\"https:\/\/schema.org\",\"@graph\":[{\"@type\":\"WebPage\",\"@id\":\"https:\/\/www.gemeinde-untermarchtal.de\/index.php\/geschichtlicher-rueckblick-des-ortes-untermarchtal-seit-der-ersten-urkundlichen-erwaehnung-im-jahre-1267\/\",\"url\":\"https:\/\/www.gemeinde-untermarchtal.de\/index.php\/geschichtlicher-rueckblick-des-ortes-untermarchtal-seit-der-ersten-urkundlichen-erwaehnung-im-jahre-1267\/\",\"name\":\"Geschichtlicher R\u00fcckblick des Ortes Untermarchtal seit der ersten urkundlichen Erw\u00e4hnung im Jahre 1267 - Gemeinde Untermarchtal\",\"isPartOf\":{\"@id\":\"https:\/\/www.gemeinde-untermarchtal.de\/#website\"},\"datePublished\":\"2022-03-28T08:16:20+00:00\",\"dateModified\":\"2022-03-28T08:31:09+00:00\",\"breadcrumb\":{\"@id\":\"https:\/\/www.gemeinde-untermarchtal.de\/index.php\/geschichtlicher-rueckblick-des-ortes-untermarchtal-seit-der-ersten-urkundlichen-erwaehnung-im-jahre-1267\/#breadcrumb\"},\"inLanguage\":\"de\",\"potentialAction\":[{\"@type\":\"ReadAction\",\"target\":[\"https:\/\/www.gemeinde-untermarchtal.de\/index.php\/geschichtlicher-rueckblick-des-ortes-untermarchtal-seit-der-ersten-urkundlichen-erwaehnung-im-jahre-1267\/\"]}]},{\"@type\":\"BreadcrumbList\",\"@id\":\"https:\/\/www.gemeinde-untermarchtal.de\/index.php\/geschichtlicher-rueckblick-des-ortes-untermarchtal-seit-der-ersten-urkundlichen-erwaehnung-im-jahre-1267\/#breadcrumb\",\"itemListElement\":[{\"@type\":\"ListItem\",\"position\":1,\"name\":\"Startseite\",\"item\":\"https:\/\/www.gemeinde-untermarchtal.de\/\"},{\"@type\":\"ListItem\",\"position\":2,\"name\":\"Geschichtlicher R\u00fcckblick des Ortes Untermarchtal seit der ersten urkundlichen Erw\u00e4hnung im Jahre 1267\"}]},{\"@type\":\"WebSite\",\"@id\":\"https:\/\/www.gemeinde-untermarchtal.de\/#website\",\"url\":\"https:\/\/www.gemeinde-untermarchtal.de\/\",\"name\":\"Gemeinde Untermarchtal\",\"description\":\"Gemeinde Untermarchtal\",\"potentialAction\":[{\"@type\":\"SearchAction\",\"target\":{\"@type\":\"EntryPoint\",\"urlTemplate\":\"https:\/\/www.gemeinde-untermarchtal.de\/?s={search_term_string}\"},\"query-input\":{\"@type\":\"PropertyValueSpecification\",\"valueRequired\":true,\"valueName\":\"search_term_string\"}}],\"inLanguage\":\"de\"}]}<\/script>\n<!-- \/ Yoast SEO plugin. -->","yoast_head_json":{"title":"Geschichtlicher R\u00fcckblick des Ortes Untermarchtal seit der ersten urkundlichen Erw\u00e4hnung im Jahre 1267 - Gemeinde Untermarchtal","robots":{"index":"index","follow":"follow","max-snippet":"max-snippet:-1","max-image-preview":"max-image-preview:large","max-video-preview":"max-video-preview:-1"},"canonical":"https:\/\/www.gemeinde-untermarchtal.de\/index.php\/geschichtlicher-rueckblick-des-ortes-untermarchtal-seit-der-ersten-urkundlichen-erwaehnung-im-jahre-1267\/","og_locale":"de_DE","og_type":"article","og_title":"Geschichtlicher R\u00fcckblick des Ortes Untermarchtal seit der ersten urkundlichen Erw\u00e4hnung im Jahre 1267 - Gemeinde Untermarchtal","og_description":"Werte B\u00fcrger und B\u00fcrgerinnen von Untermarchtal. Heute m\u00f6chten wir unseren geschichtlichen R\u00fcckblick der Gemeinde Untermarchtal mit Daten, Geschehnissen und Ereignissen ins Ged\u00e4chtnis zur\u00fcckrufen. Vieles wird damit wieder in unseren Erinnerungen wachgerufen. Sei es das von vielen selbst erlebten Ereignisse der letzten Jahre oder Jahrzehnte oder von unseren \u00e4lteren B\u00fcrger und B\u00fcrgerinnen erz\u00e4hlten oder beschriebenen Vorkommnisse. [&hellip;]","og_url":"https:\/\/www.gemeinde-untermarchtal.de\/index.php\/geschichtlicher-rueckblick-des-ortes-untermarchtal-seit-der-ersten-urkundlichen-erwaehnung-im-jahre-1267\/","og_site_name":"Gemeinde Untermarchtal","article_modified_time":"2022-03-28T08:31:09+00:00","twitter_card":"summary_large_image","twitter_misc":{"Gesch\u00e4tzte Lesezeit":"5\u00a0Minuten"},"schema":{"@context":"https:\/\/schema.org","@graph":[{"@type":"WebPage","@id":"https:\/\/www.gemeinde-untermarchtal.de\/index.php\/geschichtlicher-rueckblick-des-ortes-untermarchtal-seit-der-ersten-urkundlichen-erwaehnung-im-jahre-1267\/","url":"https:\/\/www.gemeinde-untermarchtal.de\/index.php\/geschichtlicher-rueckblick-des-ortes-untermarchtal-seit-der-ersten-urkundlichen-erwaehnung-im-jahre-1267\/","name":"Geschichtlicher R\u00fcckblick des Ortes Untermarchtal seit der ersten urkundlichen Erw\u00e4hnung im Jahre 1267 - Gemeinde Untermarchtal","isPartOf":{"@id":"https:\/\/www.gemeinde-untermarchtal.de\/#website"},"datePublished":"2022-03-28T08:16:20+00:00","dateModified":"2022-03-28T08:31:09+00:00","breadcrumb":{"@id":"https:\/\/www.gemeinde-untermarchtal.de\/index.php\/geschichtlicher-rueckblick-des-ortes-untermarchtal-seit-der-ersten-urkundlichen-erwaehnung-im-jahre-1267\/#breadcrumb"},"inLanguage":"de","potentialAction":[{"@type":"ReadAction","target":["https:\/\/www.gemeinde-untermarchtal.de\/index.php\/geschichtlicher-rueckblick-des-ortes-untermarchtal-seit-der-ersten-urkundlichen-erwaehnung-im-jahre-1267\/"]}]},{"@type":"BreadcrumbList","@id":"https:\/\/www.gemeinde-untermarchtal.de\/index.php\/geschichtlicher-rueckblick-des-ortes-untermarchtal-seit-der-ersten-urkundlichen-erwaehnung-im-jahre-1267\/#breadcrumb","itemListElement":[{"@type":"ListItem","position":1,"name":"Startseite","item":"https:\/\/www.gemeinde-untermarchtal.de\/"},{"@type":"ListItem","position":2,"name":"Geschichtlicher R\u00fcckblick des Ortes Untermarchtal seit der ersten urkundlichen Erw\u00e4hnung im Jahre 1267"}]},{"@type":"WebSite","@id":"https:\/\/www.gemeinde-untermarchtal.de\/#website","url":"https:\/\/www.gemeinde-untermarchtal.de\/","name":"Gemeinde Untermarchtal","description":"Gemeinde Untermarchtal","potentialAction":[{"@type":"SearchAction","target":{"@type":"EntryPoint","urlTemplate":"https:\/\/www.gemeinde-untermarchtal.de\/?s={search_term_string}"},"query-input":{"@type":"PropertyValueSpecification","valueRequired":true,"valueName":"search_term_string"}}],"inLanguage":"de"}]}},"_links":{"self":[{"href":"https:\/\/www.gemeinde-untermarchtal.de\/index.php\/wp-json\/wp\/v2\/pages\/4139","targetHints":{"allow":["GET"]}}],"collection":[{"href":"https:\/\/www.gemeinde-untermarchtal.de\/index.php\/wp-json\/wp\/v2\/pages"}],"about":[{"href":"https:\/\/www.gemeinde-untermarchtal.de\/index.php\/wp-json\/wp\/v2\/types\/page"}],"author":[{"embeddable":true,"href":"https:\/\/www.gemeinde-untermarchtal.de\/index.php\/wp-json\/wp\/v2\/users\/1"}],"replies":[{"embeddable":true,"href":"https:\/\/www.gemeinde-untermarchtal.de\/index.php\/wp-json\/wp\/v2\/comments?post=4139"}],"version-history":[{"count":5,"href":"https:\/\/www.gemeinde-untermarchtal.de\/index.php\/wp-json\/wp\/v2\/pages\/4139\/revisions"}],"predecessor-version":[{"id":4144,"href":"https:\/\/www.gemeinde-untermarchtal.de\/index.php\/wp-json\/wp\/v2\/pages\/4139\/revisions\/4144"}],"wp:attachment":[{"href":"https:\/\/www.gemeinde-untermarchtal.de\/index.php\/wp-json\/wp\/v2\/media?parent=4139"}],"curies":[{"name":"wp","href":"https:\/\/api.w.org\/{rel}","templated":true}]}}