{"id":4392,"date":"2023-03-09T17:25:51","date_gmt":"2023-03-09T16:25:51","guid":{"rendered":"https:\/\/www.gemeinde-untermarchtal.de\/?page_id=4392"},"modified":"2023-03-09T17:33:38","modified_gmt":"2023-03-09T16:33:38","slug":"vor-100-jahren-bemerkenswerter-pfarrhaus-bau-in-untermarchtal-mithindernissen-neues-pfarrhaus-soll-entstehen","status":"publish","type":"page","link":"https:\/\/www.gemeinde-untermarchtal.de\/index.php\/vor-100-jahren-bemerkenswerter-pfarrhaus-bau-in-untermarchtal-mithindernissen-neues-pfarrhaus-soll-entstehen\/","title":{"rendered":"Vor 100 Jahren bemerkenswerter Pfarrhaus-Bau in Untermarchtal mit<br>Hindernissen - Neues&nbsp; Pfarrhaus soll entstehen"},"content":{"rendered":"\n<p>Untermarchtal (hi) Ein neues Pfarrhaus zu planen und zu bauen war in den Jahren 1922\/23 ein wahrlich schwieriges und gleichzeitig mutiges Unterfangen aller Beteiligten. Mitten in dieser Unternehmung Stand der damalige Untermarchtaler Ortspfarrer der Pfarrei St. Andreas, Felix Stiegele. Doch auch weitere Personen und Beh\u00f6rden wurden in die spannende Angelegenheit mit einbezogen. So war es nicht verwunderlich, dass hierbei haupts\u00e4chlich die Finanzierung und ein Grundst\u00fcckstausch in das Bauvorhaben im Mittelpunkt standen. Politisch gesehen hatte die Bauplanung und Finanzierung schon im Vorfeld eine rege Aufmerksamkeit auf sich geworfen.<\/p>\n\n\n\n<p>Pfarrer Felix Stiegele, Pl\u00e4ne f\u00fcr ein neues Pfarrhaus Geboren 1881 im nahen Schloss Mochental als Sohn des Revierf\u00f6rsters Ferdinand Stiegele und Ehefrau Johanna geb. Buchs, 1905 Priesterweihe, wurde Pfarrer Felix Stiegele vom damaligen Rottenburger Bischof Paul Wilhelm von Keppler 1917 zum Pfarrer der Pfarrei Untermarchtal ernannt. Dies war schon eine Auswahl mit politischem Hintergrund.<br>Stiegele war 1905 zum Sekret\u00e4r des \u201eVolksverein f\u00fcr das katholische Deutschland (VkD)\u201c vom damaligen bekannten Politiker und Landtags-Abgeordneten Adolf Gr\u00f6ber aus Riedlingen von der Zentrumspartei, mit bisch\u00f6flicher Genehmigung berufen worden. Gr\u00f6ber war Stiegele`s politischer Ziehvater und Stiegele selbst wurde 1914 als Kandidat der Zentrumspartei von 1914 bis 1918 in den Reichstag und von 1916 bis 1921 sogar in den Landtag gew\u00e4hlt. Jedoch schied er nach dem politischen Wechsel nach dem Ersten Weltkrieg Ende 1918 aus dem aktiven parlamentarischen Leben aus. Dies waren sicher aufregende Jahre in politischer als auch kirchlicher Hinsicht. Eine bezeichnende Anekdote die er in der Pfarrchronik wie folgt vermerkte: \u201eNach der letzten Reichstagssitzung in Berlin Ende 1918 bei der Heimfahrt und Zugumstieg in M\u00fcnchen, kamen mir auf dem Bahnsteig schon \u201edie Braunen entgegen\u201c. Gewiss eine politische Vorahnung.<br>F\u00fcr die Betreuung der Seelsorge in der kleinen Untermarchtaler Pfarrgemeinde wurde Pfarrer Stiegele in jenen Jahren ihm Salesianer-Pater Josef D\u00f6ser, geb\u00fcrtig aus dem nahen Sauggart, beigestellt.<br>Pfarrer Stiegele vermerkte gef\u00fchlvoll und trauernd auch den schweren Verlust von Soldaten der Gemeinde im I. Weltkrieg mit folgende Chronikeintrag: \u201eOh Tod, du hast reiche Ernte in der hiesigen Gemeinde gehalten\u201c. 19 M\u00e4nner von hier und G\u00fctelhofen haben im Ersten Weltkrieg ihr Leben verloren.<\/p>\n\n\n\n<figure class=\"wp-block-image size-full\"><img loading=\"lazy\" decoding=\"async\" width=\"600\" height=\"800\" src=\"https:\/\/www.gemeinde-untermarchtal.de\/bilder\/pfarrer_stiegle.jpg\" alt=\"Pfarrer Stiegle\" class=\"wp-image-4394\"\/><\/figure>\n\n\n\n<h3 class=\"wp-block-heading\">Pfarrhaus-Neubau<\/h3>\n\n\n\n<p>Jetzt kommt der geplante Pfarrhaus-Neubau ins Spiel. Weil das alte Pfarrhaus in der Herrengasse f\u00fcr zwei Geistliche zu klein war, stellte Adlerwirt Nikolaus Brehm in seinem stillgelegtem Brau- und M\u00e4lzhaus als Wohnung zur Verf\u00fcgung. Ein neues Pfarrhaus war schon in den 1870-iger Jahre am Ort gew\u00fcnscht worden. Man erinnere sich; Dieses Pfarrhaus war zur Zeit der Freiherren von Speth etwa um 1740 als Kaplanei-Haus gebaut worden und diente unter anderem dem Weltpriester und Kaplan-Kurat Anton (Franz-Xaver)\u00a0 S a i l e r , einem Bruder von Pater Sebastian Sailer, dem Pr\u00e4monstratenser, Pfarrer und Prediger vom Kloster Obermarchtal um 1770. Im Buch von Verfasser Dr. Hermann Blankenhorn, Allmendingen, \u201eHeiliger Tiberius von Obermarchtal\u201c sind die Festpredigten vom Untermarchtaler Kaplan Anton Sailer f\u00fcr seinen Bruder Sebastian in jener Zeit \u201ebei seinen hochfreiherrlichen Gnaden beim Herrn Baron von Speth in Untermarchtal als Hofkaplan\u201c zusammengefasst. Kaplan Anton Sailer wohnte in diesem Kaplaneihaus, das seit der Losl\u00f6sung von der Pfarrei Neuburg ab 1830 und der Selbstst\u00e4ndigkeit als Pfarrei, als Pfarrhaus diente. Seit 1923 wohnte nach dem Platz- und Haustausch die Familie des Zimmermeister Wilhelm Beck. Seine Ehefrau war eine geborene Ege und deren Familie wohnte in dem abbruchreifen Haus an jenem Platz wo dann das neue Pfarrhaus gebaut wurde. (Siehe im angef\u00fcgten Foto Nr. 605 oben links)<br>Jedoch bevor dieses Tauschverfahren mit vielen Hindernissen \u00fcber die B\u00fchne ging, war Anfang des Jahres 1920 dann die Endphase der Pfarrhaus-Neubaupl\u00e4ne. Dann kam noch die Neuanschaffung von 2 Kirchenglocken dazu. Die bisherigen Glocken mussten als \u201eKriegsleistung\u201c abgeliefert werden. Einen Gro\u00dfteil der Glockenkosten bei der Neuanschaffung von 80 000 Mark \u00fcbernahm Pfarrer Stiegele\u00b4s Onkel, der Ravensburger Geheimrat Dr. Stiegele. Ein kleiner Lichtblick jener Zeit war dann 1922 die Glockenweihe.<\/p>\n\n\n\n<figure class=\"wp-block-image size-full\"><img loading=\"lazy\" decoding=\"async\" width=\"960\" height=\"720\" src=\"https:\/\/www.gemeinde-untermarchtal.de\/bilder\/pfarrhaus_neubau_01.jpg\" alt=\"Pfarrhaus Neubau\" class=\"wp-image-4396\" srcset=\"https:\/\/www.gemeinde-untermarchtal.de\/bilder\/pfarrhaus_neubau_01.jpg 960w, https:\/\/www.gemeinde-untermarchtal.de\/bilder\/pfarrhaus_neubau_01-768x576.jpg 768w\" sizes=\"auto, (max-width: 960px) 100vw, 960px\" \/><\/figure>\n\n\n\n<h3 class=\"wp-block-heading\">Tausch der Geb\u00e4ude mit Platz sowie Finanzierung<\/h3>\n\n\n\n<p>Jetzt aber stand der Finanzierungsplan f\u00fcr das neue Pfarrhaus dringend an. Pfarrer Stiegele sammelte mutig und mit Erfolg Gelder bei seinen Gemeindemitgliedern, Freunden und hierbei war ihm sein Zentrums-Parteimitglied, der Finanzminister von W\u00fcrttemberg Schall aus Reutlingen sehr behilflich. Aus dem Interkalarfonds der Di\u00f6zese Rottenburg mit Unterst\u00fctzung des Bezirksnotariat Munderkingen in Bezug auf das Geb\u00e4ude- und Grundst\u00fccktauschverfahren \u201ealtes Geb\u00e4ude der Familie Beck-Ege bei der Kirche\u201c (heute Kirchweg) gegen das bisherige \u201ealte Pfarrhaus in der Herrengasse\u201c, lag der Goldmarkwert im Jahre 1922 bei 30 000 Goldmark. Zum alten Pfarrhaus in der damaligen Herrengasse, heute Freiherr-von Speth- Stra\u00dfe, geh\u00f6rt auch die angebaute Pfarrscheuer mit Viehstalll dazu. Alles zusammengebaut besteht dieses Ensemble heute nach 100 Jahren noch. Dieser Tauschwert stieg dann w\u00e4hrend Bauzeit und beim H\u00f6hepunkt der Inflation bis Ende 1923 auf astronomische 60 Billionen Mark hoch.<br>Pfarrer Stiegele vermerkte dann in seiner launischen Art in der Pfarrchronik den Satz: \u201eDas sei das teuerste und doch zugleich billigste Pfarrhaus\u201c! Zum Thema Goldmark ein Satz, k\u00fcrzlich von einem Finanzexperten von heute dr\u00fccken dies so aus: Vor Beginn des Ersten Weltkrieg hat der Reichstag die Goldbindung der W\u00e4hrung aufgehoben. Davor war die Mark zu zwei Drittel an Gold gebunden. Der Staat konnte sich stark verschulden um den Krieg zu finanzieren. Das schlechte End dieses Krieges ist bekannt. Die Wirtschaftsleistung aber um ein Drittel geringer. Die Kriegsgegner forderten riesige Reparationen in H\u00f6he von unvorstellbarem Goldwert von 47 000 Tonnen.\u00a0 Die Besetzung des Ruhrgebietes, das \u00f6konomische Herz Deutschlands 1923 durch Frankreich, kam hinzu. Deutschland verlor 13 % seiner Fl\u00e4che.<br>Die Folge von all diesem m\u00fcndete in die Hyperinflation. Doch in Untermarchtal brachte Dank Pfarrer Stiegele\u00b4s und seiner Finanzierungskunst unter Hilfe aller M\u00f6glichkeiten den Pfarrhausneubau zu einem guten Ende.\u00a0\u00a0\u00a0\u00a0<\/p>\n\n\n\n<figure class=\"wp-block-image size-full\"><img loading=\"lazy\" decoding=\"async\" width=\"960\" height=\"720\" src=\"https:\/\/www.gemeinde-untermarchtal.de\/bilder\/pfarrhaus_02.jpg\" alt=\"Alte Pfarrhaus\" class=\"wp-image-4400\" srcset=\"https:\/\/www.gemeinde-untermarchtal.de\/bilder\/pfarrhaus_02.jpg 960w, https:\/\/www.gemeinde-untermarchtal.de\/bilder\/pfarrhaus_02-768x576.jpg 768w\" sizes=\"auto, (max-width: 960px) 100vw, 960px\" \/><\/figure>\n\n\n\n<h3 class=\"wp-block-heading\">Schwere Zeit mit der NS-Macht<\/h3>\n\n\n\n<p>Dann kam Ende der 1920er Jahre und 1934 eine politische und Verh\u00e4ngnisvolle Zeit. Seine von, Stiegele`s gef\u00fchrter \u201eVolksverein f\u00fcr das katholische Deutschland (Vkd)\u201c wurde aufgel\u00f6st. Ebenso 1933 die \u201eZentrumspartei\u201c. Diese Partei geh\u00f6rte auch der im Jahre 1921 ermordete damalige Vizekanzler und Reichsfinanzminister Matthias Erzberger aus Buttenhausen an. Von 1932 bis zu seinem Tod 1951 war Stiegele auch Dekan des Kapitels Ehingen (Donau) und gleichzeitig bisch\u00f6flicher Kommiss\u00e4r.<br>Die NS-Zeit von 1933 bis Kriegsende 1945 war f\u00fcr Ihn sehr Entw\u00fcrdigend. Er wandte sich \u00f6ffentlich gegen den Nazi. Insgesamt dreimal musste er sich der NS gegen\u00fcber bei Verhaftungen, Verh\u00f6ren, Anklagen und Verbote den Machthaber stellen und verteidigen. Ein bedenklicher Chronikeintrag von ihm lautete: \u201eOh Gott, gib mir die Kraft., still zu Leiden\u201c.<\/p>\n\n\n\n<p>Pfarrer und Dekan Felix Stiegele starb 1951 in Untermarchtal. Seine 2 \u00e4lteren Schwestern f\u00fchrten den Haushalt bis kurz vor seinem Tod. An der Choraussenwand der Pfarrkirche an einer Pfarrer-Gedenktafel ist sein Name vermerkt. Nahe dieser Tafel ist Stiegele beerdigt. Ein Bild mit seinen Lebensdaten schm\u00fcckt den Raum der Pfarrb\u00fccherei und Pfarrsaal im Pfarrhaus. Eine eventuelle und damit auch w\u00fcrdige Namensgebung dieses im Jahre 1996 bei einer durchgef\u00fchrten General-Renovation (Umbaukosten rund 450 000 DM) des Pfarrhauses und damit Einrichtung dieses Pfarrgemeindesaal mit Pfarrb\u00fcro und einer Wohnung im OG w\u00fcrde dem Haus in exponierter Lage insgesamt passend zu Gesicht stehen. Die Pfarrhauswohnung im OG ist an Privat vermietet.<\/p>\n\n\n\n<figure class=\"wp-block-image size-full\"><img loading=\"lazy\" decoding=\"async\" width=\"960\" height=\"720\" src=\"https:\/\/www.gemeinde-untermarchtal.de\/bilder\/pfarrhaus_01_1900.jpg\" alt=\"Pfarrhaus um 1900\" class=\"wp-image-4402\" srcset=\"https:\/\/www.gemeinde-untermarchtal.de\/bilder\/pfarrhaus_01_1900.jpg 960w, https:\/\/www.gemeinde-untermarchtal.de\/bilder\/pfarrhaus_01_1900-768x576.jpg 768w\" sizes=\"auto, (max-width: 960px) 100vw, 960px\" \/><\/figure>\n","protected":false},"excerpt":{"rendered":"<p>Untermarchtal (hi) Ein neues Pfarrhaus zu planen und zu bauen war in den Jahren 1922\/23 ein wahrlich schwieriges und gleichzeitig mutiges Unterfangen aller Beteiligten. Mitten in dieser Unternehmung Stand der damalige Untermarchtaler Ortspfarrer der Pfarrei St. Andreas, Felix Stiegele. Doch auch weitere Personen und Beh\u00f6rden wurden in die spannende Angelegenheit mit einbezogen. So war es [&hellip;]<\/p>\n","protected":false},"author":1,"featured_media":0,"parent":0,"menu_order":0,"comment_status":"closed","ping_status":"closed","template":"page-templates\/_template_historische_beitraege.php","meta":{"_acf_changed":false,"footnotes":""},"class_list":["post-4392","page","type-page","status-publish","hentry"],"acf":[],"yoast_head":"<!-- This site is optimized with the Yoast SEO plugin v26.7 - https:\/\/yoast.com\/wordpress\/plugins\/seo\/ -->\n<title>Vor 100 Jahren bemerkenswerter Pfarrhaus-Bau in Untermarchtal mitHindernissen - Neues&nbsp; Pfarrhaus soll entstehen - Gemeinde Untermarchtal<\/title>\n<meta name=\"robots\" content=\"index, follow, max-snippet:-1, max-image-preview:large, max-video-preview:-1\" \/>\n<link rel=\"canonical\" href=\"https:\/\/www.gemeinde-untermarchtal.de\/index.php\/vor-100-jahren-bemerkenswerter-pfarrhaus-bau-in-untermarchtal-mithindernissen-neues-pfarrhaus-soll-entstehen\/\" \/>\n<meta property=\"og:locale\" content=\"de_DE\" \/>\n<meta property=\"og:type\" content=\"article\" \/>\n<meta property=\"og:title\" content=\"Vor 100 Jahren bemerkenswerter Pfarrhaus-Bau in Untermarchtal mitHindernissen - Neues&nbsp; Pfarrhaus soll entstehen - Gemeinde Untermarchtal\" \/>\n<meta property=\"og:description\" content=\"Untermarchtal (hi) Ein neues Pfarrhaus zu planen und zu bauen war in den Jahren 1922\/23 ein wahrlich schwieriges und gleichzeitig mutiges Unterfangen aller Beteiligten. Mitten in dieser Unternehmung Stand der damalige Untermarchtaler Ortspfarrer der Pfarrei St. Andreas, Felix Stiegele. Doch auch weitere Personen und Beh\u00f6rden wurden in die spannende Angelegenheit mit einbezogen. So war es [&hellip;]\" \/>\n<meta property=\"og:url\" content=\"https:\/\/www.gemeinde-untermarchtal.de\/index.php\/vor-100-jahren-bemerkenswerter-pfarrhaus-bau-in-untermarchtal-mithindernissen-neues-pfarrhaus-soll-entstehen\/\" \/>\n<meta property=\"og:site_name\" content=\"Gemeinde Untermarchtal\" \/>\n<meta property=\"article:modified_time\" content=\"2023-03-09T16:33:38+00:00\" \/>\n<meta property=\"og:image\" content=\"https:\/\/www.gemeinde-untermarchtal.de\/bilder\/pfarrer_stiegle.jpg\" \/>\n<meta name=\"twitter:card\" content=\"summary_large_image\" \/>\n<meta name=\"twitter:label1\" content=\"Gesch\u00e4tzte Lesezeit\" \/>\n\t<meta name=\"twitter:data1\" content=\"8\u00a0Minuten\" \/>\n<script type=\"application\/ld+json\" class=\"yoast-schema-graph\">{\"@context\":\"https:\/\/schema.org\",\"@graph\":[{\"@type\":\"WebPage\",\"@id\":\"https:\/\/www.gemeinde-untermarchtal.de\/index.php\/vor-100-jahren-bemerkenswerter-pfarrhaus-bau-in-untermarchtal-mithindernissen-neues-pfarrhaus-soll-entstehen\/\",\"url\":\"https:\/\/www.gemeinde-untermarchtal.de\/index.php\/vor-100-jahren-bemerkenswerter-pfarrhaus-bau-in-untermarchtal-mithindernissen-neues-pfarrhaus-soll-entstehen\/\",\"name\":\"Vor 100 Jahren bemerkenswerter Pfarrhaus-Bau in Untermarchtal mit Hindernissen - Neues&nbsp; Pfarrhaus soll entstehen - Gemeinde Untermarchtal\",\"isPartOf\":{\"@id\":\"https:\/\/www.gemeinde-untermarchtal.de\/#website\"},\"primaryImageOfPage\":{\"@id\":\"https:\/\/www.gemeinde-untermarchtal.de\/index.php\/vor-100-jahren-bemerkenswerter-pfarrhaus-bau-in-untermarchtal-mithindernissen-neues-pfarrhaus-soll-entstehen\/#primaryimage\"},\"image\":{\"@id\":\"https:\/\/www.gemeinde-untermarchtal.de\/index.php\/vor-100-jahren-bemerkenswerter-pfarrhaus-bau-in-untermarchtal-mithindernissen-neues-pfarrhaus-soll-entstehen\/#primaryimage\"},\"thumbnailUrl\":\"https:\/\/www.gemeinde-untermarchtal.de\/bilder\/pfarrer_stiegle.jpg\",\"datePublished\":\"2023-03-09T16:25:51+00:00\",\"dateModified\":\"2023-03-09T16:33:38+00:00\",\"breadcrumb\":{\"@id\":\"https:\/\/www.gemeinde-untermarchtal.de\/index.php\/vor-100-jahren-bemerkenswerter-pfarrhaus-bau-in-untermarchtal-mithindernissen-neues-pfarrhaus-soll-entstehen\/#breadcrumb\"},\"inLanguage\":\"de\",\"potentialAction\":[{\"@type\":\"ReadAction\",\"target\":[\"https:\/\/www.gemeinde-untermarchtal.de\/index.php\/vor-100-jahren-bemerkenswerter-pfarrhaus-bau-in-untermarchtal-mithindernissen-neues-pfarrhaus-soll-entstehen\/\"]}]},{\"@type\":\"ImageObject\",\"inLanguage\":\"de\",\"@id\":\"https:\/\/www.gemeinde-untermarchtal.de\/index.php\/vor-100-jahren-bemerkenswerter-pfarrhaus-bau-in-untermarchtal-mithindernissen-neues-pfarrhaus-soll-entstehen\/#primaryimage\",\"url\":\"https:\/\/www.gemeinde-untermarchtal.de\/bilder\/pfarrer_stiegle.jpg\",\"contentUrl\":\"https:\/\/www.gemeinde-untermarchtal.de\/bilder\/pfarrer_stiegle.jpg\",\"width\":600,\"height\":800,\"caption\":\"Pfarrer Stiegle\"},{\"@type\":\"BreadcrumbList\",\"@id\":\"https:\/\/www.gemeinde-untermarchtal.de\/index.php\/vor-100-jahren-bemerkenswerter-pfarrhaus-bau-in-untermarchtal-mithindernissen-neues-pfarrhaus-soll-entstehen\/#breadcrumb\",\"itemListElement\":[{\"@type\":\"ListItem\",\"position\":1,\"name\":\"Startseite\",\"item\":\"https:\/\/www.gemeinde-untermarchtal.de\/\"},{\"@type\":\"ListItem\",\"position\":2,\"name\":\"Vor 100 Jahren bemerkenswerter Pfarrhaus-Bau in Untermarchtal mitHindernissen - Neues&nbsp; Pfarrhaus soll entstehen\"}]},{\"@type\":\"WebSite\",\"@id\":\"https:\/\/www.gemeinde-untermarchtal.de\/#website\",\"url\":\"https:\/\/www.gemeinde-untermarchtal.de\/\",\"name\":\"Gemeinde Untermarchtal\",\"description\":\"Gemeinde Untermarchtal\",\"potentialAction\":[{\"@type\":\"SearchAction\",\"target\":{\"@type\":\"EntryPoint\",\"urlTemplate\":\"https:\/\/www.gemeinde-untermarchtal.de\/?s={search_term_string}\"},\"query-input\":{\"@type\":\"PropertyValueSpecification\",\"valueRequired\":true,\"valueName\":\"search_term_string\"}}],\"inLanguage\":\"de\"}]}<\/script>\n<!-- \/ Yoast SEO plugin. -->","yoast_head_json":{"title":"Vor 100 Jahren bemerkenswerter Pfarrhaus-Bau in Untermarchtal mitHindernissen - Neues&nbsp; Pfarrhaus soll entstehen - Gemeinde Untermarchtal","robots":{"index":"index","follow":"follow","max-snippet":"max-snippet:-1","max-image-preview":"max-image-preview:large","max-video-preview":"max-video-preview:-1"},"canonical":"https:\/\/www.gemeinde-untermarchtal.de\/index.php\/vor-100-jahren-bemerkenswerter-pfarrhaus-bau-in-untermarchtal-mithindernissen-neues-pfarrhaus-soll-entstehen\/","og_locale":"de_DE","og_type":"article","og_title":"Vor 100 Jahren bemerkenswerter Pfarrhaus-Bau in Untermarchtal mitHindernissen - Neues&nbsp; Pfarrhaus soll entstehen - Gemeinde Untermarchtal","og_description":"Untermarchtal (hi) Ein neues Pfarrhaus zu planen und zu bauen war in den Jahren 1922\/23 ein wahrlich schwieriges und gleichzeitig mutiges Unterfangen aller Beteiligten. Mitten in dieser Unternehmung Stand der damalige Untermarchtaler Ortspfarrer der Pfarrei St. Andreas, Felix Stiegele. Doch auch weitere Personen und Beh\u00f6rden wurden in die spannende Angelegenheit mit einbezogen. So war es [&hellip;]","og_url":"https:\/\/www.gemeinde-untermarchtal.de\/index.php\/vor-100-jahren-bemerkenswerter-pfarrhaus-bau-in-untermarchtal-mithindernissen-neues-pfarrhaus-soll-entstehen\/","og_site_name":"Gemeinde Untermarchtal","article_modified_time":"2023-03-09T16:33:38+00:00","og_image":[{"url":"https:\/\/www.gemeinde-untermarchtal.de\/bilder\/pfarrer_stiegle.jpg","type":"","width":"","height":""}],"twitter_card":"summary_large_image","twitter_misc":{"Gesch\u00e4tzte Lesezeit":"8\u00a0Minuten"},"schema":{"@context":"https:\/\/schema.org","@graph":[{"@type":"WebPage","@id":"https:\/\/www.gemeinde-untermarchtal.de\/index.php\/vor-100-jahren-bemerkenswerter-pfarrhaus-bau-in-untermarchtal-mithindernissen-neues-pfarrhaus-soll-entstehen\/","url":"https:\/\/www.gemeinde-untermarchtal.de\/index.php\/vor-100-jahren-bemerkenswerter-pfarrhaus-bau-in-untermarchtal-mithindernissen-neues-pfarrhaus-soll-entstehen\/","name":"Vor 100 Jahren bemerkenswerter Pfarrhaus-Bau in Untermarchtal mit Hindernissen - Neues&nbsp; Pfarrhaus soll entstehen - Gemeinde Untermarchtal","isPartOf":{"@id":"https:\/\/www.gemeinde-untermarchtal.de\/#website"},"primaryImageOfPage":{"@id":"https:\/\/www.gemeinde-untermarchtal.de\/index.php\/vor-100-jahren-bemerkenswerter-pfarrhaus-bau-in-untermarchtal-mithindernissen-neues-pfarrhaus-soll-entstehen\/#primaryimage"},"image":{"@id":"https:\/\/www.gemeinde-untermarchtal.de\/index.php\/vor-100-jahren-bemerkenswerter-pfarrhaus-bau-in-untermarchtal-mithindernissen-neues-pfarrhaus-soll-entstehen\/#primaryimage"},"thumbnailUrl":"https:\/\/www.gemeinde-untermarchtal.de\/bilder\/pfarrer_stiegle.jpg","datePublished":"2023-03-09T16:25:51+00:00","dateModified":"2023-03-09T16:33:38+00:00","breadcrumb":{"@id":"https:\/\/www.gemeinde-untermarchtal.de\/index.php\/vor-100-jahren-bemerkenswerter-pfarrhaus-bau-in-untermarchtal-mithindernissen-neues-pfarrhaus-soll-entstehen\/#breadcrumb"},"inLanguage":"de","potentialAction":[{"@type":"ReadAction","target":["https:\/\/www.gemeinde-untermarchtal.de\/index.php\/vor-100-jahren-bemerkenswerter-pfarrhaus-bau-in-untermarchtal-mithindernissen-neues-pfarrhaus-soll-entstehen\/"]}]},{"@type":"ImageObject","inLanguage":"de","@id":"https:\/\/www.gemeinde-untermarchtal.de\/index.php\/vor-100-jahren-bemerkenswerter-pfarrhaus-bau-in-untermarchtal-mithindernissen-neues-pfarrhaus-soll-entstehen\/#primaryimage","url":"https:\/\/www.gemeinde-untermarchtal.de\/bilder\/pfarrer_stiegle.jpg","contentUrl":"https:\/\/www.gemeinde-untermarchtal.de\/bilder\/pfarrer_stiegle.jpg","width":600,"height":800,"caption":"Pfarrer Stiegle"},{"@type":"BreadcrumbList","@id":"https:\/\/www.gemeinde-untermarchtal.de\/index.php\/vor-100-jahren-bemerkenswerter-pfarrhaus-bau-in-untermarchtal-mithindernissen-neues-pfarrhaus-soll-entstehen\/#breadcrumb","itemListElement":[{"@type":"ListItem","position":1,"name":"Startseite","item":"https:\/\/www.gemeinde-untermarchtal.de\/"},{"@type":"ListItem","position":2,"name":"Vor 100 Jahren bemerkenswerter Pfarrhaus-Bau in Untermarchtal mitHindernissen - Neues&nbsp; Pfarrhaus soll entstehen"}]},{"@type":"WebSite","@id":"https:\/\/www.gemeinde-untermarchtal.de\/#website","url":"https:\/\/www.gemeinde-untermarchtal.de\/","name":"Gemeinde Untermarchtal","description":"Gemeinde Untermarchtal","potentialAction":[{"@type":"SearchAction","target":{"@type":"EntryPoint","urlTemplate":"https:\/\/www.gemeinde-untermarchtal.de\/?s={search_term_string}"},"query-input":{"@type":"PropertyValueSpecification","valueRequired":true,"valueName":"search_term_string"}}],"inLanguage":"de"}]}},"_links":{"self":[{"href":"https:\/\/www.gemeinde-untermarchtal.de\/index.php\/wp-json\/wp\/v2\/pages\/4392","targetHints":{"allow":["GET"]}}],"collection":[{"href":"https:\/\/www.gemeinde-untermarchtal.de\/index.php\/wp-json\/wp\/v2\/pages"}],"about":[{"href":"https:\/\/www.gemeinde-untermarchtal.de\/index.php\/wp-json\/wp\/v2\/types\/page"}],"author":[{"embeddable":true,"href":"https:\/\/www.gemeinde-untermarchtal.de\/index.php\/wp-json\/wp\/v2\/users\/1"}],"replies":[{"embeddable":true,"href":"https:\/\/www.gemeinde-untermarchtal.de\/index.php\/wp-json\/wp\/v2\/comments?post=4392"}],"version-history":[{"count":5,"href":"https:\/\/www.gemeinde-untermarchtal.de\/index.php\/wp-json\/wp\/v2\/pages\/4392\/revisions"}],"predecessor-version":[{"id":4403,"href":"https:\/\/www.gemeinde-untermarchtal.de\/index.php\/wp-json\/wp\/v2\/pages\/4392\/revisions\/4403"}],"wp:attachment":[{"href":"https:\/\/www.gemeinde-untermarchtal.de\/index.php\/wp-json\/wp\/v2\/media?parent=4392"}],"curies":[{"name":"wp","href":"https:\/\/api.w.org\/{rel}","templated":true}]}}