{"id":460,"date":"2016-09-10T17:16:38","date_gmt":"2016-09-10T15:16:38","guid":{"rendered":"http:\/\/dev.gemeinde-untermarchtal.de\/?page_id=460"},"modified":"2016-09-20T15:19:30","modified_gmt":"2016-09-20T13:19:30","slug":"soldatenfriedhof","status":"publish","type":"page","link":"https:\/\/www.gemeinde-untermarchtal.de\/index.php\/soldatenfriedhof\/","title":{"rendered":"Soldatenfriedhof"},"content":{"rendered":"Am 11. September 1955 fand auf dem historischen Soldatenfriedhof, der w\u00fcrdigen Gefallenen-Ehrenst\u00e4tte bei Obermarchtal, eine eindrucksvolle Weihestunde statt. Der Friedhof liegt auf \u201eMarkung\u201c Untermarchtal, wird aber von der Gemeinde Obermarchtal gepflegt und unterhalten. Der Soldatenfriedhof ist einer der traditionsreichsten Europas und galt lange Zeit als \u201eFriedhof der Namenlosen, Heimatlosen und Fremden\u201c. M\u00fcndlichen \u00dcberlieferungen zufolge sollen seine Anf\u00e4nge weit in die Jahrhunderte zur\u00fcckreichen. Reisende, Pilger, Handwerksgesellen oder Bettler, die in der Umgebung Marchtals verstarben, wurden hier beerdigt. Die Zahl geht \u00fcber 1000 Soldaten aus ganz Europa, die hier ihre letzte Ruhest\u00e4tte gefunden haben. Die fr\u00fcheren Einzelgr\u00e4ber mit Eichenkreuzen wurden durch 35 Steinkreuze aus Gauinger Marmor ersetzt. Der Wundervogel Ph\u00f6nix, welcher auf einer steinernen S\u00e4ule das Sinnbild der Unsterblichkeit und der st\u00e4ndigen Erneuerung des Menschen und der V\u00f6lker darstellt, schm\u00fcckt die in Ehre aufrecht erhaltenen Ruhest\u00e4tte. Die Inschrift darunter ist alt, aber immer noch sehr bedeutend.\r\n<h4>Aus Ihrer Grabkameradschaft erwachse ein neues Europa in W\u00fcrde und Freiheit.<\/h4>","protected":false},"excerpt":{"rendered":"<p>Am 11. September 1955 fand auf dem historischen Soldatenfriedhof, der w\u00fcrdigen Gefallenen-Ehrenst\u00e4tte bei Obermarchtal, eine eindrucksvolle Weihestunde statt. Der Friedhof liegt auf \u201eMarkung\u201c Untermarchtal, wird aber von der Gemeinde Obermarchtal gepflegt und unterhalten. Der Soldatenfriedhof ist einer der traditionsreichsten Europas und galt lange Zeit als \u201eFriedhof der Namenlosen, Heimatlosen und Fremden\u201c. M\u00fcndlichen \u00dcberlieferungen zufolge sollen [&hellip;]<\/p>\n","protected":false},"author":1,"featured_media":0,"parent":0,"menu_order":0,"comment_status":"closed","ping_status":"closed","template":"page-templates\/template_unterseite_sidebar.php","meta":{"_acf_changed":false,"footnotes":""},"class_list":["post-460","page","type-page","status-publish","hentry"],"acf":[],"yoast_head":"<!-- This site is optimized with the Yoast SEO plugin v26.7 - https:\/\/yoast.com\/wordpress\/plugins\/seo\/ -->\n<title>Soldatenfriedhof - Gemeinde Untermarchtal<\/title>\n<meta name=\"robots\" content=\"index, follow, max-snippet:-1, max-image-preview:large, max-video-preview:-1\" \/>\n<link rel=\"canonical\" href=\"https:\/\/www.gemeinde-untermarchtal.de\/index.php\/soldatenfriedhof\/\" \/>\n<meta property=\"og:locale\" content=\"de_DE\" \/>\n<meta property=\"og:type\" content=\"article\" \/>\n<meta property=\"og:title\" content=\"Soldatenfriedhof - Gemeinde Untermarchtal\" \/>\n<meta property=\"og:description\" content=\"Am 11. September 1955 fand auf dem historischen Soldatenfriedhof, der w\u00fcrdigen Gefallenen-Ehrenst\u00e4tte bei Obermarchtal, eine eindrucksvolle Weihestunde statt. Der Friedhof liegt auf \u201eMarkung\u201c Untermarchtal, wird aber von der Gemeinde Obermarchtal gepflegt und unterhalten. Der Soldatenfriedhof ist einer der traditionsreichsten Europas und galt lange Zeit als \u201eFriedhof der Namenlosen, Heimatlosen und Fremden\u201c. M\u00fcndlichen \u00dcberlieferungen zufolge sollen [&hellip;]\" \/>\n<meta property=\"og:url\" content=\"https:\/\/www.gemeinde-untermarchtal.de\/index.php\/soldatenfriedhof\/\" \/>\n<meta property=\"og:site_name\" content=\"Gemeinde Untermarchtal\" \/>\n<meta property=\"article:modified_time\" content=\"2016-09-20T13:19:30+00:00\" \/>\n<meta name=\"twitter:card\" content=\"summary_large_image\" \/>\n<meta name=\"twitter:label1\" content=\"Gesch\u00e4tzte Lesezeit\" \/>\n\t<meta name=\"twitter:data1\" content=\"1\u00a0Minute\" \/>\n<script type=\"application\/ld+json\" class=\"yoast-schema-graph\">{\"@context\":\"https:\/\/schema.org\",\"@graph\":[{\"@type\":\"WebPage\",\"@id\":\"https:\/\/www.gemeinde-untermarchtal.de\/index.php\/soldatenfriedhof\/\",\"url\":\"https:\/\/www.gemeinde-untermarchtal.de\/index.php\/soldatenfriedhof\/\",\"name\":\"Soldatenfriedhof - Gemeinde Untermarchtal\",\"isPartOf\":{\"@id\":\"https:\/\/www.gemeinde-untermarchtal.de\/#website\"},\"datePublished\":\"2016-09-10T15:16:38+00:00\",\"dateModified\":\"2016-09-20T13:19:30+00:00\",\"breadcrumb\":{\"@id\":\"https:\/\/www.gemeinde-untermarchtal.de\/index.php\/soldatenfriedhof\/#breadcrumb\"},\"inLanguage\":\"de\",\"potentialAction\":[{\"@type\":\"ReadAction\",\"target\":[\"https:\/\/www.gemeinde-untermarchtal.de\/index.php\/soldatenfriedhof\/\"]}]},{\"@type\":\"BreadcrumbList\",\"@id\":\"https:\/\/www.gemeinde-untermarchtal.de\/index.php\/soldatenfriedhof\/#breadcrumb\",\"itemListElement\":[{\"@type\":\"ListItem\",\"position\":1,\"name\":\"Startseite\",\"item\":\"https:\/\/www.gemeinde-untermarchtal.de\/\"},{\"@type\":\"ListItem\",\"position\":2,\"name\":\"Soldatenfriedhof\"}]},{\"@type\":\"WebSite\",\"@id\":\"https:\/\/www.gemeinde-untermarchtal.de\/#website\",\"url\":\"https:\/\/www.gemeinde-untermarchtal.de\/\",\"name\":\"Gemeinde Untermarchtal\",\"description\":\"Gemeinde Untermarchtal\",\"potentialAction\":[{\"@type\":\"SearchAction\",\"target\":{\"@type\":\"EntryPoint\",\"urlTemplate\":\"https:\/\/www.gemeinde-untermarchtal.de\/?s={search_term_string}\"},\"query-input\":{\"@type\":\"PropertyValueSpecification\",\"valueRequired\":true,\"valueName\":\"search_term_string\"}}],\"inLanguage\":\"de\"}]}<\/script>\n<!-- \/ Yoast SEO plugin. -->","yoast_head_json":{"title":"Soldatenfriedhof - Gemeinde Untermarchtal","robots":{"index":"index","follow":"follow","max-snippet":"max-snippet:-1","max-image-preview":"max-image-preview:large","max-video-preview":"max-video-preview:-1"},"canonical":"https:\/\/www.gemeinde-untermarchtal.de\/index.php\/soldatenfriedhof\/","og_locale":"de_DE","og_type":"article","og_title":"Soldatenfriedhof - Gemeinde Untermarchtal","og_description":"Am 11. September 1955 fand auf dem historischen Soldatenfriedhof, der w\u00fcrdigen Gefallenen-Ehrenst\u00e4tte bei Obermarchtal, eine eindrucksvolle Weihestunde statt. Der Friedhof liegt auf \u201eMarkung\u201c Untermarchtal, wird aber von der Gemeinde Obermarchtal gepflegt und unterhalten. Der Soldatenfriedhof ist einer der traditionsreichsten Europas und galt lange Zeit als \u201eFriedhof der Namenlosen, Heimatlosen und Fremden\u201c. M\u00fcndlichen \u00dcberlieferungen zufolge sollen [&hellip;]","og_url":"https:\/\/www.gemeinde-untermarchtal.de\/index.php\/soldatenfriedhof\/","og_site_name":"Gemeinde Untermarchtal","article_modified_time":"2016-09-20T13:19:30+00:00","twitter_card":"summary_large_image","twitter_misc":{"Gesch\u00e4tzte Lesezeit":"1\u00a0Minute"},"schema":{"@context":"https:\/\/schema.org","@graph":[{"@type":"WebPage","@id":"https:\/\/www.gemeinde-untermarchtal.de\/index.php\/soldatenfriedhof\/","url":"https:\/\/www.gemeinde-untermarchtal.de\/index.php\/soldatenfriedhof\/","name":"Soldatenfriedhof - Gemeinde Untermarchtal","isPartOf":{"@id":"https:\/\/www.gemeinde-untermarchtal.de\/#website"},"datePublished":"2016-09-10T15:16:38+00:00","dateModified":"2016-09-20T13:19:30+00:00","breadcrumb":{"@id":"https:\/\/www.gemeinde-untermarchtal.de\/index.php\/soldatenfriedhof\/#breadcrumb"},"inLanguage":"de","potentialAction":[{"@type":"ReadAction","target":["https:\/\/www.gemeinde-untermarchtal.de\/index.php\/soldatenfriedhof\/"]}]},{"@type":"BreadcrumbList","@id":"https:\/\/www.gemeinde-untermarchtal.de\/index.php\/soldatenfriedhof\/#breadcrumb","itemListElement":[{"@type":"ListItem","position":1,"name":"Startseite","item":"https:\/\/www.gemeinde-untermarchtal.de\/"},{"@type":"ListItem","position":2,"name":"Soldatenfriedhof"}]},{"@type":"WebSite","@id":"https:\/\/www.gemeinde-untermarchtal.de\/#website","url":"https:\/\/www.gemeinde-untermarchtal.de\/","name":"Gemeinde Untermarchtal","description":"Gemeinde Untermarchtal","potentialAction":[{"@type":"SearchAction","target":{"@type":"EntryPoint","urlTemplate":"https:\/\/www.gemeinde-untermarchtal.de\/?s={search_term_string}"},"query-input":{"@type":"PropertyValueSpecification","valueRequired":true,"valueName":"search_term_string"}}],"inLanguage":"de"}]}},"_links":{"self":[{"href":"https:\/\/www.gemeinde-untermarchtal.de\/index.php\/wp-json\/wp\/v2\/pages\/460","targetHints":{"allow":["GET"]}}],"collection":[{"href":"https:\/\/www.gemeinde-untermarchtal.de\/index.php\/wp-json\/wp\/v2\/pages"}],"about":[{"href":"https:\/\/www.gemeinde-untermarchtal.de\/index.php\/wp-json\/wp\/v2\/types\/page"}],"author":[{"embeddable":true,"href":"https:\/\/www.gemeinde-untermarchtal.de\/index.php\/wp-json\/wp\/v2\/users\/1"}],"replies":[{"embeddable":true,"href":"https:\/\/www.gemeinde-untermarchtal.de\/index.php\/wp-json\/wp\/v2\/comments?post=460"}],"version-history":[{"count":5,"href":"https:\/\/www.gemeinde-untermarchtal.de\/index.php\/wp-json\/wp\/v2\/pages\/460\/revisions"}],"predecessor-version":[{"id":903,"href":"https:\/\/www.gemeinde-untermarchtal.de\/index.php\/wp-json\/wp\/v2\/pages\/460\/revisions\/903"}],"wp:attachment":[{"href":"https:\/\/www.gemeinde-untermarchtal.de\/index.php\/wp-json\/wp\/v2\/media?parent=460"}],"curies":[{"name":"wp","href":"https:\/\/api.w.org\/{rel}","templated":true}]}}