{"id":5,"date":"2016-08-30T18:54:04","date_gmt":"2016-08-30T16:54:04","guid":{"rendered":"http:\/\/dev.gemeinde-untermarchtal.de\/?page_id=5"},"modified":"2026-04-13T09:14:13","modified_gmt":"2026-04-13T07:14:13","slug":"gemeinde-untermarchtal","status":"publish","type":"page","link":"https:\/\/www.gemeinde-untermarchtal.de\/","title":{"rendered":"Herzlich Willkommen in Untermarchtal,"},"content":{"rendered":"\n<h2 class=\"wp-block-heading\">Untermarchtal heute<\/h2>\n\n\n<p>unsere kleine Gemeinde mit ca. 880 Einwohner l\u00e4dt Sie zu einem kleinen Rundgang durch unser Dorf ein. Wir bieten Ihnen B\u00fcrgerservice, aktuelle Termine, sehenswerte Impressionen sowie touristische Informationen. Am Fu\u00dfe der schw\u00e4bischen Alb, beg\u00fcnstigt durch eine reizvolle Lage an der Donau mit vielen Seitent\u00e4lern und romantischen Altarmen, pr\u00e4sentiert sich die Gemeinde den Besuchern. Das Kloster der barmherzigen Schwestern des hl. Vinzenz von Paul mit dem gro\u00dfen Bildungshaus und der Radfahrerkirche bzw. der Vinzenkirche sind f\u00fcr das Ortsbild ebenso pr\u00e4gend, wie der liebevoll restaurierte ehemalige Bahnhof, der jetzt ein Informationszentrum beinhaltet. Ebenso das noch funktionsf\u00e4hige Kalkofenmuseum und das ehemalige Schloss derer von Speth, heute ein Teil des Klosters. Untermarchtal bietet Wanderern und Radfahrern beeindruckende Naturerlebnisse im Urdonautal und im Bereich des unteren Lautertals. Der Donauradwanderweg f\u00fchrt unmittelbar durch die Gemeinde und garantiert Verbindungen zu vielf\u00e4ltigen Zielen in der n\u00e4heren und weiteren Umgebung.<\/p>","protected":false},"excerpt":{"rendered":"<p>Untermarchtal heute unsere kleine Gemeinde mit ca. 880 Einwohner l\u00e4dt Sie zu einem kleinen Rundgang durch unser Dorf ein. Wir bieten Ihnen B\u00fcrgerservice, aktuelle Termine, sehenswerte Impressionen sowie touristische Informationen. Am Fu\u00dfe der schw\u00e4bischen Alb, beg\u00fcnstigt durch eine reizvolle Lage an der Donau mit vielen Seitent\u00e4lern und romantischen Altarmen, pr\u00e4sentiert sich die Gemeinde den Besuchern. [&hellip;]<\/p>\n","protected":false},"author":1,"featured_media":0,"parent":0,"menu_order":0,"comment_status":"closed","ping_status":"closed","template":"page-templates\/startseite.php","meta":{"_acf_changed":false,"footnotes":""},"class_list":["post-5","page","type-page","status-publish","hentry"],"acf":[],"yoast_head":"<!-- This site is optimized with the Yoast SEO plugin v26.7 - https:\/\/yoast.com\/wordpress\/plugins\/seo\/ -->\n<title>Gemeinde Untermarchtal | Startseite<\/title>\n<meta name=\"description\" content=\"Gemeinde Untermarchtal B\u00fcrgerservice, Termine, sowie touristische Informationen. Untermarchtal bietet Wanderern und Radfahrern eine beeindruckende Natur...\" \/>\n<meta name=\"robots\" content=\"index, follow, max-snippet:-1, max-image-preview:large, max-video-preview:-1\" \/>\n<link rel=\"canonical\" href=\"https:\/\/www.gemeinde-untermarchtal.de\/\" \/>\n<meta property=\"og:locale\" content=\"de_DE\" \/>\n<meta property=\"og:type\" content=\"article\" \/>\n<meta property=\"og:title\" content=\"Gemeinde Untermarchtal | Startseite\" \/>\n<meta property=\"og:description\" content=\"Gemeinde Untermarchtal B\u00fcrgerservice, Termine, sowie touristische Informationen. Untermarchtal bietet Wanderern und Radfahrern eine beeindruckende Natur...\" \/>\n<meta property=\"og:url\" content=\"https:\/\/www.gemeinde-untermarchtal.de\/\" \/>\n<meta property=\"og:site_name\" content=\"Gemeinde Untermarchtal\" \/>\n<meta property=\"article:modified_time\" content=\"2026-04-13T07:14:13+00:00\" \/>\n<meta name=\"twitter:card\" content=\"summary_large_image\" \/>\n<meta name=\"twitter:label1\" content=\"Gesch\u00e4tzte Lesezeit\" \/>\n\t<meta name=\"twitter:data1\" content=\"1\u00a0Minute\" \/>\n<script type=\"application\/ld+json\" class=\"yoast-schema-graph\">{\"@context\":\"https:\/\/schema.org\",\"@graph\":[{\"@type\":\"WebPage\",\"@id\":\"https:\/\/www.gemeinde-untermarchtal.de\/\",\"url\":\"https:\/\/www.gemeinde-untermarchtal.de\/\",\"name\":\"Gemeinde Untermarchtal | Startseite\",\"isPartOf\":{\"@id\":\"https:\/\/www.gemeinde-untermarchtal.de\/#website\"},\"datePublished\":\"2016-08-30T16:54:04+00:00\",\"dateModified\":\"2026-04-13T07:14:13+00:00\",\"description\":\"Gemeinde Untermarchtal B\u00fcrgerservice, Termine, sowie touristische Informationen. Untermarchtal bietet Wanderern und Radfahrern eine beeindruckende Natur...\",\"breadcrumb\":{\"@id\":\"https:\/\/www.gemeinde-untermarchtal.de\/#breadcrumb\"},\"inLanguage\":\"de\",\"potentialAction\":[{\"@type\":\"ReadAction\",\"target\":[\"https:\/\/www.gemeinde-untermarchtal.de\/\"]}]},{\"@type\":\"BreadcrumbList\",\"@id\":\"https:\/\/www.gemeinde-untermarchtal.de\/#breadcrumb\",\"itemListElement\":[{\"@type\":\"ListItem\",\"position\":1,\"name\":\"Startseite\",\"item\":\"https:\/\/www.gemeinde-untermarchtal.de\/\"},{\"@type\":\"ListItem\",\"position\":2,\"name\":\"Herzlich Willkommen in Untermarchtal,\"}]},{\"@type\":\"WebSite\",\"@id\":\"https:\/\/www.gemeinde-untermarchtal.de\/#website\",\"url\":\"https:\/\/www.gemeinde-untermarchtal.de\/\",\"name\":\"Gemeinde Untermarchtal\",\"description\":\"Gemeinde Untermarchtal\",\"potentialAction\":[{\"@type\":\"SearchAction\",\"target\":{\"@type\":\"EntryPoint\",\"urlTemplate\":\"https:\/\/www.gemeinde-untermarchtal.de\/?s={search_term_string}\"},\"query-input\":{\"@type\":\"PropertyValueSpecification\",\"valueRequired\":true,\"valueName\":\"search_term_string\"}}],\"inLanguage\":\"de\"}]}<\/script>\n<!-- \/ Yoast SEO plugin. -->","yoast_head_json":{"title":"Gemeinde Untermarchtal | Startseite","description":"Gemeinde Untermarchtal B\u00fcrgerservice, Termine, sowie touristische Informationen. Untermarchtal bietet Wanderern und Radfahrern eine beeindruckende Natur...","robots":{"index":"index","follow":"follow","max-snippet":"max-snippet:-1","max-image-preview":"max-image-preview:large","max-video-preview":"max-video-preview:-1"},"canonical":"https:\/\/www.gemeinde-untermarchtal.de\/","og_locale":"de_DE","og_type":"article","og_title":"Gemeinde Untermarchtal | Startseite","og_description":"Gemeinde Untermarchtal B\u00fcrgerservice, Termine, sowie touristische Informationen. Untermarchtal bietet Wanderern und Radfahrern eine beeindruckende Natur...","og_url":"https:\/\/www.gemeinde-untermarchtal.de\/","og_site_name":"Gemeinde Untermarchtal","article_modified_time":"2026-04-13T07:14:13+00:00","twitter_card":"summary_large_image","twitter_misc":{"Gesch\u00e4tzte Lesezeit":"1\u00a0Minute"},"schema":{"@context":"https:\/\/schema.org","@graph":[{"@type":"WebPage","@id":"https:\/\/www.gemeinde-untermarchtal.de\/","url":"https:\/\/www.gemeinde-untermarchtal.de\/","name":"Gemeinde Untermarchtal | Startseite","isPartOf":{"@id":"https:\/\/www.gemeinde-untermarchtal.de\/#website"},"datePublished":"2016-08-30T16:54:04+00:00","dateModified":"2026-04-13T07:14:13+00:00","description":"Gemeinde Untermarchtal B\u00fcrgerservice, Termine, sowie touristische Informationen. Untermarchtal bietet Wanderern und Radfahrern eine beeindruckende Natur...","breadcrumb":{"@id":"https:\/\/www.gemeinde-untermarchtal.de\/#breadcrumb"},"inLanguage":"de","potentialAction":[{"@type":"ReadAction","target":["https:\/\/www.gemeinde-untermarchtal.de\/"]}]},{"@type":"BreadcrumbList","@id":"https:\/\/www.gemeinde-untermarchtal.de\/#breadcrumb","itemListElement":[{"@type":"ListItem","position":1,"name":"Startseite","item":"https:\/\/www.gemeinde-untermarchtal.de\/"},{"@type":"ListItem","position":2,"name":"Herzlich Willkommen in Untermarchtal,"}]},{"@type":"WebSite","@id":"https:\/\/www.gemeinde-untermarchtal.de\/#website","url":"https:\/\/www.gemeinde-untermarchtal.de\/","name":"Gemeinde Untermarchtal","description":"Gemeinde Untermarchtal","potentialAction":[{"@type":"SearchAction","target":{"@type":"EntryPoint","urlTemplate":"https:\/\/www.gemeinde-untermarchtal.de\/?s={search_term_string}"},"query-input":{"@type":"PropertyValueSpecification","valueRequired":true,"valueName":"search_term_string"}}],"inLanguage":"de"}]}},"_links":{"self":[{"href":"https:\/\/www.gemeinde-untermarchtal.de\/index.php\/wp-json\/wp\/v2\/pages\/5","targetHints":{"allow":["GET"]}}],"collection":[{"href":"https:\/\/www.gemeinde-untermarchtal.de\/index.php\/wp-json\/wp\/v2\/pages"}],"about":[{"href":"https:\/\/www.gemeinde-untermarchtal.de\/index.php\/wp-json\/wp\/v2\/types\/page"}],"author":[{"embeddable":true,"href":"https:\/\/www.gemeinde-untermarchtal.de\/index.php\/wp-json\/wp\/v2\/users\/1"}],"replies":[{"embeddable":true,"href":"https:\/\/www.gemeinde-untermarchtal.de\/index.php\/wp-json\/wp\/v2\/comments?post=5"}],"version-history":[{"count":927,"href":"https:\/\/www.gemeinde-untermarchtal.de\/index.php\/wp-json\/wp\/v2\/pages\/5\/revisions"}],"predecessor-version":[{"id":5492,"href":"https:\/\/www.gemeinde-untermarchtal.de\/index.php\/wp-json\/wp\/v2\/pages\/5\/revisions\/5492"}],"wp:attachment":[{"href":"https:\/\/www.gemeinde-untermarchtal.de\/index.php\/wp-json\/wp\/v2\/media?parent=5"}],"curies":[{"name":"wp","href":"https:\/\/api.w.org\/{rel}","templated":true}]}}